000
CXUS54 KFWD 010830
CF6INJ
PRELIMINARY LOCAL CLIMATOLOGICAL DATA (WS FORM: F-6)
STATION: HILLSBORO
MONTH: NOVEMBER
YEAR: 2022
LATITUDE: 32 0 N
LONGITUDE: 97 6 W
TEMPERATURE IN F: :PCPN: SNOW: WIND :SUNSHINE: SKY :PK WND
================================================================================
1 2 3 4 5 6A 6B 7 8 9 10 11 12 13 14 15 16 17 18
12Z AVG MX 2MIN
DY MAX MIN AVG DEP HDD CDD WTR SNW DPTH SPD SPD DIR MIN PSBL S-S WX SPD DR
================================================================================
1 78 56 67 4 0 2 0.00 M M 4.1 10 130 M M 2 M M
2 76 58 67 5 0 2 0.00 M M 7.0 13 180 M M 7 12 M M
3 81 65 73 11 0 8 0.00 M M 12.9 22 180 M M 8 1 29 180
4 81 49 65 3 0 0 0.54 M M 17.6 31 310 M M 8 13 47 190
5 65 45 55 -6 10 0 0.00 M M 8.1 14 170 M M 0 18 150
6 82 54 68 7 0 3 0.00 M M 10.8 17 200 M M 0 23 180
7 77 70 74 14 0 9 0.00 M M 7.1 12 150 M M 8 1 M M
8 81 67 74 14 0 9 0.00 M M 7.4 15 170 M M 4 1 21 170
9 81 65 73 13 0 8 0.00 M M 10.2 20 160 M M 4 26 150
10 75 64 70 11 0 5 0.00 M M 9.0 14 160 M M 7 1 22 160
11 69 38 54 -5 11 0 0.30 M M 14.7 22 340 M M 7 32 10
12 52 34 43 -15 22 0 0.00 M M 9.1 17 340 M M 0 22 340
13 55 30 43 -15 22 0 0.00 M M 4.7 8 110 M M 0 M M
14 47 43 45 -13 20 0 0.30 M M 9.7 17 90 M M 9 23 330
15 49 38 44 -13 21 0 0.00 M M 9.5 17 320 M M 6 24 340
16 55 38 47 -10 18 0 0.00 M M 2.3 9 360 M M 7 8 M M
17 60 38 49 -7 16 0 0.00 M M 2.7 9 80 M M 1 8 M M
18 57 37 47 -9 18 0 0.00 M M 5.5 15 360 M M 6 22 360
19 42 33 38 -17 27 0 0.00 M M 7.8 14 360 M M 7 18 360
20 49 29 39 -16 26 0 T M M 1.7 6 360 M M 5 M M
21 50 42 46 -9 19 0 0.00 M M 2.7 7 180 M M 10 M M
22 60 45 53 -1 12 0 0.00 M M 1.6 6 240 M M 10 1 M M
23 59 51 55 1 10 0 0.39 M M 3.8 9 140 M M 10 3 M M
24 62 55 59 6 6 0 0.70 M M 5.8 21 40 M M 10 13 22 40
25 57 52 55 2 10 0 0.00 M M 9.9 16 10 M M 10 1 21 10
26 57 46 52 -1 13 0 1.07 M M 9.5 18 250 M M 9 1 25 250
27 64 40 52 0 13 0 0.00 M M 3.7 13 330 M M 0 M M
28 69 39 54 2 11 0 0.00 M M 7.8 17 170 M M 1 22 170
29 81 45 63 11 2 0 0.00 M M 11.9 28 340 M M 5 1 36 340
30 52 34 43 -8 22 0 0.00 M M 11.3 22 350 M M 0 29 350
================================================================================
SM 1923 1400 329 46 3.30 M 230.1 M 161
================================================================================
AV 64.1 46.7 7.7 FASTST M M 5 MAX(MPH)
MISC ----> 31 310 47 190
================================================================================
NOTES:
# LAST OF SEVERAL OCCURRENCES
COLUMN 17 PEAK WIND IN M.P.H.
PRELIMINARY LOCAL CLIMATOLOGICAL DATA (WS FORM: F-6) , PAGE 2
STATION: HILLSBORO
MONTH: NOVEMBER
YEAR: 2022
LATITUDE: 32 0 N
LONGITUDE: 97 6 W
[TEMPERATURE DATA] [PRECIPITATION DATA] SYMBOLS USED IN COLUMN 16
AVERAGE MONTHLY: 55.4 TOTAL FOR MONTH: 3.30 1 = FOG OR MIST
DPTR FM NORMAL: -1.5 DPTR FM NORMAL: 0.46 2 = FOG REDUCING VISIBILITY
HIGHEST: 82 ON 6 GRTST 24HR 1.07 ON 26-26 TO 1/4 MILE OR LESS
LOWEST: 29 ON 20 3 = THUNDER
SNOW, ICE PELLETS, HAIL 4 = ICE PELLETS
TOTAL MONTH: M 5 = HAIL
GRTST 24HR M ON M 6 = FREEZING RAIN OR DRIZZLE
GRTST DEPTH: M ON M 7 = DUSTSTORM OR SANDSTORM:
VSBY 1/2 MILE OR LESS
8 = SMOKE OR HAZE
[NO. OF DAYS WITH] [WEATHER - DAYS WITH] 9 = BLOWING SNOW
X = TORNADO
MAX 32 OR BELOW: 0 0.01 INCH OR MORE: 6
MAX 90 OR ABOVE: 0 0.10 INCH OR MORE: 6
MIN 32 OR BELOW: 2 0.50 INCH OR MORE: 3
MIN 0 OR BELOW: 0 1.00 INCH OR MORE: 1
[HDD (BASE 65) ]
TOTAL THIS MO. 329 CLEAR (SCALE 0-3) 9
DPTR FM NORMAL 57 PTCLDY (SCALE 4-7) 14
TOTAL FM JUL 1 382 CLOUDY (SCALE 8-10) 7
DPTR FM NORMAL 36
[CDD (BASE 65) ]
TOTAL THIS MO. 46
DPTR FM NORMAL 17 [PRESSURE DATA]
TOTAL FM JAN 1 3215 HIGHEST SLP M ON M
DPTR FM NORMAL 677 LOWEST SLP M ON M
[REMARKS]
#FINAL-11-22#