000
CXUS53 KDLH 160644
CF6INL
PRELIMINARY LOCAL CLIMATOLOGICAL DATA (WS FORM: F-6)
STATION: INTERNATIONAL FALLS
MONTH: FEBRUARY
YEAR: 2021
LATITUDE: 48 34 N
LONGITUDE: 93 23 W
TEMPERATURE IN F: :PCPN: SNOW: WIND :SUNSHINE: SKY :PK WND
================================================================================
1 2 3 4 5 6A 6B 7 8 9 10 11 12 13 14 15 16 17 18
12Z AVG MX 2MIN
DY MAX MIN AVG DEP HDD CDD WTR SNW DPTH SPD SPD DIR MIN PSBL S-S WX SPD DR
================================================================================
1 23 19 21 16 44 0 T T 14 5.0 12 300 M M 10 8 15 300
2 24 18 21 15 44 0 0.00 0.0 14 8.3 15 120 M M 7 20 160
3 35 18 27 21 38 0 0.00 0.0 13 6.7 13 140 M M 5 8 22 160
4 28 1 15 9 50 0 0.06 1.1 14 11.6 22 320 M M 10 18 33 260
5 3 -9 -3 -9 68 0 0.01 T 14 15.4 25 320 M M 9 89 33 330
6 -9 -21 -15 -21 80 0 T T 13 13.6 22 290 M M 6 8 30 260
7 -11 -30 -20 -27 85 0 0.00 0.0 13 8.6 17 290 M M 0 25 280
8 -7 -38 -22 -29 87 0 0.00 0.0 13 8.4 18 250 M M 0 30 230
9 -6 -22 -14 -21 79 0 0.00 0.0 13 8.1 16 260 M M 4 8 26 250
10 -5 -30 -17 -25 82 0 T T 13 5.9 13 300 M M 4 8 19 230
11 -9 -36 -22 -30 87 0 T T 13 2.7 12 290 M M 3 8 19 290
12 -9 -38 -23 -31 88 0 T T 13 1.9 9 280 M M 6 8 12 290
13 -10 -42 -26 -35 91 0 T T 13 3.5 13 300 M M 4 18 18 310
14 -7 -35 -21 -30 86 0 0.00 0.0 13 5.9 13 290 M M 1 19 260
15 5 -39 -17 -26 82 0 0.00 0.0 13 1.2 8 280 M M 0 8 12 240
16 10 -36 -13 -23 78 0 0.00 0.0 13 0.4 6 280 M M 0 128 9 280
17 15 -28 -6 -16 71 0 0.00 0.0 13 2.4 12 220 M M 2 8 16 200
18 17 -19 -1 -11 66 0 T T 13 1.5 8 290 M M 4 128 11 280
19 19 -21 -1 -12 66 0 0.00 0.0 13 1.0 8 300 M M 1 18 11 290
20 29 -15 7 -4 58 0 0.00 0.0 13 6.2 16 200 M M 1 25 170
21 36 6 21 9 44 0 0.00 0.0 13 4.7 10 200 M M 1 18 17 200
22 46 26 36 24 29 0 0.00 0.0 13 11.3 23 290 M M 5 1 32 280
23 39 28 34 21 31 0 0.00 0.0 12 7.8 16 300 M M 8 23 300
24 30 13 22 9 43 0 0.02 0.5 13 6.9 14 320 M M 4 1 19 350
25 34 15 25 11 40 0 0.03 0.7 13 6.8 14 190 M M 6 1 26 150
26 41 31 36 22 29 0 0.02 0.5 13 10.6 22 210 M M 4 1 39 210
27 32 16 24 9 41 0 0.00 0.0 13 6.4 15 320 M M 9 20 320
28 19 3 11 -4 54 0 T T 13 9.5 21 320 M M 7 18 29 310
================================================================================
SM 412 -265 1741 0 0.14 2.8 182.3 M 121
================================================================================
AV 14.7 -9.5 6.5 FASTST M M 4 MAX(MPH)
MISC ----> 25 320 39 210
================================================================================
NOTES:
# LAST OF SEVERAL OCCURRENCES
COLUMN 17 PEAK WIND IN M.P.H.
PRELIMINARY LOCAL CLIMATOLOGICAL DATA (WS FORM: F-6) , PAGE 2
STATION: INTERNATIONAL FALLS
MONTH: FEBRUARY
YEAR: 2021
LATITUDE: 48 34 N
LONGITUDE: 93 23 W
[TEMPERATURE DATA] [PRECIPITATION DATA] SYMBOLS USED IN COLUMN 16
AVERAGE MONTHLY: 2.6 TOTAL FOR MONTH: 0.14 1 = FOG OR MIST
DPTR FM NORMAL: -6.9 DPTR FM NORMAL: -0.55 2 = FOG REDUCING VISIBILITY
HIGHEST: 46 ON 22 GRTST 24HR 0.06 ON 4- 4 TO 1/4 MILE OR LESS
LOWEST: -42 ON 13 3 = THUNDER
SNOW, ICE PELLETS, HAIL 4 = ICE PELLETS
TOTAL MONTH: 4.4 INCHES 5 = HAIL
GRTST 24HR 1.1 ON 4- 4 6 = FREEZING RAIN OR DRIZZLE
GRTST DEPTH: 14 ON 5, 4 7 = DUSTSTORM OR SANDSTORM:
VSBY 1/2 MILE OR LESS
8 = SMOKE OR HAZE
[NO. OF DAYS WITH] [WEATHER - DAYS WITH] 9 = BLOWING SNOW
X = TORNADO
MAX 32 OR BELOW: 22 0.01 INCH OR MORE: 5
MAX 90 OR ABOVE: 0 0.10 INCH OR MORE: 0
MIN 32 OR BELOW: 28 0.50 INCH OR MORE: 0
MIN 0 OR BELOW: 16 1.00 INCH OR MORE: 0
[HDD (BASE 65) ]
TOTAL THIS MO. 1741 CLEAR (SCALE 0-3) 10
DPTR FM NORMAL 189 PTCLDY (SCALE 4-7) 13
TOTAL FM JUL 1 7106 CLOUDY (SCALE 8-10) 5
DPTR FM NORMAL -387
[CDD (BASE 65) ]
TOTAL THIS MO. 0
DPTR FM NORMAL 0 [PRESSURE DATA]
TOTAL FM JAN 1 0 HIGHEST SLP 30.74 ON 14
DPTR FM NORMAL 0 LOWEST SLP 29.21 ON 22
[REMARKS]
#FINAL-02-21#