000
CXUS53 KDLH 042236
CLSINL
CLIMATE REPORT
NATIONAL WEATHER SERVICE DULUTH MN
436 PM CST MON DEC 04 2023
...................................
...THE INTERNATIONAL FALLS CLIMATE SUMMARY FOR THE SEASON, FROM
9/1/2023 TO 11/30/2023...
CLIMATE NORMAL PERIOD: 1991 TO 2020
CLIMATE RECORD PERIOD: 1895 TO 2023
WEATHER OBSERVED NORMAL DEPART LAST YEAR`S
VALUE DATE(S) VALUE FROM VALUE DATE(S)
NORMAL
................................................................
TEMPERATURE (F)
RECORD
HIGH 96 09/07/1906
LOW -32 11/28/1985
HIGHEST 90 09/02 MM MM 86
LOWEST -6 11/28 MM MM -1
AVG. MAXIMUM MM 50.7 MM 52.6
AVG. MINIMUM MM 30.4 MM 32.7
MEAN MM 40.5 MM 42.6
PRECIPITATION (INCHES)
RECORD
MAXIMUM 12.39 2019
MINIMUM 1.79 1952
TOTALS 7.24 6.61 0.63 4.51
SNOWFALL (INCHES)
RECORDS
TOTAL 33.5 1955
SNOW DEPTH 26 11/29/1965
11/28/1965
TOTALS 9.3 13.8 -4.5 15.5
SINCE 7/1 9.3 13.8 -4.5
SNOWDEPTH AVG. 0 1
DAYS >= TRACE 21 12.6 8.4 23
DAYS >= 1.0 3 4.6 -1.6 7
GREATEST
SNOW DEPTH 3 10/27 7 11/19
10/31
DEGREE DAYS
HEATING TOTAL 1587 2239 -652 2020
COOLING TOTAL 62 13 49 14
................................................................
WIND (MPH)
AVERAGE WIND SPEED MM
HIGHEST WIND SPEED/DIRECTION MM MM
HIGHEST GUST SPEED/DIRECTION MM MM
SKY COVER
POSSIBLE SUNSHINE (PERCENT) MM
- INDICATES NEGATIVE NUMBERS.
R INDICATES RECORD WAS SET OR TIED.
MM INDICATES DATA IS MISSING.
T INDICATES TRACE AMOUNT.
$$
NOTE: MOST DATA ARE SET TO MISSING FOR THIS SEASON DUE TO A LONG-TERM DATA OUTAGE AT THE SITE FROM 10/16 THROUGH 10/29. PRECIPITATION DATA WAS SUBSTITUTED IN ON THESE DATES FROM THE INTERNATIONAL FALLS SNOW OBSERVATION SITE.