000
CXUS55 KPSR 011005
CF6IPL
PRELIMINARY LOCAL CLIMATOLOGICAL DATA (WS FORM: F-6)
STATION: IMPERIAL CA
MONTH: NOVEMBER
YEAR: 2022
LATITUDE: 32 50 N
LONGITUDE: 115 35 W
TEMPERATURE IN F: :PCPN: SNOW: WIND :SUNSHINE: SKY :PK WND
================================================================================
1 2 3 4 5 6A 6B 7 8 9 10 11 12 13 14 15 16 17 18
12Z AVG MX 2MIN
DY MAX MIN AVG DEP HDD CDD WTR SNW DPTH SPD SPD DIR MIN PSBL S-S WX SPD DR
================================================================================
1 86 57 72 3 0 7 0.00 M M 6.4 16 290 M M 0 23 280
2 75 59 67 -2 0 2 0.00 M M 17.6 29 260 M M 0 40 250
3 68 50 59 -9 6 0 T M M 13.0 26 260 M M 1 36 290
4 71 46 59 -9 6 0 0.00 M M 5.2 14 350 M M 0 19 350
5 76 46 61 -7 4 0 0.00 M M 3.2 9 120 M M 0 12 120
6 77 47 62 -5 3 0 0.00 M M 1.9 8 240 M M 0 11 160
7 81 55 68 1 0 3 0.00 M M 9.0 21 270 M M 0 28 260
8 84 61 73 7 0 8 0.07 M M 12.1 25 220 M M 3 1 35 220
9 70 50 60 -6 5 0 0.00 M M 10.2 23 210 M M 4 31 210
10 71 43 57 -9 8 0 0.00 M M 6.0 13 360 M M 0 18 350
11 70 42 56 -9 9 0 0.00 M M 5.7 14 350 M M 0 17 350
12 71 40 56 -9 9 0 0.00 M M 4.9 8 90 M M 0 14 120
13 70 43 57 -7 8 0 0.00 M M 8.1 21 330 M M 0 30 330
14 70 43 57 -7 8 0 0.00 M M 3.6 10 350 M M 0 14 350
15 70 41 56 -8 9 0 0.00 M M 4.5 13 330 M M 0 17 360
16 70 43 57 -6 8 0 0.00 M M 8.8 20 350 M M 0 31 10
17 71 40 56 -7 9 0 0.00 M M 4.8 9 330 M M 0 13 350
18 74 39 57 -5 8 0 0.00 M M 3.4 10 260 M M 0 12 260
19 71 41 56 -6 9 0 0.00 M M 7.4 18 360 M M 0 25 350
20 74 41 58 -4 7 0 0.00 M M 5.2 10 360 M M 0 17 320
21 72 42 57 -4 8 0 0.00 M M 3.4 8 260 M M 0 10 310
22 73 40 57 -4 8 0 0.00 M M 4.9 10 350 M M 0 13 350
23 75 40 58 -2 7 0 0.00 M M 3.2 8 260 M M 0 17 250
24 74 45 60 0 5 0 0.00 M M 10.1 24 30 M M 0 32 30
25 73 42 58 -2 7 0 0.00 M M 5.1 9 260 M M 0 13 250
26 72 41 57 -2 8 0 0.00 M M 3.0 9 260 M M 0 11 120
27 74 42 58 -1 7 0 0.00 M M 2.9 8 40 M M 0 14 30
28 74 45 60 2 5 0 0.00 M M 11.7 29 260 M M 0 8 40 260
29 70 48 59 1 6 0 0.00 M M 7.5 25 270 M M 0 35 260
30 70 42 56 -2 9 0 0.00 M M 3.0 9 260 M M 0 13 80
================================================================================
SM 2197 1354 186 20 0.07 M 195.8 M 8
================================================================================
AV 73.2 45.1 6.5 FASTST M M 0 MAX(MPH)
MISC ----> # 29 260 # 40 250
================================================================================
NOTES:
# LAST OF SEVERAL OCCURRENCES
COLUMN 17 PEAK WIND IN M.P.H.
PRELIMINARY LOCAL CLIMATOLOGICAL DATA (WS FORM: F-6) , PAGE 2
STATION: IMPERIAL CA
MONTH: NOVEMBER
YEAR: 2022
LATITUDE: 32 50 N
LONGITUDE: 115 35 W
[TEMPERATURE DATA] [PRECIPITATION DATA] SYMBOLS USED IN COLUMN 16
AVERAGE MONTHLY: 59.2 TOTAL FOR MONTH: 0.07 1 = FOG OR MIST
DPTR FM NORMAL: -4.1 DPTR FM NORMAL: -0.11 2 = FOG REDUCING VISIBILITY
HIGHEST: 86 ON 1 GRTST 24HR 0.07 ON 8- 8 TO 1/4 MILE OR LESS
LOWEST: 39 ON 18 3 = THUNDER
SNOW, ICE PELLETS, HAIL 4 = ICE PELLETS
TOTAL MONTH: M 5 = HAIL
GRTST 24HR M ON M 6 = FREEZING RAIN OR DRIZZLE
GRTST DEPTH: M ON M 7 = DUSTSTORM OR SANDSTORM:
VSBY 1/2 MILE OR LESS
8 = SMOKE OR HAZE
[NO. OF DAYS WITH] [WEATHER - DAYS WITH] 9 = BLOWING SNOW
X = TORNADO
MAX 32 OR BELOW: 0 0.01 INCH OR MORE: 1
MAX 90 OR ABOVE: 0 0.10 INCH OR MORE: 0
MIN 32 OR BELOW: 0 0.50 INCH OR MORE: 0
MIN 0 OR BELOW: 0 1.00 INCH OR MORE: 0
[HDD (BASE 65) ]
TOTAL THIS MO. 186 CLEAR (SCALE 0-3) 28
DPTR FM NORMAL 78 PTCLDY (SCALE 4-7) 2
TOTAL FM JUL 1 189 CLOUDY (SCALE 8-10) 0
DPTR FM NORMAL 73
[CDD (BASE 65) ]
TOTAL THIS MO. 20
DPTR FM NORMAL -39 [PRESSURE DATA]
TOTAL FM JAN 1 4533 HIGHEST SLP M ON M
DPTR FM NORMAL 372 LOWEST SLP 29.73 ON 28
[REMARKS]
#FINAL-11-22#