000
CXUS53 KBIS 020621
CF6ISN
PRELIMINARY LOCAL CLIMATOLOGICAL DATA (WS FORM: F-6)
STATION: WILLISTON ND
MONTH: NOVEMBER
YEAR: 2019
LATITUDE: 48 10 N
LONGITUDE: 103 38 W
TEMPERATURE IN F: :PCPN: SNOW: WIND :SUNSHINE: SKY :PK WND
================================================================================
1 2 3 4 5 6A 6B 7 8 9 10 11 12 13 14 15 16 17 18
12Z AVG MX 2MIN
DY MAX MIN AVG DEP HDD CDD WTR SNW DPTH SPD SPD DIR MIN PSBL S-S WX SPD DR
================================================================================
1 38 25 32 -3 33 0 T M M M M M 0 0 0 0 0
2 42 24 33 -2 32 0 0.00 M M M M M 0 0 0 0 0
3 41 29 35 1 30 0 T M M M 23 320 M M M 36 320
4 30 15 23 -11 42 0 0.01 M M M 23 320 M M M 37 340
5 32 16 24 -9 41 0 0.02 M M M 23 350 M M 0 43 20
6 18 5 12 -21 53 0 T M M M 18 320 M M 0 32 10
7 27 5 16 -16 49 0 0.00 M M M M M 0 0 0 0 0
8 48 18 33 2 32 0 0.00 M M M M M 0 0 0 0 0
9 43 15 29 -2 36 0 T M M M M M 0 0 0 0 0
10 15 -1 7 -23 58 0 0.07 M M M M M 0 0 0 0 0
11 9 -9 0 -30 65 0 0.00 M M M M M 0 0 0 0 0
12 31 2 17 -12 48 0 0.00 M M M M M 0 0 0 0 0
13 32 20 26 -2 39 0 0.00 M M M M M 0 0 0 0 0
14 45 27 36 8 29 0 0.00 M M M M M 0 0 0 0 0
15 50 24 37 10 28 0 0.00 M M M M M 0 0 0 0 0
16 41 34 38 11 27 0 0.00 M M M M M 0 0 0 0 0
17 44 23 34 8 31 0 0.00 M M M M M 0 0 0 0 0
18 52 38 45 19 20 0 0.01 M M M M M 0 0 0 0 0
19 40 25 33 8 32 0 0.00 M M M M M 0 0 0 0 0
20 33 14 24 0 41 0 0.03 M M M M M 0 0 0 0 0
21 31 11 21 -3 44 0 0.00 M M 8.1 M M 0 0 0 20 260
22 41 20 31 8 34 0 0.00 M M M M M M M M M M
23 44 27 36 13 29 0 0.00 M M 13.6 23 260 M M 0 34 280
24 50 33 42 20 23 0 T M M 18.0 38 280 0 0 M 57 280
25 34 27 31 9 34 0 0.04 M M M M M 0 0 0 0 0
26 30 20 25 4 40 0 0.03 M M M M M 0 0 0 0 0
27 25 17 21 0 44 0 0.00 M M M M M 0 0 0 0 0
28 24 20 22 2 43 0 0.00 M M M M M 0 0 0 0 0
29 28 24 26 6 39 0 T M M M M M 0 0 0 0 0
30 26 16 21 2 44 0 0.01 M M M M M 0 0 0 0 0
================================================================================
SM 1044 564 1140 0 0.22 M 39.7 0 0
================================================================================
AV 34.8 18.8 13.2 FASTST 0 0 0 MAX(MPH)
MISC ----> # 38 280 # 57 280
================================================================================
NOTES:
# LAST OF SEVERAL OCCURRENCES
COLUMN 17 PEAK WIND IN M.P.H.
PRELIMINARY LOCAL CLIMATOLOGICAL DATA (WS FORM: F-6) , PAGE 2
STATION: WILLISTON ND
MONTH: NOVEMBER
YEAR: 2019
LATITUDE: 48 10 N
LONGITUDE: 103 38 W
[TEMPERATURE DATA] [PRECIPITATION DATA] SYMBOLS USED IN COLUMN 16
AVERAGE MONTHLY: 26.8 TOTAL FOR MONTH: 0.22 1 = FOG OR MIST
DPTR FM NORMAL: -0.3 DPTR FM NORMAL: -0.43 2 = FOG REDUCING VISIBILITY
HIGHEST: 52 ON 18 GRTST 24HR 0.07 ON 10-10 TO 1/4 MILE OR LESS
LOWEST: -9 ON 11 3 = THUNDER
SNOW, ICE PELLETS, HAIL 4 = ICE PELLETS
TOTAL MONTH: M 5 = HAIL
GRTST 24HR M ON M 6 = FREEZING RAIN OR DRIZZLE
GRTST DEPTH: M ON M 7 = DUSTSTORM OR SANDSTORM:
VSBY 1/2 MILE OR LESS
8 = SMOKE OR HAZE
[NO. OF DAYS WITH] [WEATHER - DAYS WITH] 9 = BLOWING SNOW
X = TORNADO
MAX 32 OR BELOW: 14 0.01 INCH OR MORE: 8
MAX 90 OR ABOVE: 0 0.10 INCH OR MORE: 0
MIN 32 OR BELOW: 27 0.50 INCH OR MORE: 0
MIN 0 OR BELOW: 2 1.00 INCH OR MORE: 0
[HDD (BASE 65) ]
TOTAL THIS MO. 1140 CLEAR (SCALE 0-3) 26
DPTR FM NORMAL 5 PTCLDY (SCALE 4-7) 0
TOTAL FM JUL 1 2099 CLOUDY (SCALE 8-10) 0
DPTR FM NORMAL -63
[CDD (BASE 65) ]
TOTAL THIS MO. 0
DPTR FM NORMAL 0 [PRESSURE DATA]
TOTAL FM JAN 1 397 HIGHEST SLP 30.80 ON 11
DPTR FM NORMAL -59 LOWEST SLP 29.33 ON 24
[REMARKS]
#FINAL-11-19#