034
CXUS51 KOKX 010702
CF6ISP
PRELIMINARY LOCAL CLIMATOLOGICAL DATA (WS FORM: F-6)
STATION: ISLIP NY
MONTH: OCTOBER
YEAR: 2020
LATITUDE: 40 47 N
LONGITUDE: 73 6 W
TEMPERATURE IN F: :PCPN: SNOW: WIND :SUNSHINE: SKY :PK WND
================================================================================
1 2 3 4 5 6A 6B 7 8 9 10 11 12 13 14 15 16 17 18
12Z AVG MX 2MIN
DY MAX MIN AVG DEP HDD CDD WTR SNW DPTH SPD SPD DIR MIN PSBL S-S WX SPD DR
================================================================================
1 74 61 68 8 0 3 0.00 0.0 0 8.4 18 170 M M 3 23 170
2 65 50 58 -1 7 0 T 0.0 0 7.2 15 300 M M 6 21 280
3 68 48 58 -1 7 0 0.00 0.0 0 4.2 14 220 M M 2 17 210
4 67 45 56 -2 9 0 0.00 0.0 0 5.4 13 90 M M 5 17 110
5 68 52 60 2 5 0 0.00 0.0 0 6.4 15 50 M M 7 19 40
6 69 49 59 1 6 0 0.01 0.0 0 6.6 16 210 M M 2 22 200
7 75 60 68 11 0 3 0.03 0.0 0 13.3 30 330 M M 5 38 320
8 66 45 56 -1 9 0 0.00 0.0 0 12.1 24 290 M M 1 32 290
9 65 43 54 -2 11 0 0.00 0.0 0 6.1 14 230 M M 2 18 210
10 69 58 64 8 1 0 0.00 0.0 0 13.7 25 230 M M 5 33 220
11 66 56 61 5 4 0 T 0.0 0 8.8 18 90 M M 8 1 23 30
12 57 51 54 -1 11 0 1.23 0.0 0 12.3 18 60 M M 10 1 26 50
13 62 53 58 3 7 0 0.37 0.0 0 12.5 23 40 M M 9 1 28 40
14 67 45 56 1 9 0 0.00 0.0 0 6.8 16 210 M M 1 20 210
15 69 47 58 4 7 0 0.00 0.0 0 11.0 26 180 M M 5 1 33 180
16 66 49 58 4 7 0 0.59 0.0 0 12.0 22 340 M M 9 1 29 340
17 60 40 50 -4 15 0 0.33 0.0 0 9.3 22 320 M M 3 1 26 330
18 63 39 51 -2 14 0 0.00 0.0 0 6.1 20 130 M M 4 23 130
19 66 47 57 4 8 0 0.00 0.0 0 4.7 14 160 M M 6 18 160
20 69 53 61 8 4 0 0.28 0.0 0 2.3 9 130 M M 8 12 12 140
21 71 60 66 14 0 1 T 0.0 0 5.2 10 190 M M 10 12 15 170
22 73 61 67 15 0 2 0.00 0.0 0 3.2 9 160 M M 9 18 11 160
23 65 62 64 12 1 0 0.02 0.0 0 5.4 9 150 M M 10 1 13 130
24 68 50 59 7 6 0 T 0.0 0 9.6 17 350 M M 9 24 350
25 54 45 50 -1 15 0 T 0.0 0 9.2 18 30 M M 9 23 30
26 58 51 55 4 10 0 0.04 0.0 0 7.0 18 110 M M 10 12 24 110
27 60 53 57 6 8 0 0.00 0.0 0 5.0 15 330 M M 9 12 21 320
28 58 51 55 5 10 0 0.17 0.0 0 4.1 13 320 M M 10 1 16 330
29 55 46 51 1 14 0 1.24 0.0 0 11.5 28 40 M M 9 1 36 30
30 46 34 40 -10 25 0 0.58 T 0 13.9 30 30 M M 9 14 39 30
31 47 29 38 -12 27 0 0.00 0.0 0 4.5 12 160 M M 3 16 170
================================================================================
SM 1986 1533 257 9 4.89 T 247.8 M 198
================================================================================
AV 64.1 49.5 8.0 FASTST M M 6 MAX(MPH)
MISC ----> # 30 330 # 39 30
================================================================================
NOTES:
# LAST OF SEVERAL OCCURRENCES
COLUMN 17 PEAK WIND IN M.P.H.
PRELIMINARY LOCAL CLIMATOLOGICAL DATA (WS FORM: F-6) , PAGE 2
STATION: ISLIP NY
MONTH: OCTOBER
YEAR: 2020
LATITUDE: 40 47 N
LONGITUDE: 73 6 W
[TEMPERATURE DATA] [PRECIPITATION DATA] SYMBOLS USED IN COLUMN 16
AVERAGE MONTHLY: 56.8 TOTAL FOR MONTH: 4.89 1 = FOG OR MIST
DPTR FM NORMAL: 2.5 DPTR FM NORMAL: 1.10 2 = FOG REDUCING VISIBILITY
HIGHEST: 75 ON 7 GRTST 24HR 1.24 ON 29-29 TO 1/4 MILE OR LESS
LOWEST: 29 ON 31 3 = THUNDER
SNOW, ICE PELLETS, HAIL 4 = ICE PELLETS
TOTAL MONTH: T 5 = HAIL
GRTST 24HR T ON 30-30 6 = FREEZING RAIN OR DRIZZLE
GRTST DEPTH: 0 7 = DUSTSTORM OR SANDSTORM:
VSBY 1/2 MILE OR LESS
8 = SMOKE OR HAZE
[NO. OF DAYS WITH] [WEATHER - DAYS WITH] 9 = BLOWING SNOW
X = TORNADO
MAX 32 OR BELOW: 0 0.01 INCH OR MORE: 12
MAX 90 OR ABOVE: 0 0.10 INCH OR MORE: 8
MIN 32 OR BELOW: 1 0.50 INCH OR MORE: 4
MIN 0 OR BELOW: 0 1.00 INCH OR MORE: 2
[HDD (BASE 65) ]
TOTAL THIS MO. 257 CLEAR (SCALE 0-3) 5
DPTR FM NORMAL -86 PTCLDY (SCALE 4-7) 13
TOTAL FM JUL 1 310 CLOUDY (SCALE 8-10) 13
DPTR FM NORMAL -110
[CDD (BASE 65) ]
TOTAL THIS MO. 9
DPTR FM NORMAL -1 [PRESSURE DATA]
TOTAL FM JAN 1 1059 HIGHEST SLP M ON M
DPTR FM NORMAL 272 LOWEST SLP 29.53 ON 29
[REMARKS]
#FINAL-10-20#