000
CXHW53 PHFO 011250
CF6ITO
PRELIMINARY LOCAL CLIMATOLOGICAL DATA (WS FORM: F-6)
STATION: HILO HI
MONTH: JANUARY
YEAR: 2023
LATITUDE: 19 43 N
LONGITUDE: 155 4 W
TEMPERATURE IN F: :PCPN: SNOW: WIND :SUNSHINE: SKY :PK WND
================================================================================
1 2 3 4 5 6A 6B 7 8 9 10 11 12 13 14 15 16 17 18
12Z AVG MX 2MIN
DY MAX MIN AVG DEP HDD CDD WTR SNW DPTH SPD SPD DIR MIN PSBL S-S WX SPD DR
================================================================================
1 82 66 74 2 0 9 0.01 M M 6.2 15 90 M M 5 20 80
2 83 65 74 2 0 9 T M M 6.6 15 100 M M 4 18 140
3 83 64 74 2 0 9 0.00 M M 7.9 17 10 M M 5 23 20
4 83 65 74 2 0 9 0.02 M M 4.8 13 50 M M 8 16 60
5 83 66 75 3 0 10 T M M 5.9 14 90 M M 6 18 60
6 85 66 76 4 0 11 0.01 M M 6.2 13 70 M M 5 16 60
7 83 63 73 1 0 8 0.00 M M 7.1 14 120 M M 3 19 110
8 82 62 72 0 0 7 0.00 M M 5.3 13 130 M M 6 17 80
9 83 63 73 1 0 8 0.00 M M 9.1 20 110 M M 2 25 130
10 84 64 74 2 0 9 0.00 M M 7.1 15 100 M M 6 22 80
11 83 59 71 -1 0 6 0.00 M M 7.2 15 10 M M 1 20 10
12 81 61 71 -1 0 6 0.00 M M 7.6 15 90 M M 4 22 140
13 82 61 72 1 0 7 0.00 M M 8.5 15 110 M M 1 21 100
14 83 64 74 3 0 9 T M M 7.8 17 110 M M 7 23 110
15 83 64 74 3 0 9 0.00 M M 6.9 15 110 M M 3 20 100
16 84 66 75 4 0 10 0.02 M M 7.8 20 130 M M 5 1 24 120
17 81 67 74 3 0 9 0.01 M M 7.1 18 130 M M 8 1 24 130
18 83 64 74 3 0 9 0.22 M M 7.2 14 120 M M 5 1 16 110
19 86 63 75 4 0 10 0.00 M M 7.9 20 130 M M 3 25 140
20 87 65 76 5 0 11 0.00 M M 9.4 22 130 M M 1 28 120
21 86 63 75 4 0 10 0.00 M M 9.1 21 110 M M 1 27 120
22 84 64 74 3 0 9 0.01 M M 6.4 14 70 M M 4 1 19 140
23 83 65 74 3 0 9 0.06 M M 7.0 14 110 M M 4 1 22 120
24 83 66 75 4 0 10 0.04 M M 7.1 14 100 M M 6 1 20 110
25 81 65 73 2 0 8 0.00 M M 6.1 13 130 M M 3 16 120
26 79 67 73 2 0 8 0.25 M M 4.5 10 110 M M 4 18 13 110
27 81 66 74 3 0 9 0.24 M M 4.4 16 90 M M 7 1 19 90
28 80 66 73 2 0 8 0.17 M M 5.6 17 270 M M 4 1 22 260
29 74 64 69 -2 0 4 0.31 M M 3.7 17 70 M M 7 1 21 80
30 75 66 71 0 0 6 0.66 M M 4.9 13 280 M M 9 18 16 280
31 75 63 69 -2 0 4 0.03 M M 5.8 15 160 M M 3 20 150
================================================================================
SM 2545 1993 0 260 2.06 M 208.2 M 140
================================================================================
AV 82.1 64.3 6.7 FASTST M M 5 MAX(MPH)
MISC ----> 22 130 28 120
================================================================================
NOTES:
# LAST OF SEVERAL OCCURRENCES
COLUMN 17 PEAK WIND IN M.P.H.
PRELIMINARY LOCAL CLIMATOLOGICAL DATA (WS FORM: F-6) , PAGE 2
STATION: HILO HI
MONTH: JANUARY
YEAR: 2023
LATITUDE: 19 43 N
LONGITUDE: 155 4 W
[TEMPERATURE DATA] [PRECIPITATION DATA] SYMBOLS USED IN COLUMN 16
AVERAGE MONTHLY: 73.2 TOTAL FOR MONTH: 2.06 1 = FOG OR MIST
DPTR FM NORMAL: 1.8 DPTR FM NORMAL: -5.80 2 = FOG REDUCING VISIBILITY
HIGHEST: 87 ON 20 GRTST 24HR 1.09 ON 19-19 TO 1/4 MILE OR LESS
LOWEST: 59 ON 11 3 = THUNDER
SNOW, ICE PELLETS, HAIL 4 = ICE PELLETS
TOTAL MONTH: M 5 = HAIL
GRTST 24HR M ON M 6 = FREEZING RAIN OR DRIZZLE
GRTST DEPTH: M ON M 7 = DUSTSTORM OR SANDSTORM:
VSBY 1/2 MILE OR LESS
8 = SMOKE OR HAZE
[NO. OF DAYS WITH] [WEATHER - DAYS WITH] 9 = BLOWING SNOW
X = TORNADO
MAX 32 OR BELOW: 0 0.01 INCH OR MORE: 15
MAX 90 OR ABOVE: 0 0.10 INCH OR MORE: 6
MIN 32 OR BELOW: 0 0.50 INCH OR MORE: 1
MIN 0 OR BELOW: 0 1.00 INCH OR MORE: 0
[HDD (BASE 65) ]
TOTAL THIS MO. 0 CLEAR (SCALE 0-3) 7
DPTR FM NORMAL 0 PTCLDY (SCALE 4-7) 23
TOTAL FM JUL 1 0 CLOUDY (SCALE 8-10) 1
DPTR FM NORMAL 0
[CDD (BASE 65) ]
TOTAL THIS MO. 260
DPTR FM NORMAL 62 [PRESSURE DATA]
TOTAL FM JAN 1 260 HIGHEST SLP 30.20 ON 7
DPTR FM NORMAL 62 LOWEST SLP 29.85 ON 30
[REMARKS]
#FINAL-01-23#