000
CXUS53 KIWX 010810
CF6IWX
PRELIMINARY LOCAL CLIMATOLOGICAL DATA (WS FORM: F-6)
STATION: NORTH WEBSTER WFO
MONTH: AUGUST
YEAR: 2023
LATITUDE: 41 21 N
LONGITUDE: 85 42 W
TEMPERATURE IN F: :PCPN: SNOW: WIND :SUNSHINE: SKY :PK WND
================================================================================
1 2 3 4 5 6A 6B 7 8 9 10 11 12 13 14 15 16 17 18
12Z AVG MX 2MIN
DY MAX MIN AVG DEP HDD CDD WTR SNW DPTH SPD SPD DIR MIN PSBL S-S WX SPD DR
================================================================================
1 80 57 69 -3 0 4 0.00 0.0 0 M M M M M M M M
2 80 61 71 -1 0 6 0.00 0.0 0 M M M M M M M M
3 82 59 71 -1 0 6 0.00 0.0 0 M M M M M M M M
4 83 64 74 2 0 9 0.00 0.0 0 M M M M M M M M
5 77 62 70 -2 0 5 0.38 0.0 0 M M M M M M M M
6 73 61 67 -5 0 2 0.71 0.0 0 M M M M M M M M
7 72 59 66 -6 0 1 0.05 0.0 0 M M M M M M M M
8 81 57 69 -3 0 4 0.00 0.0 0 M M M M M M M M
9 82 61 72 0 0 7 0.08 0.0 0 M M M M M M M M
10 80 61 71 -1 0 6 0.00 0.0 0 M M M M M M M M
11 81 65 73 1 0 8 T 0.0 0 M M M M M M M M
12 82 65 74 2 0 9 0.01 0.0 0 M M M M M M M M
13 84 63 74 2 0 9 0.00 0.0 0 M M M M M M M M
14 76 61 69 -3 0 4 0.22 0.0 0 M M M M M M M M
15 70 56 63 -8 2 0 0.11 0.0 0 M M M M M M M M
16 78 52 65 -6 0 0 0.00 0.0 0 M M M M M M M M
17 74 58 66 -5 0 1 0.60 0.0 0 M M M M M M 13 M M
18 75 53 64 -7 1 0 0.00 0.0 0 M M M M M M M M
19 76 52 64 -7 1 0 0.00 0.0 0 M M M M M M M M
20 86 65 76 5 0 11 0.00 0.0 0 M M M M M M M M
21 88 69 79 8 0 14 0.00 0.0 0 M M M M M M M M
22 79 64 72 2 0 7 0.00 0.0 0 M M M M M M M M
23 89 66 78 8 0 13 0.00 0.0 0 M M M M M M M M
24 91 70 81 11 0 16 T 0.0 0 M M M M M M 18 M M
25 81 70 76 6 0 11 0.00 0.0 0 M M M M M M 1 M M
26 80 64 72 2 0 7 0.00 0.0 0 M M M M M M 1 M M
27 74 55 65 -5 0 0 0.00 0.0 0 M M M M M M M M
28 75 52 64 -5 1 0 0.00 0.0 0 M M M M M M M M
29 81 55 68 -1 0 3 T 0.0 0 M M M M M M 1 M M
30 72 52 62 -7 3 0 0.00 0.0 0 M M M M M M M M
31 73 49 61 -8 4 0 0.00 0.0 0 M M M M M M M M
================================================================================
SM 2455 1858 12 163 2.16 0.0 M M M
================================================================================
AV 79.2 59.9 M FASTST M M M MAX(MPH)
MISC ----> M M M M
================================================================================
NOTES:
# LAST OF SEVERAL OCCURRENCES
COLUMN 17 PEAK WIND IN M.P.H.
PRELIMINARY LOCAL CLIMATOLOGICAL DATA (WS FORM: F-6) , PAGE 2
STATION: NORTH WEBSTER WFO
MONTH: AUGUST
YEAR: 2023
LATITUDE: 41 21 N
LONGITUDE: 85 42 W
[TEMPERATURE DATA] [PRECIPITATION DATA] SYMBOLS USED IN COLUMN 16
AVERAGE MONTHLY: 69.6 TOTAL FOR MONTH: 2.16 1 = FOG OR MIST
DPTR FM NORMAL: -1.4 DPTR FM NORMAL: -2.03 2 = FOG REDUCING VISIBILITY
HIGHEST: 91 ON 24 GRTST 24HR 0.71 ON 6- 6 TO 1/4 MILE OR LESS
LOWEST: 49 ON 31 3 = THUNDER
SNOW, ICE PELLETS, HAIL 4 = ICE PELLETS
TOTAL MONTH: 0.0 INCH 5 = HAIL
GRTST 24HR 0.0 6 = FREEZING RAIN OR DRIZZLE
GRTST DEPTH: 0 7 = DUSTSTORM OR SANDSTORM:
VSBY 1/2 MILE OR LESS
8 = SMOKE OR HAZE
[NO. OF DAYS WITH] [WEATHER - DAYS WITH] 9 = BLOWING SNOW
X = TORNADO
MAX 32 OR BELOW: 0 0.01 INCH OR MORE: 8
MAX 90 OR ABOVE: 1 0.10 INCH OR MORE: 5
MIN 32 OR BELOW: 0 0.50 INCH OR MORE: 2
MIN 0 OR BELOW: 0 1.00 INCH OR MORE: 0
[HDD (BASE 65) ]
TOTAL THIS MO. 12 CLEAR (SCALE 0-3) 0
DPTR FM NORMAL 0 PTCLDY (SCALE 4-7) 0
TOTAL FM JUL 1 12 CLOUDY (SCALE 8-10) 31
DPTR FM NORMAL -1
[CDD (BASE 65) ]
TOTAL THIS MO. 163
DPTR FM NORMAL -35 [PRESSURE DATA]
TOTAL FM JAN 1 551 HIGHEST SLP M ON M
DPTR FM NORMAL -104 LOWEST SLP M ON M
[REMARKS]
#FINAL-08-23#