000
CXUS55 KEAX 010736
CF6IXD
PRELIMINARY LOCAL CLIMATOLOGICAL DATA (WS FORM: F-6)
STATION: NEW CENTURY AIR CENTER KS
MONTH: MARCH
YEAR: 2021
LATITUDE: 38 49 N
LONGITUDE: 94 54 W
TEMPERATURE IN F: :PCPN: SNOW: WIND :SUNSHINE: SKY :PK WND
================================================================================
1 2 3 4 5 6A 6B 7 8 9 10 11 12 13 14 15 16 17 18
12Z AVG MX 2MIN
DY MAX MIN AVG DEP HDD CDD WTR SNW DPTH SPD SPD DIR MIN PSBL S-S WX SPD DR
================================================================================
1 54 23 39 0 26 0 0.00 M M 5.7 15 350 M M 0 21 260
2 62 26 44 5 21 0 0.00 M M 10.1 22 220 M M 0 29 210
3 70 33 52 12 13 0 0.00 M M 7.4 16 190 M M 0 21 200
4 72 33 53 13 12 0 0.00 M M 6.1 22 70 M M 0 8 31 70
5 56 34 45 5 20 0 0.00 M M 10.0 20 70 M M 5 30 70
6 66 31 49 8 16 0 0.00 M M 8.4 16 230 M M 0 24 230
7 67 32 50 9 15 0 0.00 M M 12.8 30 210 M M 0 42 220
8 70 37 54 12 11 0 0.00 M M 12.9 26 210 M M 0 36 190
9 74 52 63 21 2 0 0.00 M M 20.9 33 180 M M 1 8 52 160
10 74 47 61 19 4 0 0.37 M M 20.7 39 190 M M 7 3 53 190
11 60 39 50 7 15 0 0.00 M M 7.7 18 350 M M 5 23 340
12 56 45 51 8 14 0 0.17 M M 10.9 20 80 M M 8 28 80
13 62 45 54 11 11 0 0.15 M M 13.1 21 110 M M 10 8 34 80
14 M M M M M M 1.16 M M 15.3 24 70 M M 10 3 37 90
15 M 40 M M M M 0.31 M M 9.4 18 110 M M 8 138 25 110
16 53 42 48 4 17 0 0.00 M M 9.5 16 20 M M 10 1 24 70
17 46 36 41 -4 24 0 1.06 M M 18.9 32 360 M M 10 13 43 360
18 46 34 40 -5 25 0 0.05 M M 18.5 32 330 M M 10 1 42 340
19 57 27 42 -4 23 0 0.00 M M 7.0 12 40 M M 0 16 10
20 61 33 47 1 18 0 0.00 M M 10.4 20 140 M M 0 25 130
21 66 45 56 10 9 0 0.00 M M 15.1 28 190 M M 0 39 160
22 63 51 57 10 8 0 0.01 M M 10.3 18 150 M M 6 25 150
23 56 48 52 5 13 0 0.28 M M 15.2 25 140 M M 10 18 37 100
24 49 44 47 0 18 0 T M M 10.2 20 360 M M 10 1 28 260
25 46 36 41 -7 24 0 0.33 M M 7.6 14 20 M M 9 1 19 30
26 63 33 48 0 17 0 0.00 M M 8.7 22 140 M M 5 12 29 130
27 61 45 53 5 12 0 0.07 M M 13.3 22 330 M M 4 1 30 340
28 59 33 46 -3 19 0 0.00 M M 9.0 18 330 M M 0 28 320
29 73 46 60 11 5 0 0.00 M M 21.3 33 190 M M 0 53 190
30 61 38 50 1 15 0 0.00 M M 17.9 33 190 M M 4 45 180
31 52 28 40 -10 25 0 0.00 M M 10.7 23 280 M M 1 37 280
================================================================================
SM 1755 1136 452 0 3.96 M 375.0 M 133
================================================================================
AV 60.5 37.9 12.1 FASTST M M 4 MAX(MPH)
MISC ----> 39 190 53 190
================================================================================
NOTES:
# LAST OF SEVERAL OCCURRENCES
COLUMN 17 PEAK WIND IN M.P.H.
PRELIMINARY LOCAL CLIMATOLOGICAL DATA (WS FORM: F-6) , PAGE 2
STATION: NEW CENTURY AIR CENTER KS
MONTH: MARCH
YEAR: 2021
LATITUDE: 38 49 N
LONGITUDE: 94 54 W
[TEMPERATURE DATA] [PRECIPITATION DATA] SYMBOLS USED IN COLUMN 16
AVERAGE MONTHLY: 49.2 TOTAL FOR MONTH: 3.96 1 = FOG OR MIST
DPTR FM NORMAL: 4.8 DPTR FM NORMAL: 1.36 2 = FOG REDUCING VISIBILITY
HIGHEST: 74 ON 10, 9 GRTST 24HR 1.16 ON 14-14 TO 1/4 MILE OR LESS
LOWEST: 23 ON 1 3 = THUNDER
SNOW, ICE PELLETS, HAIL 4 = ICE PELLETS
TOTAL MONTH: M 5 = HAIL
GRTST 24HR M ON M 6 = FREEZING RAIN OR DRIZZLE
GRTST DEPTH: M ON M 7 = DUSTSTORM OR SANDSTORM:
VSBY 1/2 MILE OR LESS
8 = SMOKE OR HAZE
[NO. OF DAYS WITH] [WEATHER - DAYS WITH] 9 = BLOWING SNOW
X = TORNADO
MAX 32 OR BELOW: 0 0.01 INCH OR MORE: 11
MAX 90 OR ABOVE: 0 0.10 INCH OR MORE: 8
MIN 32 OR BELOW: 6 0.50 INCH OR MORE: 2
MIN 0 OR BELOW: 0 1.00 INCH OR MORE: 2
[HDD (BASE 65) ]
TOTAL THIS MO. 452 CLEAR (SCALE 0-3) 14
DPTR FM NORMAL -188 PTCLDY (SCALE 4-7) 7
TOTAL FM JUL 1 4428 CLOUDY (SCALE 8-10) 10
DPTR FM NORMAL -202
[CDD (BASE 65) ]
TOTAL THIS MO. 0
DPTR FM NORMAL -2 [PRESSURE DATA]
TOTAL FM JAN 1 0 HIGHEST SLP M ON M
DPTR FM NORMAL -2 LOWEST SLP 29.46 ON 23
[REMARKS]
#FINAL-03-21#