000
CXUS52 KJAX 021557
CF6JAX
PRELIMINARY LOCAL CLIMATOLOGICAL DATA (WS FORM: F-6)
STATION: JACKSONVILLE
MONTH: NOVEMBER
YEAR: 2021
LATITUDE: 30 30 N
LONGITUDE: 81 42 W
TEMPERATURE IN F: :PCPN: SNOW: WIND :SUNSHINE: SKY :PK WND
================================================================================
1 2 3 4 5 6A 6B 7 8 9 10 11 12 13 14 15 16 17 18
12Z AVG MX 2MIN
DY MAX MIN AVG DEP HDD CDD WTR SNW DPTH SPD SPD DIR MIN PSBL S-S WX SPD DR
================================================================================
1 75 46 61 -5 4 0 0.00 0.0 0 2.3 10 80 M M 6 13 70
2 79 55 67 1 0 2 0.00 0.0 0 4.0 12 20 M M 3 16 20
3 71 54 63 -2 2 0 0.00 0.0 0 6.4 16 40 M M 3 1 21 50
4 70 56 63 -2 2 0 0.00 0.0 0 8.1 15 50 M M 8 1 19 50
5 57 47 52 -13 13 0 0.36 0.0 0 14.1 25 30 M M 10 1 37 30
6 51 45 48 -17 17 0 2.49 0.0 0 14.3 21 350 M M 10 1 36 350
7 66 47 57 -7 8 0 0.03 0.0 0 9.3 17 340 M M 6 26 320
8 70 42 56 -8 9 0 0.00 0.0 0 6.3 21 40 M M 0 25 50
9 75 41 58 -6 7 0 0.00 0.0 0 3.0 12 10 M M 1 15 10
10 76 47 62 -1 3 0 0.00 0.0 0 3.2 12 80 M M 5 15 70
11 78 59 69 6 0 4 0.09 0.0 0 4.6 16 160 M M 8 1 20 150
12 73 53 63 0 2 0 0.00 0.0 0 3.4 10 330 M M 7 1 16 330
13 72 49 61 -2 4 0 T 0.0 0 4.3 13 290 M M 4 1 17 280
14 65 43 54 -8 11 0 0.00 0.0 0 5.3 16 280 M M 1 21 310
15 70 40 55 -7 10 0 0.00 0.0 0 3.8 13 290 M M 1 19 300
16 73 41 57 -5 8 0 0.00 0.0 0 2.4 12 70 M M 0 14 70
17 79 46 63 1 2 0 0.00 0.0 0 3.4 16 90 M M 3 1 22 90
18 81 56 69 7 0 4 0.00 0.0 0 2.5 9 140 M M 8 1 16 150
19 72 57 65 4 0 0 0.00 0.0 0 10.1 23 50 M M 7 12 32 30
20 67 50 59 -2 6 0 0.00 0.0 0 11.3 22 50 M M 9 33 50
21 71 59 65 4 0 0 0.00 0.0 0 7.1 14 30 M M 8 12 20 50
22 72 55 64 3 1 0 0.22 0.0 0 6.1 16 300 M M 8 12 23 310
23 57 39 48 -13 17 0 0.00 0.0 0 9.0 18 20 M M 1 26 20
24 64 38 51 -9 14 0 0.00 0.0 0 8.1 20 50 M M 1 27 40
25 74 45 60 0 5 0 0.00 0.0 0 2.8 10 50 M M 6 1 16 30
26 67 40 54 -6 11 0 T 0.0 0 6.6 17 310 M M 5 1 24 270
27 63 35 49 -11 16 0 0.00 0.0 0 2.2 9 330 M M 3 13 310
28 63 38 51 -9 14 0 T 0.0 0 4.4 14 250 M M 9 17 250
29 65 39 52 -7 13 0 0.00 0.0 0 5.0 13 340 M M 3 18 330
30 67 35 51 -8 14 0 0.00 0.0 0 2.6 8 320 M M 1 15 320
================================================================================
SM 2083 1397 213 10 3.19 0.0 176.0 M 145
================================================================================
AV 69.4 46.6 5.9 FASTST M M 5 MAX(MPH)
MISC ----> 25 30 37 30
================================================================================
NOTES:
# LAST OF SEVERAL OCCURRENCES
COLUMN 17 PEAK WIND IN M.P.H.
PRELIMINARY LOCAL CLIMATOLOGICAL DATA (WS FORM: F-6) , PAGE 2
STATION: JACKSONVILLE
MONTH: NOVEMBER
YEAR: 2021
LATITUDE: 30 30 N
LONGITUDE: 81 42 W
[TEMPERATURE DATA] [PRECIPITATION DATA] SYMBOLS USED IN COLUMN 16
AVERAGE MONTHLY: 58.0 TOTAL FOR MONTH: 3.19 1 = FOG OR MIST
DPTR FM NORMAL: -4.3 DPTR FM NORMAL: 1.19 2 = FOG REDUCING VISIBILITY
HIGHEST: 81 ON 18 GRTST 24HR 2.49 ON 6- 6 TO 1/4 MILE OR LESS
LOWEST: 35 ON 30,27 3 = THUNDER
SNOW, ICE PELLETS, HAIL 4 = ICE PELLETS
TOTAL MONTH: 0.0 INCH 5 = HAIL
GRTST 24HR 0.0 6 = FREEZING RAIN OR DRIZZLE
GRTST DEPTH: 0 7 = DUSTSTORM OR SANDSTORM:
VSBY 1/2 MILE OR LESS
8 = SMOKE OR HAZE
[NO. OF DAYS WITH] [WEATHER - DAYS WITH] 9 = BLOWING SNOW
X = TORNADO
MAX 32 OR BELOW: 0 0.01 INCH OR MORE: 5
MAX 90 OR ABOVE: 0 0.10 INCH OR MORE: 3
MIN 32 OR BELOW: 0 0.50 INCH OR MORE: 1
MIN 0 OR BELOW: 0 1.00 INCH OR MORE: 1
[HDD (BASE 65) ]
TOTAL THIS MO. 213 CLEAR (SCALE 0-3) 12
DPTR FM NORMAL 69 PTCLDY (SCALE 4-7) 12
TOTAL FM JUL 1 230 CLOUDY (SCALE 8-10) 6
DPTR FM NORMAL 61
[CDD (BASE 65) ]
TOTAL THIS MO. 10
DPTR FM NORMAL -51 [PRESSURE DATA]
TOTAL FM JAN 1 2596 HIGHEST SLP 30.36 ON 24
DPTR FM NORMAL -181 LOWEST SLP 29.87 ON 22
[REMARKS]
#FINAL-11-21#