000
CXUS54 KMEG 010900
CF6JBR
PRELIMINARY LOCAL CLIMATOLOGICAL DATA (WS FORM: F-6)
STATION: JONESBORO
MONTH: AUGUST
YEAR: 2023
LATITUDE: 35 49 N
LONGITUDE: 90 39 W
TEMPERATURE IN F: :PCPN: SNOW: WIND :SUNSHINE: SKY :PK WND
================================================================================
1 2 3 4 5 6A 6B 7 8 9 10 11 12 13 14 15 16 17 18
12Z AVG MX 2MIN
DY MAX MIN AVG DEP HDD CDD WTR SNW DPTH SPD SPD DIR MIN PSBL S-S WX SPD DR
================================================================================
1 85 73 79 -3 0 14 0.02 M M 5.8 12 70 M M 1 16 70
2 92 71 82 1 0 17 0.00 M M 6.4 16 180 M M 1 26 160
3 93 75 84 3 0 19 0.00 M M 7.5 18 50 M M 1 22 60
4 91 73 82 1 0 17 T M M 8.5 26 60 M M 2 13 35 60
5 99 75 87 6 0 22 0.00 M M 6.9 17 260 M M 0 3 30 100
6 94 70 82 1 0 17 0.00 M M 7.7 18 220 M M 0 21 220
7 89 70 80 -1 0 15 0.00 M M 7.1 18 270 M M 2 3 27 280
8 88 66 77 -4 0 12 0.00 M M 4.3 16 200 M M 1 26 100
9 76 69 73 -8 0 8 2.61 M M 6.5 28 300 M M 6 13 42 290
10 81 69 75 -6 0 10 0.02 M M 4.7 12 270 M M 5 13 15 260
11 92 71 82 1 0 17 0.00 M M 5.1 15 240 M M 3 1 20 190
12 87 75 81 0 0 16 0.16 M M 6.2 17 40 M M 1 13 24 20
13 90 71 81 0 0 16 0.15 M M M 22 320 M M M 3 34 330
14 86 70 78 -2 0 13 0.13 M M M M M M M M 3 M M
15 80 64 72 -8 0 7 0.00 M M 6.6 15 360 M M 6 29 10
16 83 64 74 -6 0 9 0.00 M M 3.5 10 60 M M 3 13 60
17 87 61 74 -6 0 9 0.00 M M 6.6 16 220 M M 0 1 21 240
18 87 65 76 -4 0 11 0.00 M M 7.5 14 70 M M 0 19 90
19 92 64 78 -2 0 13 0.00 M M 4.8 10 150 M M 0 12 140
20 96 69 83 3 0 18 0.00 M M 3.4 12 200 M M 0 14 200
21 96 72 84 4 0 19 0.00 M M 4.0 12 180 M M 0 1 14 220
22 96 75 86 7 0 21 0.00 M M 4.6 12 60 M M 1 1 14 50
23 98 76 87 8 0 22 0.00 M M 3.2 8 360 M M 1 18 10 350
24 99 73 86 7 0 21 0.00 M M 3.2 10 260 M M 0 18 14 210
25 101 75 88 9 0 23 0.00 M M 2.7 12 240 M M 1 18 14 220
26 102 74 88 9 0 23 0.02 M M 4.8 22 320 M M 1 138 32 320
27 88 73 81 3 0 16 0.01 M M 8.3 16 360 M M 9 21 30
28 89 68 79 1 0 14 0.00 M M 10.5 21 30 M M 1 29 30
29 89 64 77 -1 0 12 0.00 M M 6.0 14 320 M M 0 18 30
30 90 63 77 -1 0 12 0.00 M M 8.2 21 40 M M 1 27 40
31 84 61 73 -5 0 8 0.00 0.0 0 8.8 16 30 M M 0 8 21 30
================================================================================
SM 2800 2159 0 471 3.12 0.0 173.4 M 47
================================================================================
AV 90.3 69.6 6.0 FASTST M M 2 MAX(MPH)
MISC ----> 28 300 42 290
================================================================================
NOTES:
# LAST OF SEVERAL OCCURRENCES
COLUMN 17 PEAK WIND IN M.P.H.
PRELIMINARY LOCAL CLIMATOLOGICAL DATA (WS FORM: F-6) , PAGE 2
STATION: JONESBORO
MONTH: AUGUST
YEAR: 2023
LATITUDE: 35 49 N
LONGITUDE: 90 39 W
[TEMPERATURE DATA] [PRECIPITATION DATA] SYMBOLS USED IN COLUMN 16
AVERAGE MONTHLY: 80.0 TOTAL FOR MONTH: 3.12 1 = FOG OR MIST
DPTR FM NORMAL: 0.0 DPTR FM NORMAL: -0.29 2 = FOG REDUCING VISIBILITY
HIGHEST: 102 ON 26 GRTST 24HR 2.63 ON 9-10 TO 1/4 MILE OR LESS
LOWEST: 61 ON 31,17 3 = THUNDER
SNOW, ICE PELLETS, HAIL 4 = ICE PELLETS
TOTAL MONTH: 0.0 INCH 5 = HAIL
GRTST 24HR 0.0 6 = FREEZING RAIN OR DRIZZLE
GRTST DEPTH: 0 7 = DUSTSTORM OR SANDSTORM:
VSBY 1/2 MILE OR LESS
8 = SMOKE OR HAZE
[NO. OF DAYS WITH] [WEATHER - DAYS WITH] 9 = BLOWING SNOW
X = TORNADO
MAX 32 OR BELOW: 0 0.01 INCH OR MORE: 8
MAX 90 OR ABOVE: 16 0.10 INCH OR MORE: 4
MIN 32 OR BELOW: 0 0.50 INCH OR MORE: 1
MIN 0 OR BELOW: 0 1.00 INCH OR MORE: 1
[HDD (BASE 65) ]
TOTAL THIS MO. 0 CLEAR (SCALE 0-3) 23
DPTR FM NORMAL 0 PTCLDY (SCALE 4-7) 5
TOTAL FM JUL 1 0 CLOUDY (SCALE 8-10) 3
DPTR FM NORMAL 0
[CDD (BASE 65) ]
TOTAL THIS MO. 471
DPTR FM NORMAL 6 [PRESSURE DATA]
TOTAL FM JAN 1 1668 HIGHEST SLP 30.18 ON 1
DPTR FM NORMAL 8 LOWEST SLP 29.75 ON 10
[REMARKS]
#FINAL-08-23#