000
CXUS51 KOKX 011010
CF6JFK
PRELIMINARY LOCAL CLIMATOLOGICAL DATA (WS FORM: F-6)
STATION: KENNEDY NY
MONTH: DECEMBER
YEAR: 2021
LATITUDE: 40 39 N
LONGITUDE: 73 47 W
TEMPERATURE IN F: :PCPN: SNOW: WIND :SUNSHINE: SKY :PK WND
================================================================================
1 2 3 4 5 6A 6B 7 8 9 10 11 12 13 14 15 16 17 18
12Z AVG MX 2MIN
DY MAX MIN AVG DEP HDD CDD WTR SNW DPTH SPD SPD DIR MIN PSBL S-S WX SPD DR
================================================================================
1 50 40 45 3 20 0 T 0.0 0 9.2 17 270 M M 7 21 270
2 56 45 51 9 14 0 0.03 0.0 0 13.9 39 320 M M 8 51 310
3 49 37 43 1 22 0 0.00 0.0 0 17.7 30 310 M M 4 40 280
4 47 36 42 1 23 0 0.00 0.0 0 6.8 13 260 M M 6 16 240
5 51 36 44 3 21 0 0.00 0.0 0 7.8 18 340 M M 6 23 110
6 58 45 52 11 13 0 0.54 0.0 0 17.5 43 280 M M 9 1 55 290
7 45 37 41 1 24 0 0.00 0.0 0 11.0 32 320 M M 8 41 320
8 42 34 38 -2 27 0 0.07 T 0 7.2 20 310 M M 10 1 23 310
9 40 31 36 -4 29 0 0.00 0.0 0 10.4 25 320 M M 7 32 300
10 50 38 44 4 21 0 0.00 0.0 0 6.6 16 220 M M 8 18 210
11 59 44 52 13 13 0 0.16 0.0 0 16.4 30 240 M M 10 12 36 190
12 57 41 49 10 16 0 0.00 0.0 0 16.2 32 310 M M 4 40 280
13 52 40 46 7 19 0 0.00 0.0 0 15.2 23 250 M M 3 27 250
14 54 38 46 7 19 0 0.00 0.0 0 9.0 16 330 M M 5 25 340
15 54 33 44 6 21 0 T 0.0 0 9.2 22 180 M M 8 28 190
16 61 50 56 18 9 0 0.00 0.0 0 10.9 20 190 M M 8 25 180
17 61 48 55 17 10 0 0.00 0.0 0 11.0 20 330 M M 7 23 330
18 49 39 44 6 21 0 0.06 0.0 0 7.2 15 40 M M 10 1 19 30
19 47 29 38 1 27 0 0.02 T 0 16.5 26 330 M M 7 14 33 320
20 36 24 30 -7 35 0 0.00 0.0 0 10.3 21 240 M M 2 25 220
21 43 31 37 0 28 0 0.00 0.0 0 7.2 17 220 M M 7 22 230
22 49 34 42 5 23 0 0.11 0.0 0 16.0 32 320 M M 6 1 38 300
23 38 30 34 -2 31 0 0.00 0.0 0 11.9 25 300 M M 6 33 310
24 41 30 36 0 29 0 0.01 0.2 0 6.7 14 360 M M 10 18 16 360
25 53 33 43 7 22 0 0.16 0.0 0 6.0 15 300 M M 9 1 20 310
26 53 39 46 10 19 0 0.00 0.0 0 19.3 31 330 M M 4 39 320
27 39 32 36 0 29 0 0.03 0.0 0 7.2 18 330 M M 8 24 330
28 47 37 42 7 23 0 0.06 0.0 0 7.2 15 300 M M 9 1 20 300
29 45 41 43 8 22 0 0.35 0.0 0 6.4 13 80 M M 10 1 15 80
30 50 43 47 12 18 0 0.09 0.0 0 5.5 12 360 M M 9 1 13 360
31 52 46 49 14 16 0 0.01 0.0 0 7.0 14 190 M M 10 1 16 210
================================================================================
SM 1528 1161 664 0 1.70 0.2 330.4 M 225
================================================================================
AV 49.3 37.5 10.7 FASTST M M 7 MAX(MPH)
MISC ----> 43 280 55 290
================================================================================
NOTES:
# LAST OF SEVERAL OCCURRENCES
COLUMN 17 PEAK WIND IN M.P.H.
PRELIMINARY LOCAL CLIMATOLOGICAL DATA (WS FORM: F-6) , PAGE 2
STATION: KENNEDY NY
MONTH: DECEMBER
YEAR: 2021
LATITUDE: 40 39 N
LONGITUDE: 73 47 W
[TEMPERATURE DATA] [PRECIPITATION DATA] SYMBOLS USED IN COLUMN 16
AVERAGE MONTHLY: 43.4 TOTAL FOR MONTH: 1.70 1 = FOG OR MIST
DPTR FM NORMAL: 5.1 DPTR FM NORMAL: -2.26 2 = FOG REDUCING VISIBILITY
HIGHEST: 61 ON 17,16 GRTST 24HR 0.54 ON 6- 6 TO 1/4 MILE OR LESS
LOWEST: 24 ON 20 3 = THUNDER
SNOW, ICE PELLETS, HAIL 4 = ICE PELLETS
TOTAL MONTH: 0.2 INCH 5 = HAIL
GRTST 24HR 0.2 ON 24-24 6 = FREEZING RAIN OR DRIZZLE
GRTST DEPTH: 0 7 = DUSTSTORM OR SANDSTORM:
VSBY 1/2 MILE OR LESS
8 = SMOKE OR HAZE
[NO. OF DAYS WITH] [WEATHER - DAYS WITH] 9 = BLOWING SNOW
X = TORNADO
MAX 32 OR BELOW: 0 0.01 INCH OR MORE: 14
MAX 90 OR ABOVE: 0 0.10 INCH OR MORE: 5
MIN 32 OR BELOW: 7 0.50 INCH OR MORE: 1
MIN 0 OR BELOW: 0 1.00 INCH OR MORE: 0
[HDD (BASE 65) ]
TOTAL THIS MO. 664 CLEAR (SCALE 0-3) 2
DPTR FM NORMAL -165 PTCLDY (SCALE 4-7) 18
TOTAL FM JUL 1 1317 CLOUDY (SCALE 8-10) 11
DPTR FM NORMAL -347
[CDD (BASE 65) ]
TOTAL THIS MO. 0
DPTR FM NORMAL 0 [PRESSURE DATA]
TOTAL FM JAN 1 1197 HIGHEST SLP M ON M
DPTR FM NORMAL 181 LOWEST SLP 29.48 ON 25
[REMARKS]
#FINAL-12-21#