000
CXUS51 KOKX 011612 RRA
CLMJFK
NYCCLMJFK 000
TTAA00 OKX 011608
CLIMATE REPORT
NATIONAL WEATHER SERVICE NEW YORK, NY
1208 PM EDT SAT APR 01 2023
...................................
...THE KENNEDY NY CLIMATE SUMMARY FOR THE MONTH OF MARCH 2023...
CLIMATE NORMAL PERIOD 1991 TO 2020
CLIMATE RECORD PERIOD 1948 TO 2023
WEATHER OBSERVED NORMAL DEPART LAST YEAR`S
VALUE DATE(S) VALUE FROM VALUE DATE(S)
NORMAL
................................................................
TEMPERATURE (F)
RECORD
HIGH 85 03/13/1990
LOW 7 03/19/1967
HIGHEST 62 03/26 MM MM 63 03/18
03/21
LOWEST 29 03/01 MM MM 19 03/04
03/31
AVG. MAXIMUM 50.1 48.7 1.4 51.1
AVG. MINIMUM 35.3 33.6 1.7 35.6
MEAN 42.7 41.1 1.6 43.3
DAYS MAX >= 90 0 0.0 0.0 0
DAYS MAX <= 32 0 1.0 -1.0 0
DAYS MIN <= 32 11 12.0 -1.0 12
DAYS MIN <= 0 0 0.0 0.0 0
PRECIPITATION (INCHES)
RECORD
MAXIMUM 8.62 2010
MINIMUM 0.95 1981
TOTALS 3.46 3.94 -0.48 2.62
DAILY AVG. 0.11 0.13 -0.02 0.08
DAYS >= .01 15 10.8 4.2 11
DAYS >= .10 7 7.0 0.0 4
DAYS >= .50 2 2.7 -0.7 3
DAYS >= 1.00 1 1.0 0.0 0
GREATEST
24 HR. TOTAL 1.14 03/13 TO 03/14 0.94 03/23 TO 03/24
03/24 TO 03/25
STORM TOTAL 1.10 0.93
(MM/DD(HH)) MM
SNOWFALL (INCHES)
RECORDS
TOTAL 21.1 1960
24 HR TOTAL MM
TOTALS 0.4 4.3 -3.9 0.5
LIQUID EQUIV 0.00 0.40 -0.40 0.10
SINCE 7/1 2.1 25.3 -23.2
LIQUID 7/1 0.21 2.50 MM
DAYS >= TRACE 2 3.0 -1.0 4
DAYS >= 1.0 0 1.0 -1.0 0
GREATEST
SNOW DEPTH MM 0 MM
24 HR TOTAL MM MM
STORM TOTAL 0.3 0.3
(MM/DD(HH)) MM
DEGREE DAYS
HEATING TOTAL 683 739 -56 666
SINCE 7/1 3672 4252 -580 MM
COOLING TOTAL 0 0 0 0
SINCE 1/1 0 0 0 MM
................................................................
WIND (MPH)
AVERAGE WIND SPEED 13.7
HIGHEST WIND SPEED/DIRECTION 40/090 DATE 03/04
HIGHEST GUST SPEED/DIRECTION 49/110 DATE 03/04
SKY COVER
POSSIBLE SUNSHINE (PERCENT) MM
AVERAGE SKY COVER 0.64
NUMBER OF DAYS FAIR 6
NUMBER OF DAYS PC 12
NUMBER OF DAYS CLOUDY 13
AVERAGE RH (PERCENT) 64
WEATHER CONDITIONS. NUMBER OF DAYS WITH
THUNDERSTORM 0 MIXED PRECIP 0
HEAVY RAIN 4 RAIN 6
LIGHT RAIN 19 FREEZING RAIN 0
LT FREEZING RAIN 0 HAIL 0
HEAVY SNOW 0 SNOW 0
LIGHT SNOW 2 SLEET 1
FOG 16 FOG W/VIS <= 1/4 MILE 1
HAZE 2
- INDICATES NEGATIVE NUMBERS.
R INDICATES RECORD WAS SET OR TIED.
MM INDICATES DATA IS MISSING.
T INDICATES TRACE AMOUNT.
$$