217
CXUS51 KOKX 021724
CLSJFK
CLIMATE REPORT
NATIONAL WEATHER SERVICE NEW YORK NY
1218 PM EST WED DEC 2 2020
...................................
...THE KENNEDY NY CLIMATE SUMMARY FOR THE SEASON, FROM
9/1/2020 TO 11/30/2020...
CLIMATE NORMAL PERIOD 1981 TO 2010
CLIMATE RECORD PERIOD 1948 TO 2020
WEATHER OBSERVED NORMAL DEPART LAST YEAR`S
VALUE DATE(S) VALUE FROM VALUE
NORMAL
.............................................................
TEMPERATURE (F)
RECORD
HIGH 98 09/10/1983
LOW 15 11/23/2018
HIGHEST 88 09/04 MM MM
LOWEST 26 11/19 MM MM
AVG. MAXIMUM 66.7 64.7 2.0
AVG. MINIMUM 51.6 50.4 1.2
MEAN 59.2 57.5 1.7
DAYS MAX >= 90 0 0.5 -0.5
DAYS MAX <= 32 0 0.1 -0.1
DAYS MIN <= 32 3 3.1 -0.1
DAYS MIN <= 0 0 0.0 0.0
PRECIPITATION (INCHES)
RECORD
MAXIMUM 21.18 2005
MINIMUM 4.17 1965
TOTALS 12.49 10.42 2.07 7.31
DAILY AVG. 0.14 0.11 0.03
DAYS >= .01 31 26.0 5.0
DAYS >= .10 21 17.0 4.0
DAYS >= .50 9 7.3 1.7
DAYS >= 1.00 5 2.7 2.3
GREATEST
24 HR. TOTAL 1.54 MM
STORM TOTAL MM
(MM/DD(HH)) MM
SNOWFALL (INCHES)
RECORDS
TOTAL 4.8 2018
24 HR TOTAL MM
10/28/2008 TO 10/28/2008
TOTALS 0.0 0.2 -0.2
LIQUID EQUIV 0.00 0.00 0.00
SINCE 7/1 0.0 0.2 -0.2
LIQUID 7/1 0.00
DAYS >= TRACE 0 0.2 -0.2
DAYS >= 1.0 0 0.1 -0.1
GREATEST
SNOW DEPTH 0 MM
24 HR TOTAL 0.0 MM
STORM TOTAL MM
(MM/DD(HH)) MM
DEGREE_DAYS
HEATING TOTAL 657 824 -167
SINCE 7/1 657 824 -167
COOLING TOTAL 149 144 5
SINCE 1/1 1175 1005 170
..............................................................
WIND (MPH)
AVERAGE WIND SPEED 10.5
HIGHEST WIND SPEED/DIRECTION 47/270 DATE 11/15
HIGHEST GUST SPEED/DIRECTION 58/280 DATE 11/15
SKY COVER
POSSIBLE SUNSHINE (PERCENT) MM
AVERAGE SKY COVER 0.60
NUMBER OF DAYS FAIR 20
NUMBER OF DAYS PC 37
NUMBER OF DAYS CLOUDY 34
AVERAGE RH (PERCENT) 71
WEATHER CONDITIONS. NUMBER OF DAYS WITH
0
14
0
0
0
0
7
HAZE 4
- INDICATES NEGATIVE NUMBERS.
R INDICATES RECORD WAS SET OR TIED.
MM INDICATES DATA IS MISSING.
T INDICATES TRACE AMOUNT.
$$