000
CXUS55 KJKL 011439
CF6JKL
PRELIMINARY LOCAL CLIMATOLOGICAL DATA (WS FORM: F-6)
STATION: JACKSON KY
MONTH: MAY
YEAR: 2022
LATITUDE: 37 35 N
LONGITUDE: 83 19 W
TEMPERATURE IN F: :PCPN: SNOW: WIND :SUNSHINE: SKY :PK WND
================================================================================
1 2 3 4 5 6A 6B 7 8 9 10 11 12 13 14 15 16 17 18
12Z AVG MX 2MIN
DY MAX MIN AVG DEP HDD CDD WTR SNW DPTH SPD SPD DIR MIN PSBL S-S WX SPD DR
================================================================================
1 77 58 68 5 0 3 0.52 0.0 0 4.4 14 250 M M 4 123 26 240
2 79 54 67 4 0 2 0.00 0.0 0 1.7 9 280 M M 0 19 300
3 85 62 74 11 0 9 0.28 0.0 0 5.5 18 180 M M 4 13 32 170
4 68 55 62 -1 3 0 0.09 0.0 0 4.7 12 310 M M 8 13 18 300
5 77 52 65 1 0 0 0.09 0.0 0 1.2 8 150 M M 4 1 16 190
6 67 57 62 -2 3 0 2.75 0.0 0 2.2 14 250 M M 9 123 26 240
7 60 52 56 -8 9 0 0.12 0.0 0 3.6 12 300 M M 10 1 24 260
8 66 50 58 -6 7 0 T 0.0 0 2.6 9 130 M M 7 14 140
9 78 49 64 0 1 0 0.00 0.0 0 1.8 8 130 M M 0 12 120
10 83 57 70 6 0 5 0.00 0.0 0 1.4 7 170 M M 0 11 140
11 85 59 72 7 0 7 0.00 0.0 0 1.2 7 330 M M 0 14 330
12 82 58 70 5 0 5 0.00 0.0 0 1.8 8 130 M M 0 17 70
13 81 62 72 7 0 7 T 0.0 0 1.8 8 140 M M 2 15 120
14 79 61 70 5 0 5 0.22 0.0 0 2.2 8 320 M M 5 13 14 280
15 82 58 70 5 0 5 0.00 0.0 0 1.2 8 310 M M 1 13 300
16 72 58 65 -1 0 0 0.33 0.0 0 3.1 10 320 M M 4 13 21 10
17 81 54 68 2 0 3 0.00 0.0 0 1.8 15 300 M M 0 27 310
18 80 57 69 3 0 4 0.49 0.0 0 3.1 14 320 M M 3 13 29 170
19 84 63 74 8 0 9 0.12 T 0 1.7 8 130 M M 5 1234 13 140
20 88 70 79 13 0 14 0.00 0.0 0 4.4 14 180 M M 0 28 150
21 86 71 79 12 0 14 0.00 0.0 0 2.9 12 170 M M 1 22 180
22 78 63 71 4 0 6 T 0.0 0 3.7 12 290 M M 5 21 310
23 63 55 59 -8 6 0 0.62 0.0 0 0.3 6 80 M M 10 1 14 20
24 66 55 61 -6 4 0 T 0.0 0 0.5 6 130 M M 8 12 11 130
25 85 63 74 7 0 9 T 0.0 0 3.6 12 160 M M 3 20 160
26 74 62 68 0 0 3 0.54 0.0 0 4.9 10 150 M M 7 1 22 220
27 72 59 66 -2 0 1 0.27 0.0 0 2.7 10 310 M M 8 1 20 280
28 74 59 67 -1 0 2 0.07 0.0 0 0.8 8 300 M M 9 1 14 310
29 83 58 71 3 0 6 0.00 0.0 0 0.9 7 160 M M 1 12 13 170
30 87 65 76 7 0 11 0.00 0.0 0 3.1 10 140 M M 0 18 160
31 89 69 79 10 0 14 0.00 0.0 0 2.1 7 300 M M 1 14 170
================================================================================
SM 2411 1825 33 144 6.51 T 76.9 M 119
================================================================================
AV 77.8 58.9 2.5 FASTST M M 4 MAX(MPH)
MISC ----> 18 180 32 170
================================================================================
NOTES:
# LAST OF SEVERAL OCCURRENCES
COLUMN 17 PEAK WIND IN M.P.H.
PRELIMINARY LOCAL CLIMATOLOGICAL DATA (WS FORM: F-6) , PAGE 2
STATION: JACKSON KY
MONTH: MAY
YEAR: 2022
LATITUDE: 37 35 N
LONGITUDE: 83 19 W
[TEMPERATURE DATA] [PRECIPITATION DATA] SYMBOLS USED IN COLUMN 16
AVERAGE MONTHLY: 68.3 TOTAL FOR MONTH: 6.51 1 = FOG OR MIST
DPTR FM NORMAL: 2.7 DPTR FM NORMAL: 1.34 2 = FOG REDUCING VISIBILITY
HIGHEST: 89 ON 31 GRTST 24HR 2.77 ON 5- 6 TO 1/4 MILE OR LESS
LOWEST: 49 ON 9 3 = THUNDER
SNOW, ICE PELLETS, HAIL 4 = ICE PELLETS
TOTAL MONTH: T 5 = HAIL
GRTST 24HR T ON 19-19 6 = FREEZING RAIN OR DRIZZLE
GRTST DEPTH: 0 7 = DUSTSTORM OR SANDSTORM:
VSBY 1/2 MILE OR LESS
8 = SMOKE OR HAZE
[NO. OF DAYS WITH] [WEATHER - DAYS WITH] 9 = BLOWING SNOW
X = TORNADO
MAX 32 OR BELOW: 0 0.01 INCH OR MORE: 14
MAX 90 OR ABOVE: 0 0.10 INCH OR MORE: 11
MIN 32 OR BELOW: 0 0.50 INCH OR MORE: 4
MIN 0 OR BELOW: 0 1.00 INCH OR MORE: 1
[HDD (BASE 65) ]
TOTAL THIS MO. 33 CLEAR (SCALE 0-3) 15
DPTR FM NORMAL -56 PTCLDY (SCALE 4-7) 9
TOTAL FM JUL 1 3577 CLOUDY (SCALE 8-10) 7
DPTR FM NORMAL -482
[CDD (BASE 65) ]
TOTAL THIS MO. 144
DPTR FM NORMAL 35 [PRESSURE DATA]
TOTAL FM JAN 1 190 HIGHEST SLP 30.28 ON 10
DPTR FM NORMAL 31 LOWEST SLP 29.49 ON 6
[REMARKS]
#FINAL-05-22#