262
CXUS53 KJKL 011612
CLSJKL
CLIMATE REPORT
NATIONAL WEATHER SERVICE JACKSON KY
1211 PM EDT TUE SEP 1 2020
...................................
...THE JACKSON KY CLIMATE SUMMARY FOR THE SEASON, FROM
6/1/2020 TO 8/31/2020...
CLIMATE NORMAL PERIOD 1981 TO 2010
CLIMATE RECORD PERIOD 1981 TO 2020
WEATHER OBSERVED NORMAL DEPART LAST YEAR`S
VALUE DATE(S) VALUE FROM VALUE DATE(S)
NORMAL
................................................................
TEMPERATURE (F)
RECORD
HIGH 104 06/29/2012
LOW 44 06/07/1998
06/01/1993
06/10/1988
HIGHEST 93 07/21 MM MM 95 08/21
07/19 08/19
07/20 08/20
LOWEST 50 06/01 MM MM 48 06/14
AVG. MAXIMUM 84.9 83.4 1.5 84.1
AVG. MINIMUM 66.7 64.6 2.1 64.9
MEAN 75.8 74.0 1.8 74.5
DAYS MAX >= 90 17 10.5 6.5 8
DAYS MAX <= 32 0 0.0 0.0 0
DAYS MIN <= 32 0 0.0 0.0 0
DAYS MIN <= 0 0 0.0 0.0 0
PRECIPITATION (INCHES)
RECORD
MAXIMUM 23.02 2013
MINIMUM 7.37 1986
TOTALS 17.04 13.04 4.00 16.23
DAILY AVG. 0.19 0.14 0.05 0.18
DAYS >= .01 37 34.3 2.7 38
DAYS >= .10 28 22.8 5.2 28
DAYS >= .50 14 9.3 4.7 13
DAYS >= 1.00 5 3.3 1.7 4
GREATEST
24 HR. TOTAL 1.67 08/11 TO 08/11 2.39
SNOWFALL (INCHES)
RECORDS
TOTAL MM MM
24 HR TOTAL MM
TOTALS 0.0 0.0 0.0 0.0
SINCE 7/1 0.0 0.0 0.0 0.0
SNOWDEPTH AVG. 0 MM MM 0
DAYS >= 1.0 MM 0.0 MM 0
GREATEST
24 HR TOTAL 0.0 MM 0.0
DEGREE_DAYS
HEATING TOTAL 1 14 -13 7
SINCE 7/1 0 2 -2 0
COOLING TOTAL 1026 842 184 915
SINCE 1/1 1163 978 185 1137
.................................................................
WIND (MPH)
AVERAGE WIND SPEED 1.3
RESULTANT WIND SPEED/DIRECTION 1/108
HIGHEST WIND SPEED/DIRECTION 17/250 DATE 06/10
HIGHEST GUST SPEED/DIRECTION 34/250 DATE 06/10
SKY COVER
POSSIBLE SUNSHINE (PERCENT) MM
NUMBER OF DAYS FAIR 52
NUMBER OF DAYS PC 33
NUMBER OF DAYS CLOUDY 7
AVERAGE RH (PERCENT) 74
WEATHER CONDITIONS. NUMBER OF DAYS WITH
THUNDERSTORM 32 MIXED PRECIP 0
HEAVY RAIN 27 RAIN 29
LIGHT RAIN 47 FREEZING RAIN 0
LT FREEZING RAIN 0 HAIL 0
HEAVY SNOW 0 SNOW 0
LIGHT SNOW 0 SLEET 0
FOG 66 FOG W/VIS <= 1/4 MILE 33
HAZE 7
- INDICATES NEGATIVE NUMBERS.
R INDICATES RECORD WAS SET OR TIED.
MM INDICATES DATA IS MISSING.
T INDICATES TRACE AMOUNT.
$$
TAB