749
CXUS53 KSGF 010630
CF6JLN
PRELIMINARY LOCAL CLIMATOLOGICAL DATA (WS FORM: F-6)
STATION: JOPLIN MO
MONTH: NOVEMBER
YEAR: 2020
LATITUDE: 37 10 N
LONGITUDE: 94 30 W
TEMPERATURE IN F: :PCPN: SNOW: WIND :SUNSHINE: SKY :PK WND
================================================================================
1 2 3 4 5 6A 6B 7 8 9 10 11 12 13 14 15 16 17 18
12Z AVG MX 2MIN
DY MAX MIN AVG DEP HDD CDD WTR SNW DPTH SPD SPD DIR MIN PSBL S-S WX SPD DR
================================================================================
1 57 33 45 -10 20 0 0.00 M M 6.0 18 350 M M 0 8 23 20
2 67 32 50 -4 15 0 0.00 M M 9.9 22 210 M M 0 29 230
3 76 48 62 8 3 0 0.00 M M 12.4 22 200 M M 0 28 210
4 77 55 66 12 0 1 0.00 M M 14.8 25 210 M M 1 34 220
5 76 52 64 11 1 0 0.00 M M 7.9 18 210 M M 0 23 210
6 76 53 65 12 0 0 0.00 M M 7.9 15 180 M M 1 1 19 170
7 75 50 63 11 2 0 0.00 M M 9.7 20 190 M M 0 27 210
8 79 58 69 17 0 4 0.00 M M 11.4 25 170 M M 2 37 150
9 79 61 70 18 0 5 0.00 M M 11.0 29 190 M M 4 36 190
10 70 33 52 1 13 0 0.62 M M 13.5 29 270 M M 6 13 38 190
11 57 30 44 -7 21 0 0.00 M M 4.8 10 60 M M 0 18 60
12 68 32 50 0 15 0 T M M 8.1 21 350 M M 2 27 340
13 55 28 42 -8 23 0 0.00 M M 7.1 17 150 M M 2 1 25 150
14 71 52 62 13 3 0 0.97 M M 16.6 33 320 M M 8 138 53 290
15 57 38 48 -1 17 0 0.00 M M 12.2 25 290 M M 0 38 290
16 67 35 51 3 14 0 T M M 9.3 24 230 M M 0 32 220
17 66 33 50 2 15 0 0.00 M M 6.5 14 170 M M 0 18 170
18 70 47 59 12 6 0 0.00 M M 18.2 30 210 M M 0 40 200
19 74 57 66 19 0 1 0.00 M M 21.2 35 200 M M 0 45 200
20 70 54 62 16 3 0 0.07 M M 11.2 22 220 M M 6 1 30 220
21 55 44 50 4 15 0 1.02 M M 9.3 14 80 M M 10 13 21 80
22 49 36 43 -2 22 0 0.00 M M 7.1 16 360 M M 7 1 21 350
23 53 30 42 -3 23 0 0.00 M M 7.5 16 170 M M 5 1 24 160
24 57 50 54 10 11 0 0.75 M M 14.2 41 220 M M 10 13 63 200
25 55 32 44 0 21 0 0.03 M M 10.6 23 230 M M 8 1 33 250
26 63 31 47 3 18 0 0.00 M M 5.4 10 120 M M 0 1 M M
27 55 30 43 0 22 0 0.00 M M 6.9 20 20 M M 0 27 360
28 55 25 40 -3 25 0 0.00 M M 0.4 8 110 M M 1 18 12 110
29 50 32 41 -1 24 0 0.01 M M 10.6 26 350 M M 6 39 350
30 42 24 33 -9 32 0 0.00 M M 9.3 17 330 M M 0 25 350
================================================================================
SM 1921 1215 384 11 3.47 M 301.0 M 79
================================================================================
AV 64.0 40.5 10.0 FASTST M M 3 MAX(MPH)
MISC ----> 41 220 63 200
================================================================================
NOTES:
# LAST OF SEVERAL OCCURRENCES
COLUMN 17 PEAK WIND IN M.P.H.
PRELIMINARY LOCAL CLIMATOLOGICAL DATA (WS FORM: F-6) , PAGE 2
STATION: JOPLIN MO
MONTH: NOVEMBER
YEAR: 2020
LATITUDE: 37 10 N
LONGITUDE: 94 30 W
[TEMPERATURE DATA] [PRECIPITATION DATA] SYMBOLS USED IN COLUMN 16
AVERAGE MONTHLY: 52.3 TOTAL FOR MONTH: 3.47 1 = FOG OR MIST
DPTR FM NORMAL: 3.9 DPTR FM NORMAL: -0.31 2 = FOG REDUCING VISIBILITY
HIGHEST: 79 ON 9, 8 GRTST 24HR 1.04 ON 20-21 TO 1/4 MILE OR LESS
LOWEST: 24 ON 30 3 = THUNDER
SNOW, ICE PELLETS, HAIL 4 = ICE PELLETS
TOTAL MONTH: M 5 = HAIL
GRTST 24HR M ON M 6 = FREEZING RAIN OR DRIZZLE
GRTST DEPTH: M ON M 7 = DUSTSTORM OR SANDSTORM:
VSBY 1/2 MILE OR LESS
8 = SMOKE OR HAZE
[NO. OF DAYS WITH] [WEATHER - DAYS WITH] 9 = BLOWING SNOW
X = TORNADO
MAX 32 OR BELOW: 0 0.01 INCH OR MORE: 7
MAX 90 OR ABOVE: 0 0.10 INCH OR MORE: 4
MIN 32 OR BELOW: 11 0.50 INCH OR MORE: 4
MIN 0 OR BELOW: 0 1.00 INCH OR MORE: 1
[HDD (BASE 65) ]
TOTAL THIS MO. 384 CLEAR (SCALE 0-3) 20
DPTR FM NORMAL -121 PTCLDY (SCALE 4-7) 8
TOTAL FM JUL 1 700 CLOUDY (SCALE 8-10) 2
DPTR FM NORMAL -57
[CDD (BASE 65) ]
TOTAL THIS MO. 11
DPTR FM NORMAL 4 [PRESSURE DATA]
TOTAL FM JAN 1 1660 HIGHEST SLP M ON M
DPTR FM NORMAL -38 LOWEST SLP 29.49 ON 14
[REMARKS]
#FINAL-11-20#