000
CXUS53 KSGF 010800
CF6JLN
PRELIMINARY LOCAL CLIMATOLOGICAL DATA (WS FORM: F-6)
STATION: JOPLIN MO
MONTH: MARCH
YEAR: 2020
LATITUDE: 37 10 N
LONGITUDE: 94 30 W
TEMPERATURE IN F: :PCPN: SNOW: WIND :SUNSHINE: SKY :PK WND
================================================================================
1 2 3 4 5 6A 6B 7 8 9 10 11 12 13 14 15 16 17 18
12Z AVG MX 2MIN
DY MAX MIN AVG DEP HDD CDD WTR SNW DPTH SPD SPD DIR MIN PSBL S-S WX SPD DR
================================================================================
1 66 54 60 16 5 0 0.07 M M 14.6 28 190 M M 6 13 39 190
2 55 38 47 3 18 0 0.58 M M 6.3 16 20 M M 8 13 24 20
3 63 33 48 3 17 0 0.00 M M 4.7 12 280 M M 0 8 15 290
4 56 37 47 2 18 0 0.00 M M 4.6 13 30 M M 0 18 40
5 62 30 46 0 19 0 0.00 M M 9.2 25 320 M M 0 34 300
6 57 30 44 -2 21 0 0.00 M M 5.8 13 360 M M 0 17 20
7 68 38 53 7 12 0 0.00 M M 12.5 22 190 M M 0 29 180
8 69 46 58 12 7 0 T M M 18.3 30 210 M M 2 41 190
9 65 41 53 6 12 0 0.46 M M 17.7 31 180 M M 10 13 42 190
10 62 38 50 3 15 0 0.00 M M 6.0 15 310 M M 5 19 320
11 70 46 58 11 7 0 0.58 M M 6.3 28 30 M M 3 138 39 30
12 72 50 61 13 4 0 T M M 14.2 30 220 M M 2 8 41 220
13 50 42 46 -2 19 0 T M M 11.5 20 80 M M 6 28 80
14 46 37 42 -6 23 0 1.18 M M 9.7 23 110 M M 10 13 34 100
15 43 37 40 -9 25 0 0.01 M M 8.0 13 90 M M 10 1 22 40
16 49 40 45 -4 20 0 0.70 M M 5.5 15 130 M M 10 13 19 120
17 55 44 50 1 15 0 0.04 M M 7.7 13 110 M M 9 1 18 110
18 73 50 62 12 3 0 0.35 M M 12.1 21 200 M M 6 1 27 210
19 72 60 66 16 0 1 1.99 M M 16.7 30 190 M M 4 13 39 210
20 66 34 50 0 15 0 T M M 14.6 24 330 M M 5 1 34 210
21 50 29 40 -10 25 0 T M M 6.1 13 90 M M 1 19 90
22 53 42 48 -3 17 0 0.66 M M 6.1 20 120 M M 10 1 26 110
23 63 47 55 4 10 0 0.00 M M 5.5 15 110 M M 6 1 21 100
24 60 50 55 4 10 0 0.67 M M 8.3 18 360 M M 9 13 27 50
25 76 44 60 8 5 0 0.00 M M 10.0 20 190 M M 2 1 28 160
26 84 63 74 22 0 9 0.00 M M 11.5 22 180 M M 0 33 170
27 81 69 75 23 0 10 T M M 12.8 22 220 M M 3 3 30 220
28 73 50 62 9 3 0 0.09 M M 20.0 35 210 M M 2 138 46 210
29 70 45 58 5 7 0 0.00 M M 11.7 23 280 M M 0 31 280
30 68 43 56 3 9 0 0.41 M M 5.6 17 170 M M 4 1 26 90
31 66 48 57 3 8 0 0.25 M M 7.1 17 310 M M 6 1 25 320
================================================================================
SM 1963 1355 369 20 8.04 M 310.7 M 139
================================================================================
AV 63.3 43.7 10.0 FASTST M M 4 MAX(MPH)
MISC ----> # 35 210 # 46 210
================================================================================
NOTES:
# LAST OF SEVERAL OCCURRENCES
COLUMN 17 PEAK WIND IN M.P.H.
PRELIMINARY LOCAL CLIMATOLOGICAL DATA (WS FORM: F-6) , PAGE 2
STATION: JOPLIN MO
MONTH: MARCH
YEAR: 2020
LATITUDE: 37 10 N
LONGITUDE: 94 30 W
[TEMPERATURE DATA] [PRECIPITATION DATA] SYMBOLS USED IN COLUMN 16
AVERAGE MONTHLY: 53.5 TOTAL FOR MONTH: 8.04 1 = FOG OR MIST
DPTR FM NORMAL: 4.6 DPTR FM NORMAL: 4.62 2 = FOG REDUCING VISIBILITY
HIGHEST: 84 ON 26 GRTST 24HR 1.99 ON 19-19 TO 1/4 MILE OR LESS
LOWEST: 29 ON 21 3 = THUNDER
SNOW, ICE PELLETS, HAIL 4 = ICE PELLETS
TOTAL MONTH: M 5 = HAIL
GRTST 24HR M ON M 6 = FREEZING RAIN OR DRIZZLE
GRTST DEPTH: M ON M 7 = DUSTSTORM OR SANDSTORM:
VSBY 1/2 MILE OR LESS
8 = SMOKE OR HAZE
[NO. OF DAYS WITH] [WEATHER - DAYS WITH] 9 = BLOWING SNOW
X = TORNADO
MAX 32 OR BELOW: 0 0.01 INCH OR MORE: 15
MAX 90 OR ABOVE: 0 0.10 INCH OR MORE: 11
MIN 32 OR BELOW: 3 0.50 INCH OR MORE: 7
MIN 0 OR BELOW: 0 1.00 INCH OR MORE: 2
[HDD (BASE 65) ]
TOTAL THIS MO. 369 CLEAR (SCALE 0-3) 14
DPTR FM NORMAL -139 PTCLDY (SCALE 4-7) 10
TOTAL FM JUL 1 3546 CLOUDY (SCALE 8-10) 7
DPTR FM NORMAL -216
[CDD (BASE 65) ]
TOTAL THIS MO. 20
DPTR FM NORMAL 11 [PRESSURE DATA]
TOTAL FM JAN 1 20 HIGHEST SLP M ON M
DPTR FM NORMAL 10 LOWEST SLP 29.55 ON 28
[REMARKS]
#FINAL-03-20#