000
CXUS53 KBIS 022030
CF6JMS
PRELIMINARY LOCAL CLIMATOLOGICAL DATA (WS FORM: F-6)
STATION: JAMESTOWN ND
MONTH: AUGUST
YEAR: 2022
LATITUDE: 46 55 N
LONGITUDE: 98 40 W
TEMPERATURE IN F: :PCPN: SNOW: WIND :SUNSHINE: SKY :PK WND
================================================================================
1 2 3 4 5 6A 6B 7 8 9 10 11 12 13 14 15 16 17 18
12Z AVG MX 2MIN
DY MAX MIN AVG DEP HDD CDD WTR SNW DPTH SPD SPD DIR MIN PSBL S-S WX SPD DR
================================================================================
1 86 54 70 0 0 5 0.00 M M 7.1 15 110 M M 0 12 22 150
2 89 63 76 6 0 11 T M M 8.1 18 240 M M 0 30 240
3 76 58 67 -3 0 2 0.00 M M 11.2 25 330 M M 2 35 330
4 90 58 74 4 0 9 0.00 M M 14.2 28 180 M M 0 36 190
5 94 67 81 11 0 16 0.00 M M 12.8 22 180 M M 0 31 190
6 71 56 64 -5 1 0 T M M 9.7 22 350 M M 5 28 340
7 68 50 59 -10 6 0 0.04 M M 3.9 10 340 M M 8 14 350
8 86 47 67 -2 0 2 0.00 M M 8.6 17 170 M M 0 1 24 170
9 87 59 73 4 0 8 0.00 M M 8.4 14 340 M M 0 20 50
10 82 52 67 -2 0 2 0.00 M M 6.0 13 60 M M 0 17 70
11 76 58 67 -2 0 2 0.00 M M 10.9 21 130 M M 1 29 130
12 72 64 68 -1 0 3 T M M 8.9 21 130 M M 8 1 29 140
13 80 61 71 3 0 6 0.00 M M 5.8 12 90 M M 5 1 15 90
14 83 59 71 3 0 6 0.01 M M 8.1 20 140 M M 2 24 180
15 83 62 73 5 0 8 T M M 7.5 14 180 M M 2 3 M M
16 86 62 74 6 0 9 T M M 8.2 20 210 M M 1 3 25 210
17 89 61 75 7 0 10 0.02 M M 5.6 15 170 M M 1 3 20 190
18 82 62 72 5 0 7 0.63 M M 11.1 25 350 M M 5 3 40 340
19 80 61 71 4 0 6 0.04 M M 13.1 24 30 M M 6 3 34 30
20 82 58 70 3 0 5 0.00 M M 5.4 10 40 M M 0 1 16 90
21 85 56 71 4 0 6 0.00 M M 7.3 15 150 M M 3 22 140
22 86 56 71 4 0 6 0.00 M M 6.9 16 130 M M 1 20 130
23 84 57 71 5 0 6 T M M 7.2 20 30 M M 1 1 27 30
24 76 57 67 1 0 2 0.00 M M 7.2 14 60 M M 6 21 60
25 76 51 64 -2 1 0 0.00 M M 4.8 12 10 M M 0 1 17 340
26 73 47 60 -6 5 0 0.21 M M 4.4 16 200 M M 4 1 21 200
27 87 56 72 7 0 7 T M M 9.0 20 180 M M 5 12 29 170
28 79 63 71 6 0 6 0.17 M M 10.4 31 190 M M 2 3 66 260
29 77 57 67 2 0 2 0.00 M M 17.8 32 320 M M 0 47 300
30 87 53 70 6 0 5 0.00 M M 7.0 20 300 M M 0 26 300
31 88 53 71 7 0 6 0.00 M M 4.6 13 10 M M 0 8 17 30
================================================================================
SM 2540 1778 13 163 1.12 M 261.2 M 68
================================================================================
AV 81.9 57.4 8.4 FASTST M M 2 MAX(MPH)
MISC ----> 32 320 66 260
================================================================================
NOTES:
# LAST OF SEVERAL OCCURRENCES
COLUMN 17 PEAK WIND IN M.P.H.
PRELIMINARY LOCAL CLIMATOLOGICAL DATA (WS FORM: F-6) , PAGE 2
STATION: JAMESTOWN ND
MONTH: AUGUST
YEAR: 2022
LATITUDE: 46 55 N
LONGITUDE: 98 40 W
[TEMPERATURE DATA] [PRECIPITATION DATA] SYMBOLS USED IN COLUMN 16
AVERAGE MONTHLY: 69.6 TOTAL FOR MONTH: 1.12 1 = FOG OR MIST
DPTR FM NORMAL: 2.1 DPTR FM NORMAL: -1.30 2 = FOG REDUCING VISIBILITY
HIGHEST: 94 ON 5 GRTST 24HR 0.65 ON 17-18 TO 1/4 MILE OR LESS
LOWEST: 47 ON 26, 8 3 = THUNDER
SNOW, ICE PELLETS, HAIL 4 = ICE PELLETS
TOTAL MONTH: M 5 = HAIL
GRTST 24HR M ON M 6 = FREEZING RAIN OR DRIZZLE
GRTST DEPTH: M ON M 7 = DUSTSTORM OR SANDSTORM:
VSBY 1/2 MILE OR LESS
8 = SMOKE OR HAZE
[NO. OF DAYS WITH] [WEATHER - DAYS WITH] 9 = BLOWING SNOW
X = TORNADO
MAX 32 OR BELOW: 0 0.01 INCH OR MORE: 7
MAX 90 OR ABOVE: 2 0.10 INCH OR MORE: 3
MIN 32 OR BELOW: 0 0.50 INCH OR MORE: 1
MIN 0 OR BELOW: 0 1.00 INCH OR MORE: 0
[HDD (BASE 65) ]
TOTAL THIS MO. 13 CLEAR (SCALE 0-3) 22
DPTR FM NORMAL -31 PTCLDY (SCALE 4-7) 7
TOTAL FM JUL 1 13 CLOUDY (SCALE 8-10) 2
DPTR FM NORMAL -51
[CDD (BASE 65) ]
TOTAL THIS MO. 163
DPTR FM NORMAL 40 [PRESSURE DATA]
TOTAL FM JAN 1 533 HIGHEST SLP 30.26 ON 10
DPTR FM NORMAL 147 LOWEST SLP 29.42 ON 28
[REMARKS]
#FINAL-08-22#