000
CXUS51 KCTP 011211
CF6JST
PRELIMINARY LOCAL CLIMATOLOGICAL DATA (WS FORM: F-6)
STATION: JOHNSTOWN
MONTH: DECEMBER
YEAR: 2021
LATITUDE: 40 18 N
LONGITUDE: 78 50 W
TEMPERATURE IN F: :PCPN: SNOW: WIND :SUNSHINE: SKY :PK WND
================================================================================
1 2 3 4 5 6A 6B 7 8 9 10 11 12 13 14 15 16 17 18
12Z AVG MX 2MIN
DY MAX MIN AVG DEP HDD CDD WTR SNW DPTH SPD SPD DIR MIN PSBL S-S WX SPD DR
================================================================================
1 45 31 38 3 27 0 0.09 M M 9.7 24 300 M M 7 1 30 290
2 54 38 46 11 19 0 0.12 M M 17.9 30 320 M M 9 1 42 240
3 39 34 37 3 28 0 T M M 10.2 21 300 M M 9 28 330
4 45 32 39 5 26 0 0.00 M M 10.1 24 290 M M 3 33 300
5 44 29 37 3 28 0 0.00 M M 9.7 23 170 M M 4 33 170
6 58 26 42 8 23 0 0.22 M M 16.3 31 270 M M 9 18 43 280
7 28 21 25 -8 40 0 0.00 M M 7.3 26 280 M M 5 34 290
8 30 24 27 -6 38 0 0.01 M M 9.2 24 290 M M 10 1 31 290
9 33 21 27 -6 38 0 0.00 M M 7.0 15 180 M M 3 18 24 150
10 55 33 44 12 21 0 T M M 6.4 13 160 M M 7 17 190
11 62 33 48 16 17 0 0.29 M M 16.3 37 270 M M 10 13 48 270
12 39 27 33 1 32 0 0.00 M M 12.8 28 290 M M 3 36 280
13 47 30 39 7 26 0 0.00 M M 10.1 17 260 M M 0 23 270
14 52 33 43 11 22 0 0.00 M M 6.8 17 300 M M 0 22 300
15 49 35 42 11 23 0 T M M 10.8 21 180 M M 5 27 160
16 64 46 55 24 10 0 T M M 13.9 26 270 M M 5 39 220
17 54 35 45 14 20 0 0.02 M M 10.3 28 290 M M 2 37 280
18 55 33 44 13 21 0 0.73 M M 10.1 25 310 M M 10 12 31 310
19 36 20 28 -2 37 0 0.04 M M 12.4 23 300 M M 10 1 29 300
20 39 19 29 -1 36 0 0.00 M M 4.9 10 230 M M 1 13 210
21 39 27 33 3 32 0 0.00 M M 8.1 15 160 M M 0 19 160
22 34 21 28 -2 37 0 0.00 M M 16.3 30 290 M M 6 40 300
23 39 20 30 0 35 0 0.04 M M 8.1 16 280 M M 9 23 270
24 53 39 46 17 19 0 T M M 9.7 20 250 M M 7 28 270
25 55 45 50 21 15 0 0.85 M M 12.8 25 250 M M 10 1 37 260
26 45 30 38 9 27 0 0.00 M M 10.3 20 290 M M 4 26 270
27 48 27 38 9 27 0 1.01 M M 9.2 18 300 M M 8 136 24 230
28 48 34 41 13 24 0 0.32 M M 9.5 31 330 M M 7 1 40 320
29 47 34 41 13 24 0 0.34 M M 7.7 20 270 M M 9 12 25 270
30 51 44 48 20 17 0 T M M 5.5 12 270 M M 10 16 260
31 54 44 49 21 16 0 T M M 7.3 17 250 M M 8 23 240
================================================================================
SM 1441 965 805 0 4.08 M 316.7 M 190
================================================================================
AV 46.5 31.1 10.2 FASTST M M 6 MAX(MPH)
MISC ----> 37 270 48 270
================================================================================
NOTES:
# LAST OF SEVERAL OCCURRENCES
COLUMN 17 PEAK WIND IN M.P.H.
PRELIMINARY LOCAL CLIMATOLOGICAL DATA (WS FORM: F-6) , PAGE 2
STATION: JOHNSTOWN
MONTH: DECEMBER
YEAR: 2021
LATITUDE: 40 18 N
LONGITUDE: 78 50 W
[TEMPERATURE DATA] [PRECIPITATION DATA] SYMBOLS USED IN COLUMN 16
AVERAGE MONTHLY: 38.8 TOTAL FOR MONTH: 4.08 1 = FOG OR MIST
DPTR FM NORMAL: 7.6 DPTR FM NORMAL: 1.40 2 = FOG REDUCING VISIBILITY
HIGHEST: 64 ON 16 GRTST 24HR 1.01 ON 27-27 TO 1/4 MILE OR LESS
LOWEST: 19 ON 20 3 = THUNDER
SNOW, ICE PELLETS, HAIL 4 = ICE PELLETS
TOTAL MONTH: M 5 = HAIL
GRTST 24HR M ON M 6 = FREEZING RAIN OR DRIZZLE
GRTST DEPTH: M ON M 7 = DUSTSTORM OR SANDSTORM:
VSBY 1/2 MILE OR LESS
8 = SMOKE OR HAZE
[NO. OF DAYS WITH] [WEATHER - DAYS WITH] 9 = BLOWING SNOW
X = TORNADO
MAX 32 OR BELOW: 2 0.01 INCH OR MORE: 13
MAX 90 OR ABOVE: 0 0.10 INCH OR MORE: 8
MIN 32 OR BELOW: 16 0.50 INCH OR MORE: 3
MIN 0 OR BELOW: 0 1.00 INCH OR MORE: 1
[HDD (BASE 65) ]
TOTAL THIS MO. 805 CLEAR (SCALE 0-3) 8
DPTR FM NORMAL -243 PTCLDY (SCALE 4-7) 11
TOTAL FM JUL 1 1963 CLOUDY (SCALE 8-10) 12
DPTR FM NORMAL -455
[CDD (BASE 65) ]
TOTAL THIS MO. 0
DPTR FM NORMAL 0 [PRESSURE DATA]
TOTAL FM JAN 1 638 HIGHEST SLP 30.54 ON 15
DPTR FM NORMAL 158 LOWEST SLP 29.46 ON 11
[REMARKS]
#FINAL-12-21#