000
CXUS51 KCTP 011328
CF6JST
PRELIMINARY LOCAL CLIMATOLOGICAL DATA (WS FORM: F-6)
STATION: JOHNSTOWN
MONTH: DECEMBER
YEAR: 2023
LATITUDE: 40 18 N
LONGITUDE: 78 50 W
TEMPERATURE IN F: :PCPN: SNOW: WIND :SUNSHINE: SKY :PK WND
================================================================================
1 2 3 4 5 6A 6B 7 8 9 10 11 12 13 14 15 16 17 18
12Z AVG MX 2MIN
DY MAX MIN AVG DEP HDD CDD WTR SNW DPTH SPD SPD DIR MIN PSBL S-S WX SPD DR
================================================================================
1 49 39 44 9 21 0 0.28 M M 8.2 20 160 M M 9 1 26 170
2 54 49 52 17 13 0 0.02 M M 9.9 20 270 M M 8 1 30 270
3 54 41 48 14 17 0 0.16 M M 10.0 29 250 M M 9 12 49 280
4 41 34 38 4 27 0 0.00 M M 12.5 24 270 M M 10 36 260
5 34 29 32 -2 33 0 0.01 M M 5.6 17 290 M M 10 1 26 300
6 32 28 30 -4 35 0 T M M 11.9 23 300 M M 10 1 32 300
7 40 27 34 1 31 0 T M M 11.5 24 260 M M 9 1 37 260
8 58 39 49 16 16 0 0.00 M M 8.5 17 210 M M 1 24 210
9 58 38 48 15 17 0 T M M 9.2 16 170 M M 6 24 160
10 54 30 42 10 23 0 0.43 M M 11.1 20 310 M M 9 12 29 340
11 31 27 29 -3 36 0 0.05 M M 14.2 25 300 M M 10 126 37 310
12 40 24 32 0 33 0 0.00 M M 13.8 25 270 M M 3 37 270
13 37 26 32 0 33 0 0.00 M M 13.5 24 300 M M 1 33 290
14 38 23 31 -1 34 0 0.00 M M 10.1 17 280 M M 0 24 260
15 47 32 40 9 25 0 0.00 M M 9.0 16 280 M M 0 23 270
16 49 33 41 10 24 0 0.00 M M 7.7 18 150 M M 0 28 150
17 44 36 40 9 25 0 0.24 M M 8.6 18 140 M M 7 12 32 160
18 44 27 36 5 29 0 0.20 M M 16.0 29 300 M M 10 12 43 270
19 27 21 24 -6 41 0 0.03 M M 16.7 29 300 M M 9 1 42 290
20 36 17 27 -3 38 0 0.00 M M 5.3 16 270 M M 1 21 260
21 35 30 33 3 32 0 0.00 M M 1.5 8 230 M M 8 10 230
22 43 33 38 8 27 0 0.00 M M 3.5 10 170 M M 10 15 160
23 45 34 40 10 25 0 0.04 M M 6.9 14 250 M M 10 16 160
24 52 42 47 18 18 0 0.02 M M 5.1 10 240 M M 8 1 15 220
25 50 39 45 16 20 0 T M M 8.0 15 160 M M 5 1 24 170
26 46 42 44 15 21 0 0.15 M M 9.1 16 170 M M 10 12 24 170
27 47 44 46 17 19 0 0.67 M M 5.2 13 150 M M 10 12 21 160
28 48 38 43 15 22 0 0.02 M M 6.5 15 300 M M 10 12 21 260
29 39 31 35 7 30 0 T M M 9.8 17 260 M M 8 1 23 280
30 33 30 32 4 33 0 0.01 M M 12.7 20 290 M M 10 126 30 260
31 33 30 32 4 33 0 0.13 M M 8.5 20 280 M M 10 1 28 280
================================================================================
SM 1338 1013 831 0 2.46 M 290.1 M 221
================================================================================
AV 43.2 32.7 9.4 FASTST M M 7 MAX(MPH)
MISC ----> # 29 250 49 280
================================================================================
NOTES:
# LAST OF SEVERAL OCCURRENCES
COLUMN 17 PEAK WIND IN M.P.H.
PRELIMINARY LOCAL CLIMATOLOGICAL DATA (WS FORM: F-6) , PAGE 2
STATION: JOHNSTOWN
MONTH: DECEMBER
YEAR: 2023
LATITUDE: 40 18 N
LONGITUDE: 78 50 W
[TEMPERATURE DATA] [PRECIPITATION DATA] SYMBOLS USED IN COLUMN 16
AVERAGE MONTHLY: 37.9 TOTAL FOR MONTH: 2.46 1 = FOG OR MIST
DPTR FM NORMAL: 6.7 DPTR FM NORMAL: -0.22 2 = FOG REDUCING VISIBILITY
HIGHEST: 58 ON 9, 8 GRTST 24HR 0.71 ON 26-27 TO 1/4 MILE OR LESS
LOWEST: 17 ON 20 3 = THUNDER
SNOW, ICE PELLETS, HAIL 4 = ICE PELLETS
TOTAL MONTH: M 5 = HAIL
GRTST 24HR M ON M 6 = FREEZING RAIN OR DRIZZLE
GRTST DEPTH: M ON M 7 = DUSTSTORM OR SANDSTORM:
VSBY 1/2 MILE OR LESS
8 = SMOKE OR HAZE
[NO. OF DAYS WITH] [WEATHER - DAYS WITH] 9 = BLOWING SNOW
X = TORNADO
MAX 32 OR BELOW: 3 0.01 INCH OR MORE: 16
MAX 90 OR ABOVE: 0 0.10 INCH OR MORE: 8
MIN 32 OR BELOW: 16 0.50 INCH OR MORE: 1
MIN 0 OR BELOW: 0 1.00 INCH OR MORE: 0
[HDD (BASE 65) ]
TOTAL THIS MO. 831 CLEAR (SCALE 0-3) 7
DPTR FM NORMAL -217 PTCLDY (SCALE 4-7) 5
TOTAL FM JUL 1 2074 CLOUDY (SCALE 8-10) 19
DPTR FM NORMAL -344
[CDD (BASE 65) ]
TOTAL THIS MO. 0
DPTR FM NORMAL 0 [PRESSURE DATA]
TOTAL FM JAN 1 450 HIGHEST SLP 30.71 ON 14
DPTR FM NORMAL -30 LOWEST SLP 29.40 ON 18
[REMARKS]
#FINAL-12-23#
CORRECTION...PREVIOUS ISSUANCES HELD INCORRECT INFORMATION
#FINAL-12-23#