000
CXUS53 KGRR 011010
CF6JXN
PRELIMINARY LOCAL CLIMATOLOGICAL DATA (WS FORM: F-6)
STATION: JACKSON
MONTH: JANUARY
YEAR: 2021
LATITUDE: 42 16 N
LONGITUDE: 84 28 W
TEMPERATURE IN F: :PCPN: SNOW: WIND :SUNSHINE: SKY :PK WND
================================================================================
1 2 3 4 5 6A 6B 7 8 9 10 11 12 13 14 15 16 17 18
12Z AVG MX 2MIN
DY MAX MIN AVG DEP HDD CDD WTR SNW DPTH SPD SPD DIR MIN PSBL S-S WX SPD DR
================================================================================
1 33 15 24 0 41 0 0.34 M M 8.1 18 40 M M 7 168 28 60
2 32 31 32 8 33 0 0.02 M M 4.9 12 80 M M 10 16 17 320
3 34 31 33 9 32 0 0.18 M M 4.5 9 270 M M 10 1 13 260
4 32 29 31 7 34 0 0.00 M M 5.7 12 210 M M 10 1 15 190
5 34 30 32 8 33 0 0.01 M M 4.7 10 290 M M 10 18 16 270
6 37 32 35 11 30 0 0.00 M M 3.7 9 330 M M 10 13 300
7 36 28 32 8 33 0 0.00 M M 6.5 14 30 M M 10 18 30
8 31 23 27 3 38 0 0.00 M M 7.9 16 20 M M 9 22 20
9 37 16 27 3 38 0 0.00 M M 3.2 14 30 M M 2 17 20
10 34 16 25 1 40 0 0.00 M M 2.7 12 200 M M 3 18 14 220
11 29 23 26 2 39 0 0.00 M M 9.9 20 210 M M 10 18 25 230
12 33 26 30 6 35 0 0.00 M M 9.7 16 200 M M 10 18 23 220
13 43 30 37 14 28 0 0.02 M M 11.1 20 220 M M 3 18 25 220
14 43 30 37 14 28 0 T M M 7.1 13 110 M M 5 1 19 100
15 39 25 32 9 33 0 0.29 M M 4.2 12 210 M M 7 18 17 120
16 33 26 30 7 35 0 T M M 6.8 13 210 M M 9 18 17 240
17 34 30 32 9 33 0 0.03 M M 7.1 12 240 M M 10 1 17 230
18 32 27 30 7 35 0 0.01 M M 9.1 17 220 M M 10 18 22 220
19 30 25 28 5 37 0 0.04 M M 10.9 20 230 M M 10 1 26 220
20 28 21 25 2 40 0 T M M 10.6 21 200 M M 7 18 29 180
21 40 28 34 11 31 0 0.00 M M 14.5 25 240 M M 3 39 220
22 34 17 26 3 39 0 T M M 10.8 17 290 M M 10 28 260
23 29 11 20 -3 45 0 0.00 M M 3.8 13 300 M M 2 20 300
24 28 21 25 2 40 0 0.01 M M 5.8 14 100 M M 10 8 23 110
25 32 16 24 1 41 0 0.00 M M 5.4 13 40 M M 8 1 22 40
26 31 24 28 4 37 0 0.12 M M 9.9 18 40 M M 10 168 26 330
27 27 14 21 -3 44 0 T M M 6.5 15 330 M M 6 21 350
28 24 15 20 -4 45 0 T M M 6.7 14 270 M M 10 20 330
29 27 6 17 -7 48 0 0.00 M M 3.2 8 310 M M 1 13 290
30 29 11 20 -4 45 0 0.00 M M 9.3 21 70 M M 7 29 70
31 30 26 28 4 37 0 0.08 M M 12.8 21 40 M M 10 18 31 20
================================================================================
SM 1015 703 1147 0 1.15 M 227.1 M 239
================================================================================
AV 32.7 22.7 7.3 FASTST M M 8 MAX(MPH)
MISC ----> 25 240 39 220
================================================================================
NOTES:
# LAST OF SEVERAL OCCURRENCES
COLUMN 17 PEAK WIND IN M.P.H.
PRELIMINARY LOCAL CLIMATOLOGICAL DATA (WS FORM: F-6) , PAGE 2
STATION: JACKSON
MONTH: JANUARY
YEAR: 2021
LATITUDE: 42 16 N
LONGITUDE: 84 28 W
[TEMPERATURE DATA] [PRECIPITATION DATA] SYMBOLS USED IN COLUMN 16
AVERAGE MONTHLY: 27.7 TOTAL FOR MONTH: 1.15 1 = FOG OR MIST
DPTR FM NORMAL: 4.1 DPTR FM NORMAL: -0.34 2 = FOG REDUCING VISIBILITY
HIGHEST: 43 ON 14,13 GRTST 24HR 0.34 ON 1- 1 TO 1/4 MILE OR LESS
LOWEST: 6 ON 29 3 = THUNDER
SNOW, ICE PELLETS, HAIL 4 = ICE PELLETS
TOTAL MONTH: M 5 = HAIL
GRTST 24HR M ON M 6 = FREEZING RAIN OR DRIZZLE
GRTST DEPTH: M ON M 7 = DUSTSTORM OR SANDSTORM:
VSBY 1/2 MILE OR LESS
8 = SMOKE OR HAZE
[NO. OF DAYS WITH] [WEATHER - DAYS WITH] 9 = BLOWING SNOW
X = TORNADO
MAX 32 OR BELOW: 16 0.01 INCH OR MORE: 12
MAX 90 OR ABOVE: 0 0.10 INCH OR MORE: 4
MIN 32 OR BELOW: 31 0.50 INCH OR MORE: 0
MIN 0 OR BELOW: 0 1.00 INCH OR MORE: 0
[HDD (BASE 65) ]
TOTAL THIS MO. 1147 CLEAR (SCALE 0-3) 5
DPTR FM NORMAL -136 PTCLDY (SCALE 4-7) 8
TOTAL FM JUL 1 3451 CLOUDY (SCALE 8-10) 18
DPTR FM NORMAL -383
[CDD (BASE 65) ]
TOTAL THIS MO. 0
DPTR FM NORMAL 0 [PRESSURE DATA]
TOTAL FM JAN 1 0 HIGHEST SLP 30.61 ON 28
DPTR FM NORMAL 0 LOWEST SLP 29.49 ON 15
[REMARKS]
#FINAL-01-21#