000
CXHW53 PHFO 011250
CF6KOA
PRELIMINARY LOCAL CLIMATOLOGICAL DATA (WS FORM: F-6)
STATION: KONA HI
MONTH: SEPTEMBER
YEAR: 2022
LATITUDE: 19 38 N
LONGITUDE: 156 0 W
TEMPERATURE IN F: :PCPN: SNOW: WIND :SUNSHINE: SKY :PK WND
================================================================================
1 2 3 4 5 6A 6B 7 8 9 10 11 12 13 14 15 16 17 18
12Z AVG MX 2MIN
DY MAX MIN AVG DEP HDD CDD WTR SNW DPTH SPD SPD DIR MIN PSBL S-S WX SPD DR
================================================================================
1 85 74 80 -1 0 15 0.00 M M 8.5 22 30 M M 5 27 40
2 85 72 79 -2 0 14 0.00 M M 7.7 15 50 M M 2 17 50
3 87 72 80 -1 0 15 0.00 M M 6.9 12 230 M M 2 14 230
4 87 75 81 0 0 16 T M M 7.8 18 180 M M 3 22 170
5 85 74 80 -1 0 15 T M M 8.0 16 110 M M 5 20 190
6 85 73 79 -2 0 14 0.00 M M 6.9 13 230 M M 5 15 220
7 85 73 79 -2 0 14 0.00 M M 7.1 14 150 M M 1 18 100
8 88 73 81 0 0 16 0.00 M M 9.1 22 70 M M 4 27 60
9 86 73 80 -1 0 15 T M M 8.0 15 200 M M 4 20 200
10 86 72 79 -2 0 14 0.00 M M 7.5 15 210 M M 2 20 180
11 86 75 81 0 0 16 0.01 M M 9.7 21 180 M M 6 1 24 180
12 85 71 78 -3 0 13 T M M 8.5 16 170 M M 5 21 170
13 86 73 80 -1 0 15 0.00 M M 7.5 15 180 M M 3 20 180
14 85 73 79 -2 0 14 0.00 M M 7.5 17 60 M M 1 22 50
15 86 56 71 -10 0 6 0.00 M M 6.9 15 230 M M 3 18 230
16 88 53 71 -10 0 6 0.01 M M 9.2 17 230 M M 6 1 21 230
17 85 76 81 0 0 16 0.28 M M 5.8 14 220 M M 7 1 17 230
18 88 76 82 1 0 17 T M M 7.1 21 50 M M 3 27 50
19 88 76 82 1 0 17 T M M 7.2 23 70 M M 5 28 70
20 87 74 81 0 0 16 0.00 M M 10.5 16 100 M M 3 19 60
21 88 75 82 1 0 17 T M M 8.6 15 200 M M 3 20 190
22 87 78 83 2 0 18 0.00 M M 6.9 14 220 M M 7 18 200
23 86 77 82 1 0 17 0.07 M M 7.9 14 190 M M 6 1 17 200
24 88 77 83 2 0 18 0.01 M M 7.6 14 190 M M 3 16 330
25 87 74 81 0 0 16 0.05 M M 9.4 22 270 M M 6 1 26 260
26 87 74 81 0 0 16 0.00 M M 8.1 15 250 M M 4 19 250
27 86 73 80 -1 0 15 0.00 M M 6.8 13 50 M M 3 16 40
28 87 74 81 0 0 16 0.00 M M 7.6 16 180 M M 5 20 180
29 87 73 80 -1 0 15 0.00 M M 7.2 14 200 M M 3 19 200
30 88 76 82 1 0 17 0.00 M M 8.2 26 60 M M 3 32 60
================================================================================
SM 2594 2185 0 449 0.43 M 235.7 M 118
================================================================================
AV 86.5 72.8 7.9 FASTST M M 4 MAX(MPH)
MISC ----> 26 60 32 60
================================================================================
NOTES:
# LAST OF SEVERAL OCCURRENCES
COLUMN 17 PEAK WIND IN M.P.H.
PRELIMINARY LOCAL CLIMATOLOGICAL DATA (WS FORM: F-6) , PAGE 2
STATION: KONA HI
MONTH: SEPTEMBER
YEAR: 2022
LATITUDE: 19 38 N
LONGITUDE: 156 0 W
[TEMPERATURE DATA] [PRECIPITATION DATA] SYMBOLS USED IN COLUMN 16
AVERAGE MONTHLY: 79.7 TOTAL FOR MONTH: 0.43 1 = FOG OR MIST
DPTR FM NORMAL: -1.3 DPTR FM NORMAL: -0.11 2 = FOG REDUCING VISIBILITY
HIGHEST: 88 ON 30,24 GRTST 24HR 0.28 ON 17-17 TO 1/4 MILE OR LESS
LOWEST: 53 ON 16 3 = THUNDER
SNOW, ICE PELLETS, HAIL 4 = ICE PELLETS
TOTAL MONTH: M 5 = HAIL
GRTST 24HR M ON M 6 = FREEZING RAIN OR DRIZZLE
GRTST DEPTH: M ON M 7 = DUSTSTORM OR SANDSTORM:
VSBY 1/2 MILE OR LESS
8 = SMOKE OR HAZE
[NO. OF DAYS WITH] [WEATHER - DAYS WITH] 9 = BLOWING SNOW
X = TORNADO
MAX 32 OR BELOW: 0 0.01 INCH OR MORE: 6
MAX 90 OR ABOVE: 0 0.10 INCH OR MORE: 1
MIN 32 OR BELOW: 0 0.50 INCH OR MORE: 0
MIN 0 OR BELOW: 0 1.00 INCH OR MORE: 0
[HDD (BASE 65) ]
TOTAL THIS MO. 0 CLEAR (SCALE 0-3) 11
DPTR FM NORMAL 0 PTCLDY (SCALE 4-7) 19
TOTAL FM JUL 1 0 CLOUDY (SCALE 8-10) 0
DPTR FM NORMAL 0
[CDD (BASE 65) ]
TOTAL THIS MO. 449
DPTR FM NORMAL -31 [PRESSURE DATA]
TOTAL FM JAN 1 3755 HIGHEST SLP 30.07 ON 12
DPTR FM NORMAL 140 LOWEST SLP 29.83 ON 9
[REMARKS]
#FINAL-09-22#