000
CXHW53 PHFO 011250
CF6KOA
PRELIMINARY LOCAL CLIMATOLOGICAL DATA (WS FORM: F-6)
STATION: KONA HI
MONTH: MAY
YEAR: 2022
LATITUDE: 19 38 N
LONGITUDE: 156 0 W
TEMPERATURE IN F: :PCPN: SNOW: WIND :SUNSHINE: SKY :PK WND
================================================================================
1 2 3 4 5 6A 6B 7 8 9 10 11 12 13 14 15 16 17 18
12Z AVG MX 2MIN
DY MAX MIN AVG DEP HDD CDD WTR SNW DPTH SPD SPD DIR MIN PSBL S-S WX SPD DR
================================================================================
1 87 73 80 2 0 15 0.42 M M 9.2 21 180 M M 6 1 25 180
2 83 73 78 0 0 13 T M M 8.2 20 150 M M 6 22 160
3 85 74 80 2 0 15 0.07 M M 8.1 20 160 M M 6 1 24 360
4 83 73 78 0 0 13 0.07 M M 7.7 15 110 M M 7 18 110
5 81 72 77 -1 0 12 0.08 M M 7.4 21 180 M M 5 1 24 180
6 84 73 79 1 0 14 0.01 M M 9.9 26 20 M M 5 31 10
7 83 73 78 0 0 13 0.00 M M 7.6 18 170 M M 5 1 22 170
8 83 74 79 1 0 14 T M M 5.9 13 140 M M 7 14 240
9 82 72 77 -1 0 12 0.00 M M 6.9 12 230 M M 7 16 210
10 83 72 78 0 0 13 0.00 M M 7.0 15 260 M M 3 16 250
11 86 71 79 1 0 14 0.00 M M 6.7 16 210 M M 4 19 200
12 85 73 79 1 0 14 0.01 M M 7.1 12 210 M M 6 M M
13 83 71 77 -1 0 12 0.06 M M 8.3 15 200 M M 5 17 210
14 85 72 79 1 0 14 0.00 M M 8.2 16 210 M M 5 20 210
15 85 74 80 2 0 15 0.00 M M 7.0 15 270 M M 3 18 280
16 84 74 79 1 0 14 0.00 M M 8.6 14 330 M M 6 17 320
17 85 75 80 2 0 15 0.00 M M 9.2 16 330 M M 4 21 320
18 86 72 79 1 0 14 0.00 M M 9.7 20 360 M M 4 25 10
19 87 76 82 4 0 17 0.02 M M 13.1 32 10 M M 5 39 10
20 87 77 82 4 0 17 0.00 M M 12.0 18 310 M M 7 22 320
21 85 76 81 2 0 16 0.00 M M 7.9 16 200 M M 6 19 180
22 85 73 79 0 0 14 0.00 M M 8.0 17 20 M M 4 23 10
23 83 73 78 -1 0 13 T M M 8.2 17 160 M M 5 20 170
24 85 73 79 0 0 14 0.02 M M 9.8 20 180 M M 3 22 180
25 86 71 79 0 0 14 0.00 M M 8.0 15 180 M M 2 20 180
26 84 73 79 0 0 14 0.00 M M 8.1 14 210 M M 5 17 210
27 83 71 77 -2 0 12 0.00 M M 6.4 13 240 M M 5 16 200
28 85 73 79 0 0 14 T M M 8.1 16 190 M M 5 20 180
29 85 75 80 1 0 15 0.05 M M 8.3 16 190 M M 6 20 170
30 84 71 78 -1 0 13 T M M 8.7 16 150 M M 4 21 110
31 86 73 80 1 0 15 T M M 6.9 15 200 M M 5 19 210
================================================================================
SM 2618 2266 0 434 0.81 M 256.2 M 156
================================================================================
AV 84.5 73.1 8.3 FASTST M M 5 MAX(MPH)
MISC ----> 32 10 39 10
================================================================================
NOTES:
# LAST OF SEVERAL OCCURRENCES
COLUMN 17 PEAK WIND IN M.P.H.
PRELIMINARY LOCAL CLIMATOLOGICAL DATA (WS FORM: F-6) , PAGE 2
STATION: KONA HI
MONTH: MAY
YEAR: 2022
LATITUDE: 19 38 N
LONGITUDE: 156 0 W
[TEMPERATURE DATA] [PRECIPITATION DATA] SYMBOLS USED IN COLUMN 16
AVERAGE MONTHLY: 78.8 TOTAL FOR MONTH: 0.81 1 = FOG OR MIST
DPTR FM NORMAL: 0.5 DPTR FM NORMAL: 0.17 2 = FOG REDUCING VISIBILITY
HIGHEST: 87 ON 20,19 GRTST 24HR 0.42 ON 1- 1 TO 1/4 MILE OR LESS
LOWEST: 71 ON 30,27 3 = THUNDER
SNOW, ICE PELLETS, HAIL 4 = ICE PELLETS
TOTAL MONTH: M 5 = HAIL
GRTST 24HR M ON M 6 = FREEZING RAIN OR DRIZZLE
GRTST DEPTH: M ON M 7 = DUSTSTORM OR SANDSTORM:
VSBY 1/2 MILE OR LESS
8 = SMOKE OR HAZE
[NO. OF DAYS WITH] [WEATHER - DAYS WITH] 9 = BLOWING SNOW
X = TORNADO
MAX 32 OR BELOW: 0 0.01 INCH OR MORE: 10
MAX 90 OR ABOVE: 0 0.10 INCH OR MORE: 1
MIN 32 OR BELOW: 0 0.50 INCH OR MORE: 0
MIN 0 OR BELOW: 0 1.00 INCH OR MORE: 0
[HDD (BASE 65) ]
TOTAL THIS MO. 0 CLEAR (SCALE 0-3) 2
DPTR FM NORMAL 0 PTCLDY (SCALE 4-7) 29
TOTAL FM JUL 1 0 CLOUDY (SCALE 8-10) 0
DPTR FM NORMAL 0
[CDD (BASE 65) ]
TOTAL THIS MO. 434
DPTR FM NORMAL 22 [PRESSURE DATA]
TOTAL FM JAN 1 1934 HIGHEST SLP 30.12 ON 23
DPTR FM NORMAL 229 LOWEST SLP 29.90 ON 25
[REMARKS]
#FINAL-05-22#