000
CXUS53 KIND 010700
CF6LAF
PRELIMINARY LOCAL CLIMATOLOGICAL DATA (WS FORM: F-6)
STATION: LAFAYETTE IN
MONTH: NOVEMBER
YEAR: 2021
LATITUDE: 40 25 N
LONGITUDE: 86 56 W
TEMPERATURE IN F: :PCPN: SNOW: WIND :SUNSHINE: SKY :PK WND
================================================================================
1 2 3 4 5 6A 6B 7 8 9 10 11 12 13 14 15 16 17 18
12Z AVG MX 2MIN
DY MAX MIN AVG DEP HDD CDD WTR SNW DPTH SPD SPD DIR MIN PSBL S-S WX SPD DR
================================================================================
1 48 30 39 -8 26 0 0.00 M M 5.5 14 290 M M 3 1 21 290
2 48 29 39 -8 26 0 0.00 M M 5.8 20 260 M M 3 1 25 260
3 48 24 36 -10 29 0 0.00 M M 1.6 10 10 M M 1 1 15 350
4 48 26 37 -9 28 0 0.00 M M 1.3 9 280 M M 2 1 12 310
5 51 27 39 -7 26 0 0.00 M M 2.3 12 120 M M 0 1 16 130
6 57 27 42 -3 23 0 0.00 M M 3.0 13 260 M M 0 1 17 240
7 64 32 48 3 17 0 0.00 M M 3.6 13 230 M M 0 19 230
8 68 44 56 12 9 0 0.00 M M 5.8 15 210 M M 0 24 200
9 58 41 50 6 15 0 0.00 M M 1.6 9 310 M M 3 1 12 320
10 61 39 50 6 15 0 0.00 M M 5.9 13 130 M M 5 128 17 150
11 57 41 49 6 16 0 0.24 M M 8.2 23 260 M M 5 1 39 190
12 46 34 40 -3 25 0 0.03 M M 11.3 25 260 M M 7 1 39 270
13 38 34 36 -6 29 0 0.02 M M 10.3 18 240 M M 10 1 28 250
14 37 32 35 -7 30 0 0.09 M M 12.7 26 270 M M 10 1 37 270
15 37 25 31 -10 34 0 0.01 M M 5.1 14 280 M M 6 1 18 280
16 56 30 43 2 22 0 0.00 M M 8.0 14 110 M M 1 1 19 110
17 63 43 53 12 12 0 0.34 M M 10.4 21 310 M M 10 1 31 210
18 43 32 38 -2 27 0 0.00 M M 13.8 28 270 M M 6 8 39 290
19 40 24 32 -8 33 0 0.00 M M 5.5 15 320 M M 3 25 290
20 49 32 41 2 24 0 T M M 4.6 15 220 M M 2 8 23 210
21 52 34 43 4 22 0 0.29 M M 7.2 22 300 M M 4 1 36 310
22 35 22 29 -10 36 0 0.00 M M 7.9 16 320 M M 0 24 320
23 41 18 30 -8 35 0 0.00 M M 4.1 12 190 M M 0 16 180
24 56 34 45 7 20 0 T M M 9.2 21 190 M M 2 32 180
25 52 29 41 3 24 0 0.21 M M 11.4 22 300 M M 10 1 32 310
26 30 19 25 -12 40 0 0.00 M M 7.5 18 320 M M 6 27 320
27 39 29 34 -3 31 0 0.03 M M 6.0 13 200 M M 5 19 180
28 39 22 31 -5 34 0 0.00 M M 9.2 23 280 M M 1 8 32 280
29 42 19 31 -5 34 0 0.00 M M 4.8 15 210 M M 4 21 210
30 51 30 41 5 24 0 0.00 M M 6.7 14 260 M M 0 1 20 260
================================================================================
SM 1454 902 766 0 1.26 M 200.3 M 109
================================================================================
AV 48.5 30.1 6.7 FASTST M M 4 MAX(MPH)
MISC ----> 28 270 # 39 190
================================================================================
NOTES:
# LAST OF SEVERAL OCCURRENCES
COLUMN 17 PEAK WIND IN M.P.H.
PRELIMINARY LOCAL CLIMATOLOGICAL DATA (WS FORM: F-6) , PAGE 2
STATION: LAFAYETTE IN
MONTH: NOVEMBER
YEAR: 2021
LATITUDE: 40 25 N
LONGITUDE: 86 56 W
[TEMPERATURE DATA] [PRECIPITATION DATA] SYMBOLS USED IN COLUMN 16
AVERAGE MONTHLY: 39.3 TOTAL FOR MONTH: 1.26 1 = FOG OR MIST
DPTR FM NORMAL: -2.0 DPTR FM NORMAL: -1.61 2 = FOG REDUCING VISIBILITY
HIGHEST: 68 ON 8 GRTST 24HR 0.34 ON 17-17 TO 1/4 MILE OR LESS
LOWEST: 18 ON 23 3 = THUNDER
SNOW, ICE PELLETS, HAIL 4 = ICE PELLETS
TOTAL MONTH: M 5 = HAIL
GRTST 24HR M ON M 6 = FREEZING RAIN OR DRIZZLE
GRTST DEPTH: M ON M 7 = DUSTSTORM OR SANDSTORM:
VSBY 1/2 MILE OR LESS
8 = SMOKE OR HAZE
[NO. OF DAYS WITH] [WEATHER - DAYS WITH] 9 = BLOWING SNOW
X = TORNADO
MAX 32 OR BELOW: 1 0.01 INCH OR MORE: 9
MAX 90 OR ABOVE: 0 0.10 INCH OR MORE: 4
MIN 32 OR BELOW: 21 0.50 INCH OR MORE: 0
MIN 0 OR BELOW: 0 1.00 INCH OR MORE: 0
[HDD (BASE 65) ]
TOTAL THIS MO. 766 CLEAR (SCALE 0-3) 17
DPTR FM NORMAL 55 PTCLDY (SCALE 4-7) 9
TOTAL FM JUL 1 1011 CLOUDY (SCALE 8-10) 4
DPTR FM NORMAL -160
[CDD (BASE 65) ]
TOTAL THIS MO. 0
DPTR FM NORMAL 0 [PRESSURE DATA]
TOTAL FM JAN 1 1353 HIGHEST SLP M ON M
DPTR FM NORMAL 470 LOWEST SLP 29.62 ON 11
[REMARKS]
#FINAL-11-21#