000
CXUS53 KIND 010600
CF6LAF
PRELIMINARY LOCAL CLIMATOLOGICAL DATA (WS FORM: F-6)
STATION: LAFAYETTE IN
MONTH: SEPTEMBER
YEAR: 2023
LATITUDE: 40 25 N
LONGITUDE: 86 56 W
TEMPERATURE IN F: :PCPN: SNOW: WIND :SUNSHINE: SKY :PK WND
================================================================================
1 2 3 4 5 6A 6B 7 8 9 10 11 12 13 14 15 16 17 18
12Z AVG MX 2MIN
DY MAX MIN AVG DEP HDD CDD WTR SNW DPTH SPD SPD DIR MIN PSBL S-S WX SPD DR
================================================================================
1 83 52 68 -2 0 3 0.00 M M 4.4 10 130 M M 0 17 140
2 88 56 72 2 0 7 0.00 M M 3.0 14 230 M M 1 1 22 240
3 90 66 78 8 0 13 0.00 M M 5.3 13 240 M M 3 12 21 200
4 90 66 78 9 0 13 0.00 M M 4.7 13 210 M M 2 21 140
5 91 69 80 11 0 15 T M M 6.2 17 190 M M 1 29 180
6 85 65 75 6 0 10 0.30 M M 7.9 23 290 M M 6 138 32 300
7 74 65 70 2 0 5 T M M 7.7 14 310 M M 10 1 21 290
8 71 57 64 -4 1 0 0.08 M M 6.4 14 30 M M 9 18 20 20
9 77 59 68 0 0 3 T M M 6.9 15 40 M M 7 18 40
10 80 50 65 -3 0 0 0.00 M M 1.9 7 320 M M 0 1 11 100
11 80 56 68 1 0 3 0.07 M M 2.4 10 270 M M 4 1 15 260
12 75 50 63 -4 2 0 0.01 M M 6.3 17 320 M M 5 1 23 330
13 76 44 60 -7 5 0 0.00 M M 4.8 18 330 M M 2 12 24 320
14 75 46 61 -5 4 0 0.00 M M 4.3 12 90 M M 0 1 17 30
15 78 49 64 -2 1 0 0.00 M M 3.4 9 150 M M 0 15 160
16 78 50 64 -2 1 0 0.00 M M 2.0 9 330 M M 1 1 13 190
17 70 53 62 -3 3 0 0.05 M M 3.8 12 280 M M 6 13 15 320
18 74 46 60 -5 5 0 0.00 M M 4.0 17 360 M M 3 12 23 320
19 79 49 64 0 1 0 0.00 M M 3.7 12 190 M M 0 19 200
20 83 51 67 3 0 2 0.00 M M 3.4 14 140 M M 0 20 150
21 79 60 70 6 0 5 T M M 3.4 9 170 M M 2 14 140
22 84 57 71 8 0 6 0.00 M M 4.6 12 100 M M 1 16 90
23 81 56 69 6 0 4 0.00 M M 7.3 15 100 M M 0 22 100
24 82 49 66 3 0 1 0.00 M M 4.6 12 90 M M 0 15 150
25 83 54 69 7 0 4 0.00 M M 5.7 16 100 M M 2 22 100
26 75 58 67 5 0 2 0.04 M M 7.4 15 120 M M 4 13 23 120
27 75 58 67 6 0 2 0.04 M M 5.7 13 90 M M 6 13 18 100
28 74 56 65 4 0 0 0.00 M M 4.6 10 40 M M 8 1 13 50
29 80 55 68 7 0 3 0.00 M M 4.0 13 80 M M 4 18 16 80
30 85 51 68 8 0 3 0.00 M M 3.5 10 100 M M 1 12 17 40
================================================================================
SM 2395 1653 23 104 0.59 M 143.3 M 88
================================================================================
AV 79.8 55.1 4.8 FASTST M M 3 MAX(MPH)
MISC ----> 23 290 32 300
================================================================================
NOTES:
# LAST OF SEVERAL OCCURRENCES
COLUMN 17 PEAK WIND IN M.P.H.
PRELIMINARY LOCAL CLIMATOLOGICAL DATA (WS FORM: F-6) , PAGE 2
STATION: LAFAYETTE IN
MONTH: SEPTEMBER
YEAR: 2023
LATITUDE: 40 25 N
LONGITUDE: 86 56 W
[TEMPERATURE DATA] [PRECIPITATION DATA] SYMBOLS USED IN COLUMN 16
AVERAGE MONTHLY: 67.5 TOTAL FOR MONTH: 0.59 1 = FOG OR MIST
DPTR FM NORMAL: 2.0 DPTR FM NORMAL: -2.00 2 = FOG REDUCING VISIBILITY
HIGHEST: 91 ON 5 GRTST 24HR 0.30 ON 5- 6 TO 1/4 MILE OR LESS
LOWEST: 44 ON 13 3 = THUNDER
SNOW, ICE PELLETS, HAIL 4 = ICE PELLETS
TOTAL MONTH: M 5 = HAIL
GRTST 24HR M ON M 6 = FREEZING RAIN OR DRIZZLE
GRTST DEPTH: M ON M 7 = DUSTSTORM OR SANDSTORM:
VSBY 1/2 MILE OR LESS
8 = SMOKE OR HAZE
[NO. OF DAYS WITH] [WEATHER - DAYS WITH] 9 = BLOWING SNOW
X = TORNADO
MAX 32 OR BELOW: 0 0.01 INCH OR MORE: 7
MAX 90 OR ABOVE: 3 0.10 INCH OR MORE: 1
MIN 32 OR BELOW: 0 0.50 INCH OR MORE: 0
MIN 0 OR BELOW: 0 1.00 INCH OR MORE: 0
[HDD (BASE 65) ]
TOTAL THIS MO. 23 CLEAR (SCALE 0-3) 19
DPTR FM NORMAL -60 PTCLDY (SCALE 4-7) 8
TOTAL FM JUL 1 25 CLOUDY (SCALE 8-10) 3
DPTR FM NORMAL -69
[CDD (BASE 65) ]
TOTAL THIS MO. 104
DPTR FM NORMAL 4 [PRESSURE DATA]
TOTAL FM JAN 1 863 HIGHEST SLP M ON M
DPTR FM NORMAL -4 LOWEST SLP 29.77 ON 6
[REMARKS]
#FINAL-09-23#