000
CXUS52 KTBW 011223
CF6LAL
PRELIMINARY LOCAL CLIMATOLOGICAL DATA (WS FORM: F-6)
STATION: LAKELAND LINDER
MONTH: APRIL
YEAR: 2021
LATITUDE: 28 0 N
LONGITUDE: 82 3 W
TEMPERATURE IN F: :PCPN: SNOW: WIND :SUNSHINE: SKY :PK WND
================================================================================
1 2 3 4 5 6A 6B 7 8 9 10 11 12 13 14 15 16 17 18
12Z AVG MX 2MIN
DY MAX MIN AVG DEP HDD CDD WTR SNW DPTH SPD SPD DIR MIN PSBL S-S WX SPD DR
================================================================================
1 91 67 79 8 0 14 0.00 0.0 0 6.8 16 350 M M 6 2 21 340
2 70 43 57 -14 8 0 0.00 0.0 0 12.9 18 20 M M 0 27 20
3 73 46 60 -11 5 0 0.00 0.0 0 10.6 17 60 M M 3 22 60
4 76 53 65 -6 0 0 0.00 0.0 0 4.7 10 50 M M 4 M M
5 80 54 67 -4 0 2 0.00 0.0 0 3.0 7 90 M M 2 M M
6 82 55 69 -2 0 4 0.00 0.0 0 2.4 7 340 M M 2 M M
7 84 57 71 0 0 6 0.00 0.0 0 3.5 9 270 M M 2 M M
8 85 59 72 0 0 7 0.00 0.0 0 2.0 7 250 M M 0 M M
9 88 61 75 3 0 10 0.00 0.0 0 4.6 13 140 M M 2 17 130
10 89 64 77 5 0 12 0.00 0.0 0 11.1 29 330 M M 3 58 330
11 88 62 75 3 0 10 2.40 0.0 0 5.6 24 340 M M 5 13 43 340
12 85 61 73 1 0 8 0.21 0.0 0 4.3 10 300 M M 3 1 16 300
13 89 57 73 1 0 8 0.00 0.0 0 2.9 8 90 M M 0 M M
14 90 65 78 6 0 13 0.00 0.0 0 4.6 10 120 M M 1 M M
15 88 64 76 3 0 11 0.00 0.0 0 5.5 17 260 M M 3 25 260
16 88 64 76 3 0 11 0.00 0.0 0 0.9 9 250 M M 6 12 18 260
17 87 70 79 6 0 14 0.00 0.0 0 6.5 13 240 M M 5 1 20 240
18 90 70 80 7 0 15 0.00 0.0 0 7.5 16 300 M M 7 1 21 220
19 80 69 75 2 0 10 0.49 0.0 0 3.4 10 350 M M 8 3 M M
20 79 69 74 0 0 9 0.77 0.0 0 4.3 12 200 M M 8 3 M M
21 86 70 78 4 0 13 0.00 0.0 0 5.6 12 310 M M 3 16 290
22 86 60 73 -1 0 8 0.00 0.0 0 6.3 14 80 M M 0 17 40
23 83 59 71 -3 0 6 0.00 0.0 0 9.7 15 100 M M 2 18 80
24 90 69 80 6 0 15 0.00 0.0 0 12.7 21 210 M M 3 24 220
25 87 73 80 6 0 15 0.00 0.0 0 8.8 16 250 M M 5 25 240
26 86 60 73 -2 0 8 0.00 0.0 0 6.5 13 90 M M 2 20 80
27 85 66 76 1 0 11 0.00 0.0 0 9.4 12 80 M M 2 21 90
28 86 65 76 1 0 11 0.00 0.0 0 6.9 12 140 M M 2 21 120
29 91 68 80 5 0 15 0.00 0.0 0 7.0 12 240 M M 2 17 240
30 92 68 80 5 0 15 0.00 0.0 0 5.2 14 250 M M 2 1 21 250
================================================================================
SM 2554 1868 13 281 3.87 0.0 185.2 M 93
================================================================================
AV 85.1 62.3 6.2 FASTST M M 3 MAX(MPH)
MISC ----> 29 330 58 330
================================================================================
NOTES:
# LAST OF SEVERAL OCCURRENCES
COLUMN 17 PEAK WIND IN M.P.H.
PRELIMINARY LOCAL CLIMATOLOGICAL DATA (WS FORM: F-6) , PAGE 2
STATION: LAKELAND LINDER
MONTH: APRIL
YEAR: 2021
LATITUDE: 28 0 N
LONGITUDE: 82 3 W
[TEMPERATURE DATA] [PRECIPITATION DATA] SYMBOLS USED IN COLUMN 16
AVERAGE MONTHLY: 73.7 TOTAL FOR MONTH: 3.87 1 = FOG OR MIST
DPTR FM NORMAL: 2.6 DPTR FM NORMAL: 1.20 2 = FOG REDUCING VISIBILITY
HIGHEST: 92 ON 30 GRTST 24HR 2.40 ON 11-11 TO 1/4 MILE OR LESS
LOWEST: 43 ON 2 3 = THUNDER
SNOW, ICE PELLETS, HAIL 4 = ICE PELLETS
TOTAL MONTH: 0.0 INCH 5 = HAIL
GRTST 24HR 0.0 6 = FREEZING RAIN OR DRIZZLE
GRTST DEPTH: 0 7 = DUSTSTORM OR SANDSTORM:
VSBY 1/2 MILE OR LESS
8 = SMOKE OR HAZE
[NO. OF DAYS WITH] [WEATHER - DAYS WITH] 9 = BLOWING SNOW
X = TORNADO
MAX 32 OR BELOW: 0 0.01 INCH OR MORE: 4
MAX 90 OR ABOVE: 6 0.10 INCH OR MORE: 4
MIN 32 OR BELOW: 0 0.50 INCH OR MORE: 2
MIN 0 OR BELOW: 0 1.00 INCH OR MORE: 1
[HDD (BASE 65) ]
TOTAL THIS MO. 13 CLEAR (SCALE 0-3) 19
DPTR FM NORMAL 8 PTCLDY (SCALE 4-7) 10
TOTAL FM JUL 1 391 CLOUDY (SCALE 8-10) 1
DPTR FM NORMAL -49
[CDD (BASE 65) ]
TOTAL THIS MO. 281
DPTR FM NORMAL 40 [PRESSURE DATA]
TOTAL FM JAN 1 733 HIGHEST SLP M ON M
DPTR FM NORMAL 211 LOWEST SLP M ON M
[REMARKS]
#FINAL-04-21#