000
CXUS55 KCYS 031149 CCA
CF6LAR
PRELIMINARY LOCAL CLIMATOLOGICAL DATA (WS FORM: F-6)...CORRECTED
STATION: LARAMIE WYOMING AIRPORT
MONTH: FEBRUARY
YEAR: 2022
LATITUDE: 41 18 N
LONGITUDE: 105 40 W
TEMPERATURE IN F: :PCPN: SNOW: WIND :SUNSHINE: SKY :PK WND
================================================================================
1 2 3 4 5 6A 6B 7 8 9 10 11 12 13 14 15 16 17 18
12Z AVG MX 2MIN
DY MAX MIN AVG DEP HDD CDD WTR SNW DPTH SPD SPD DIR MIN PSBL S-S WX SPD DR
================================================================================
1 21 6 14 -8 51 0 0.01 M M 7.7 15 140 M M 9 1 18 140
2 8 -10 -1 -23 66 0 T M M 12.8 22 140 M M 2 18 27 150
3 15 -13 1 -21 64 0 0.00 M M 5.7 14 160 M M 0 14 160
4 33 -8 13 -9 52 0 0.00 M M 15.1 39 220 M M 0 89 48 220
5 34 18 26 4 39 0 T M M 20.7 39 250 M M 4 189 51 270
6 29 10 20 -2 45 0 T M M 7.0 20 290 M M 3 1 25 330
7 37 7 22 0 43 0 0.00 M M 11.2 36 240 M M 0 44 240
8 37 21 29 6 36 0 0.00 M M 16.8 32 250 M M 0 40 220
9 39 19 29 6 36 0 T M M 14.2 29 320 M M 5 40 320
10 41 19 30 7 35 0 0.00 M M 20.0 37 260 M M 1 47 260
11 35 5 20 -3 45 0 0.02 M M 13.6 32 260 M M 8 18 41 260
12 29 -2 14 -9 51 0 T M M 9.9 22 240 M M 2 28 240
13 41 11 26 3 39 0 0.00 M M 12.9 29 270 M M 0 36 280
14 43 20 32 9 33 0 0.00 M M 13.1 30 230 M M 0 36 230
15 46 23 35 11 30 0 0.00 M M 10.5 28 240 M M 1 37 210
16 32 12 22 -2 43 0 0.01 M M 10.0 25 350 M M 9 128 34 350
17 25 0 13 -11 52 0 T M M 11.6 41 240 M M 6 1289 50 240
18 33 17 25 1 40 0 0.00 M M 17.8 31 270 M M 3 41 220
19 41 22 32 8 33 0 0.00 M M 25.7 44 260 M M 0 56 240
20 44 28 36 11 29 0 0.00 M M 19.0 35 250 M M 0 46 240
21 40 -3 19 -6 46 0 0.01 M M 14.4 36 210 M M 4 18 42 220
22 -1 -18 -9 -34 74 0 0.03 M M 9.2 32 150 M M 5 18 39 150
23 8 -9 0 -25 65 0 0.01 M M 24.3 44 150 M M 8 189 52 150
24 14 -9 3 -23 62 0 T M M 7.6 24 250 M M 4 18 28 250
25 18 0 9 -17 56 0 T M M 8.9 20 220 M M 3 24 250
26 22 -2 10 -16 55 0 0.00 M M 9.0 17 220 M M 0 21 220
27 38 -3 18 -9 47 0 0.00 M M 10.4 30 250 M M 0 39 250
28 45 17 31 4 34 0 0.00 M M 20.2 32 220 M M 0 38 220
================================================================================
SM 847 178 1301 0 0.09 M 379.3 M 77
================================================================================
AV 30.3 6.4 13.5 FASTST M M 3 MAX(MPH)
MISC ----> # 44 260 56 240
================================================================================
NOTES:
# LAST OF SEVERAL OCCURRENCES
COLUMN 17 PEAK WIND IN M.P.H.
PRELIMINARY LOCAL CLIMATOLOGICAL DATA (WS FORM: F-6) , PAGE 2
STATION: LARAMIE WYOMING AIRPORT
MONTH: FEBRUARY
YEAR: 2022
LATITUDE: 41 18 N
LONGITUDE: 105 40 W
[TEMPERATURE DATA] [PRECIPITATION DATA] SYMBOLS USED IN COLUMN 16
AVERAGE MONTHLY: 18.3 TOTAL FOR MONTH: 0.09 1 = FOG OR MIST
DPTR FM NORMAL: -5.5 DPTR FM NORMAL: -0.23 2 = FOG REDUCING VISIBILITY
HIGHEST: 46 ON 15 GRTST 24HR 0.04 ON 21-22 TO 1/4 MILE OR LESS
LOWEST: -18 ON 22 3 = THUNDER
SNOW, ICE PELLETS, HAIL 4 = ICE PELLETS
TOTAL MONTH: M 5 = HAIL
GRTST 24HR M ON M 6 = FREEZING RAIN OR DRIZZLE
GRTST DEPTH: M ON M 7 = DUSTSTORM OR SANDSTORM:
VSBY 1/2 MILE OR LESS
8 = SMOKE OR HAZE
[NO. OF DAYS WITH] [WEATHER - DAYS WITH] 9 = BLOWING SNOW
X = TORNADO
MAX 32 OR BELOW: 12 0.01 INCH OR MORE: 6
MAX 90 OR ABOVE: 0 0.10 INCH OR MORE: 0
MIN 32 OR BELOW: 28 0.50 INCH OR MORE: 0
MIN 0 OR BELOW: 12 1.00 INCH OR MORE: 0
[HDD (BASE 65) ]
TOTAL THIS MO. 1301 CLEAR (SCALE 0-3) 16
DPTR FM NORMAL 149 PTCLDY (SCALE 4-7) 9
TOTAL FM JUL 1 5557 CLOUDY (SCALE 8-10) 3
DPTR FM NORMAL -512
[CDD (BASE 65) ]
TOTAL THIS MO. 0
DPTR FM NORMAL 0 [PRESSURE DATA]
TOTAL FM JAN 1 0 HIGHEST SLP 30.62 ON 4
DPTR FM NORMAL 0 LOWEST SLP 29.37 ON 21
[REMARKS]
FEBRUARY 22...RECORD LOW -18 DEGREES (PREVIOUS -15 DEGREES IN 2010)
FEBRUARY 22...RECORD LOW HIGH -1 DEGREE (PREVIOUS 6 DEGREES IN 2015)
FEBRUARY 23...RECORD LOW HIGH 8 DEGREES (PREVIOUS 12 DEGREES IN 1960)
MONTHLY PRECIPITATION 0.09" TIED 1973, 1981 & 2007 FOR 6TH DRIEST
#FINAL-02-22#