000
CXUS56 KLOX 011155
CF6LAX
PRELIMINARY LOCAL CLIMATOLOGICAL DATA (WS FORM: F-6)
STATION: LOS ANGELES INTL AIRPORT CA
MONTH: JULY
YEAR: 2023
LATITUDE: 33 55 N
LONGITUDE: 118 24 W
TEMPERATURE IN F: :PCPN: SNOW: WIND :SUNSHINE: SKY :PK WND
================================================================================
1 2 3 4 5 6A 6B 7 8 9 10 11 12 13 14 15 16 17 18
12Z AVG MX 2MIN
DY MAX MIN AVG DEP HDD CDD WTR SNW DPTH SPD SPD DIR MIN PSBL S-S WX SPD DR
================================================================================
1 70 60 65 -3 0 0 0.00 M M 7.0 15 250 M M 7 18 19 260
2 69 58 64 -4 1 0 0.00 M M 7.6 16 260 M M 8 128 22 240
3 69 58 64 -5 1 0 0.00 M M 7.2 16 270 M M 8 128 21 240
4 69 58 64 -5 1 0 0.00 M M 8.0 16 270 M M 7 18 22 270
5 69 59 64 -5 1 0 0.00 M M 9.0 18 250 M M 6 23 220
6 70 60 65 -4 0 0 0.00 M M 7.4 15 240 M M 6 18 23 260
7 70 60 65 -4 0 0 0.00 M M 8.2 17 270 M M 5 22 250
8 71 60 66 -3 0 1 0.00 M M 7.3 17 240 M M 4 23 240
9 72 60 66 -3 0 1 0.00 M M 8.2 17 260 M M 4 23 240
10 73 60 67 -2 0 2 0.00 M M 7.4 17 250 M M 2 22 250
11 71 60 66 -3 0 1 0.00 M M 7.6 14 250 M M 6 18 20 250
12 76 59 68 -1 0 3 0.00 M M 8.3 16 250 M M 3 18 18 270
13 76 63 70 0 0 5 0.00 M M 7.6 16 260 M M 3 24 250
14 77 62 70 0 0 5 0.00 M M 7.1 16 250 M M 2 1 19 260
15 73 62 68 -2 0 3 0.00 M M 7.4 15 260 M M 4 18 19 270
16 75 64 70 0 0 5 0.00 M M 7.1 16 250 M M 3 1 20 250
17 76 64 70 0 0 5 0.00 M M 8.5 16 250 M M 6 128 21 260
18 76 64 70 0 0 5 0.00 M M 9.2 16 250 M M 3 1 21 240
19 75 65 70 0 0 5 0.00 M M 8.7 15 260 M M 2 21 250
20 76 65 71 1 0 6 0.00 M M 8.0 15 250 M M 2 23 240
21 73 63 68 -2 0 3 0.00 M M 7.7 15 260 M M 5 18 19 270
22 74 63 69 -1 0 4 0.00 M M 7.1 16 250 M M 6 18 21 250
23 81 65 73 3 0 8 0.00 M M 7.3 18 260 M M 7 18 21 270
24 74 65 70 0 0 5 0.00 M M 8.7 18 260 M M 5 18 22 240
25 77 64 71 1 0 6 0.00 M M 7.6 15 260 M M 4 128 19 260
26 82 66 74 4 0 9 0.00 M M 7.3 16 260 M M 4 1 19 270
27 80 67 74 4 0 9 0.00 M M 7.0 15 270 M M 2 21 230
28 78 67 73 3 0 8 0.00 M M 6.5 15 260 M M 4 1 21 260
29 79 67 73 3 0 8 0.00 M M 6.8 16 240 M M 4 18 20 270
30 80 67 74 4 0 9 0.00 M M 6.5 14 260 M M 4 18 23 130
31 84 69 77 7 0 12 0.00 M M 6.9 17 260 M M 7 1 23 280
================================================================================
SM 2315 1944 4 128 0.00 M 236.2 M 143
================================================================================
AV 74.7 62.7 7.6 FASTST M M 5 MAX(MPH)
MISC ----> # 18 250 24 250
================================================================================
NOTES:
# LAST OF SEVERAL OCCURRENCES
COLUMN 17 PEAK WIND IN M.P.H.
PRELIMINARY LOCAL CLIMATOLOGICAL DATA (WS FORM: F-6) , PAGE 2
STATION: LOS ANGELES INTL AIRPORT CA
MONTH: JULY
YEAR: 2023
LATITUDE: 33 55 N
LONGITUDE: 118 24 W
[TEMPERATURE DATA] [PRECIPITATION DATA] SYMBOLS USED IN COLUMN 16
AVERAGE MONTHLY: 68.7 TOTAL FOR MONTH: 0.00 1 = FOG OR MIST
DPTR FM NORMAL: -0.9 DPTR FM NORMAL: -0.04 2 = FOG REDUCING VISIBILITY
HIGHEST: 84 ON 31 GRTST 24HR 0.00 ON 1- 1 TO 1/4 MILE OR LESS
LOWEST: 58 ON 4, 3 3 = THUNDER
SNOW, ICE PELLETS, HAIL 4 = ICE PELLETS
TOTAL MONTH: M 5 = HAIL
GRTST 24HR M ON M 6 = FREEZING RAIN OR DRIZZLE
GRTST DEPTH: M ON M 7 = DUSTSTORM OR SANDSTORM:
VSBY 1/2 MILE OR LESS
8 = SMOKE OR HAZE
[NO. OF DAYS WITH] [WEATHER - DAYS WITH] 9 = BLOWING SNOW
X = TORNADO
MAX 32 OR BELOW: 0 0.01 INCH OR MORE: 0
MAX 90 OR ABOVE: 0 0.10 INCH OR MORE: 0
MIN 32 OR BELOW: 0 0.50 INCH OR MORE: 0
MIN 0 OR BELOW: 0 1.00 INCH OR MORE: 0
[HDD (BASE 65) ]
TOTAL THIS MO. 4 CLEAR (SCALE 0-3) 6
DPTR FM NORMAL 2 PTCLDY (SCALE 4-7) 23
TOTAL FM JUL 1 4 CLOUDY (SCALE 8-10) 2
DPTR FM NORMAL 4
[CDD (BASE 65) ]
TOTAL THIS MO. 128
DPTR FM NORMAL -14 [PRESSURE DATA]
TOTAL FM JAN 1 139 HIGHEST SLP 30.01 ON 12
DPTR FM NORMAL -121 LOWEST SLP 29.78 ON 22
[REMARKS]
#FINAL-07-23#