000
CXUS54 KLCH 190815
CF6LCH
PRELIMINARY LOCAL CLIMATOLOGICAL DATA (WS FORM: F-6)
STATION: LAKE CHARLES
MONTH: SEPTEMBER
YEAR: 2020
LATITUDE: 30 7 N
LONGITUDE: 93 13 W
TEMPERATURE IN F: :PCPN: SNOW: WIND :SUNSHINE: SKY :PK WND
================================================================================
1 2 3 4 5 6A 6B 7 8 9 10 11 12 13 14 15 16 17 18
12Z AVG MX 2MIN
DY MAX MIN AVG DEP HDD CDD WTR SNW DPTH SPD SPD DIR MIN PSBL S-S WX SPD DR
================================================================================
1 91 80 86 4 0 21 0.00 0.0 0 9.4 17 180 M M M 1 22 190
2 91 77 84 2 0 19 0.00 0.0 0 8.4 18 200 M M M 3 M M
3 91 75 83 1 0 18 0.00 0.0 0 4.7 13 160 M M M M M
4 93 77 85 4 0 20 0.60 0.0 0 4.5 15 160 M M M M M
5 91 76 84 3 0 19 0.00 0.0 0 4.6 15 30 M M M 13 21 20
6 91 73 82 1 0 17 0.00 0.0 0 4.8 8 40 M M M M M
7 91 73 82 1 0 17 0.00 0.0 0 4.7 12 130 M M M M M
8 90 75 83 2 0 18 0.00 0.0 0 4.6 12 140 M M M 1 M M
9 91 76 84 4 0 19 0.00 0.0 0 5.2 14 70 M M M 24 70
10 93 75 84 4 0 19 0.00 0.0 0 4.4 14 70 M M M 3 18 80
11 94 76 85 5 0 20 0.00 0.0 0 7.1 16 80 M M M 21 40
12 94 75 85 5 0 20 0.00 0.0 0 6.7 25 120 M M M 3 33 110
13 93 75 84 4 0 19 0.00 0.0 0 8.8 15 80 M M M 22 50
14 91 75 83 4 0 18 0.00 0.0 0 M 22 60 M M M 29 60
15 94 76 85 6 0 20 0.00 0.0 0 11.0 20 20 M M 2 26 10
16 93 76 85 6 0 20 0.00 0.0 0 9.9 18 10 M M 1 8 25 340
17 88 75 82 4 0 17 0.00 0.0 0 8.1 10 30 M M 1 18 50
18 79 69 74 -4 0 9 0.00 0.0 M 11.1 15 40 M M 0 25 40
19 82 68 75 -3 0 10 0.00 0.0 0 15.3 20 50 M M 4 33 30
20 74 67 71 -7 0 6 0.19 0.0 0 20.0 30 50 M M 8 1 41 60
21 79 68 74 -3 0 9 0.26 0.0 M 16.5 25 110 M M 10 1 35 90
22 82 69 76 -1 0 11 0.36 0.0 M 14.8 20 130 M M 10 1 31 130
23 80 70 75 -2 0 10 0.53 0.0 0 13.8 21 330 M M 10 1 30 190
24 76 68 72 -4 0 7 0.00 0.0 M 7.0 13 340 M M 10 18 290
25 81 68 75 -1 0 10 0.00 0.0 M 2.5 10 90 M M 9 1 14 80
26 84 66 75 -1 0 10 0.00 0.0 M 4.9 12 220 M M 5 1 16 200
27 86 66 76 0 0 11 0.00 0.0 0 6.7 15 200 M M M 21 190
28 83 65 74 -1 0 9 0.81 0.0 0 8.1 25 20 M M M 128 33 20
29 78 55 67 -8 0 2 0.00 0.0 M 7.4 15 350 M M 0 24 350
30 80 52 66 -9 0 1 0.00 0.0 0 2.5 9 230 M M 0 1 15 200
================================================================================
SM 2604 2136 0 426 2.75 0.0 237.5 M 70
================================================================================
AV 86.8 71.2 8.2 FASTST M M 5 MAX(MPH)
MISC ----> # 30 50 # 41 60
================================================================================
NOTES:
# LAST OF SEVERAL OCCURRENCES
COLUMN 17 PEAK WIND IN M.P.H.
PRELIMINARY LOCAL CLIMATOLOGICAL DATA (WS FORM: F-6) , PAGE 2
STATION: LAKE CHARLES
MONTH: SEPTEMBER
YEAR: 2020
LATITUDE: 30 7 N
LONGITUDE: 93 13 W
[TEMPERATURE DATA] [PRECIPITATION DATA] SYMBOLS USED IN COLUMN 16
AVERAGE MONTHLY: 79.0 TOTAL FOR MONTH: 2.75 1 = FOG OR MIST
DPTR FM NORMAL: 0.4 DPTR FM NORMAL: -2.51 2 = FOG REDUCING VISIBILITY
HIGHEST: 94 ON 15,12 GRTST 24HR 0.81 ON 28-28 TO 1/4 MILE OR LESS
LOWEST: 52 ON 30 3 = THUNDER
SNOW, ICE PELLETS, HAIL 4 = ICE PELLETS
TOTAL MONTH: 0.0 INCH 5 = HAIL
GRTST 24HR 0.0 6 = FREEZING RAIN OR DRIZZLE
GRTST DEPTH: 0 7 = DUSTSTORM OR SANDSTORM:
VSBY 1/2 MILE OR LESS
8 = SMOKE OR HAZE
[NO. OF DAYS WITH] [WEATHER - DAYS WITH] 9 = BLOWING SNOW
X = TORNADO
MAX 32 OR BELOW: 0 0.01 INCH OR MORE: 6
MAX 90 OR ABOVE: 16 0.10 INCH OR MORE: 6
MIN 32 OR BELOW: 0 0.50 INCH OR MORE: 3
MIN 0 OR BELOW: 0 1.00 INCH OR MORE: 0
[HDD (BASE 65) ]
TOTAL THIS MO. 0 CLEAR (SCALE 0-3) 6
DPTR FM NORMAL -1 PTCLDY (SCALE 4-7) 2
TOTAL FM JUL 1 0 CLOUDY (SCALE 8-10) 6
DPTR FM NORMAL -1
[CDD (BASE 65) ]
TOTAL THIS MO. 426
DPTR FM NORMAL 15 [PRESSURE DATA]
TOTAL FM JAN 1 2705 HIGHEST SLP 30.17 ON 30
DPTR FM NORMAL 165 LOWEST SLP 29.71 ON 23
[REMARKS]
#FINAL-09-20#