000
CXUS53 KLMK 010710
CF6LEX
PRELIMINARY LOCAL CLIMATOLOGICAL DATA (WS FORM: F-6)
STATION: LEXINGTON KY
MONTH: MARCH
YEAR: 2024
LATITUDE: 38 1 N
LONGITUDE: 84 36 W
TEMPERATURE IN F: :PCPN: SNOW: WIND :SUNSHINE: SKY :PK WND
================================================================================
1 2 3 4 5 6A 6B 7 8 9 10 11 12 13 14 15 16 17 18
12Z AVG MX 2MIN
DY MAX MIN AVG DEP HDD CDD WTR SNW DPTH SPD SPD DIR MIN PSBL S-S WX SPD DR
================================================================================
1 45 34 40 -2 25 0 0.22 0.0 0 7.6 12 140 M M 7 18 16 150
2 53 45 49 7 16 0 0.01 0.0 0 3.7 10 150 M M 10 12 13 150
3 69 42 56 14 9 0 0.00 0.0 0 6.8 16 160 M M 6 12 20 170
4 77 56 67 25 0 2 0.00 0.0 0 8.4 15 190 M M 3 22 190
5 66 58 62 19 3 0 0.60 0.0 0 6.9 17 210 M M 7 13 22 220
6 63 50 57 14 8 0 0.63 0.0 0 6.2 20 360 M M 10 1 27 350
7 55 46 51 8 14 0 0.00 0.0 0 7.5 14 60 M M 10 1 19 80
8 64 49 57 13 8 0 0.09 0.0 0 6.8 16 180 M M 9 25 130
9 59 42 51 7 14 0 0.53 0.0 0 10.4 21 320 M M 10 1 32 320
10 49 34 42 -2 23 0 0.00 0.0 0 11.8 28 290 M M 2 37 290
11 58 25 42 -2 23 0 0.00 0.0 0 5.8 14 210 M M 0 20 230
12 68 41 55 10 10 0 0.00 0.0 0 9.5 21 210 M M 0 27 210
13 73 48 61 16 4 0 0.00 0.0 0 8.1 16 250 M M 0 25 220
14 79 56 68 23 0 3 0.04 0.0 0 12.5 26 300 M M 2 3 41 280
15 63 42 53 7 12 0 0.69 0.0 0 7.4 28 330 M M 7 123 40 300
16 64 36 50 4 15 0 0.00 0.0 0 7.2 17 240 M M 5 12 24 260
17 57 36 47 1 18 0 0.00 0.0 0 10.9 23 280 M M 2 33 290
18 39 29 34 -12 31 0 T T 0 9.3 18 280 M M 6 27 280
19 52 27 40 -7 25 0 0.00 0.0 0 13.4 28 220 M M 2 39 230
20 63 38 51 4 14 0 0.00 0.0 0 13.0 29 290 M M 1 41 260
21 51 26 39 -8 26 0 0.00 0.0 0 9.6 16 70 M M 0 22 50
22 57 37 47 -1 18 0 0.03 0.0 0 6.6 15 40 M M 7 18 80
23 50 30 40 -8 25 0 0.00 0.0 0 13.8 24 360 M M 5 18 36 30
24 59 29 44 -4 21 0 0.00 0.0 0 11.0 18 90 M M 0 24 90
25 72 46 59 10 6 0 0.01 0.0 0 12.8 24 160 M M 0 37 140
26 62 49 56 7 9 0 0.47 0.0 0 17.3 40 160 M M 8 13 60 170
27 53 36 45 -4 20 0 0.00 0.0 0 6.0 15 280 M M 5 22 280
28 58 31 45 -5 20 0 0.00 0.0 0 4.9 14 280 M M 0 19 340
29 71 40 56 6 9 0 0.00 0.0 0 10.4 21 250 M M 1 28 260
30 76 50 63 13 2 0 0.11 0.0 0 13.3 24 240 M M 3 3 36 230
31 74 57 66 15 0 1 0.18 0.0 0 5.8 20 240 M M 7 13 26 250
================================================================================
SM 1899 1265 428 6 3.61 T 284.7 M 135
================================================================================
AV 61.3 40.8 9.2 FASTST M M 4 MAX(MPH)
MISC ----> 40 160 60 170
================================================================================
NOTES:
# LAST OF SEVERAL OCCURRENCES
COLUMN 17 PEAK WIND IN M.P.H.
PRELIMINARY LOCAL CLIMATOLOGICAL DATA (WS FORM: F-6) , PAGE 2
STATION: LEXINGTON KY
MONTH: MARCH
YEAR: 2024
LATITUDE: 38 1 N
LONGITUDE: 84 36 W
[TEMPERATURE DATA] [PRECIPITATION DATA] SYMBOLS USED IN COLUMN 16
AVERAGE MONTHLY: 51.0 TOTAL FOR MONTH: 3.61 1 = FOG OR MIST
DPTR FM NORMAL: 5.1 DPTR FM NORMAL: -0.87 2 = FOG REDUCING VISIBILITY
HIGHEST: 79 ON 14 GRTST 24HR 0.73 ON 14-15 TO 1/4 MILE OR LESS
LOWEST: 25 ON 11 3 = THUNDER
SNOW, ICE PELLETS, HAIL 4 = ICE PELLETS
TOTAL MONTH: T 5 = HAIL
GRTST 24HR T ON 18-18 6 = FREEZING RAIN OR DRIZZLE
GRTST DEPTH: 0 7 = DUSTSTORM OR SANDSTORM:
VSBY 1/2 MILE OR LESS
8 = SMOKE OR HAZE
[NO. OF DAYS WITH] [WEATHER - DAYS WITH] 9 = BLOWING SNOW
X = TORNADO
MAX 32 OR BELOW: 0 0.01 INCH OR MORE: 13
MAX 90 OR ABOVE: 0 0.10 INCH OR MORE: 8
MIN 32 OR BELOW: 7 0.50 INCH OR MORE: 4
MIN 0 OR BELOW: 0 1.00 INCH OR MORE: 0
[HDD (BASE 65) ]
TOTAL THIS MO. 428 CLEAR (SCALE 0-3) 14
DPTR FM NORMAL -166 PTCLDY (SCALE 4-7) 12
TOTAL FM JUL 1 3268 CLOUDY (SCALE 8-10) 5
DPTR FM NORMAL -774
[CDD (BASE 65) ]
TOTAL THIS MO. 6
DPTR FM NORMAL 2 [PRESSURE DATA]
TOTAL FM JAN 1 6 HIGHEST SLP M ON M
DPTR FM NORMAL 2 LOWEST SLP 29.70 ON 26
[REMARKS]
#FINAL-03-24#