000
CXUS56 KLOX 011255
CF6LGB
PRELIMINARY LOCAL CLIMATOLOGICAL DATA (WS FORM: F-6)
STATION: LONG BEACH AIRPORT CA
MONTH: DECEMBER
YEAR: 2022
LATITUDE: 33 49 N
LONGITUDE: 118 9 W
TEMPERATURE IN F: :PCPN: SNOW: WIND :SUNSHINE: SKY :PK WND
================================================================================
1 2 3 4 5 6A 6B 7 8 9 10 11 12 13 14 15 16 17 18
12Z AVG MX 2MIN
DY MAX MIN AVG DEP HDD CDD WTR SNW DPTH SPD SPD DIR MIN PSBL S-S WX SPD DR
================================================================================
1 64 57 61 3 4 0 0.00 M M 5.3 13 220 M M 7 17 190
2 64 54 59 1 6 0 0.05 M M 5.4 10 80 M M 9 18 16 60
3 72 54 63 5 2 0 0.00 M M 3.8 13 300 M M 1 18 16 290
4 67 55 61 3 4 0 0.05 M M 1.4 8 340 M M 9 128 13 330
5 65 53 59 2 6 0 0.00 M M 2.6 14 310 M M 3 1 17 290
6 63 51 57 0 8 0 0.00 M M 2.5 9 300 M M 2 12 150
7 64 47 56 -1 9 0 0.00 M M 2.3 13 200 M M 1 18 16 200
8 66 45 56 -1 9 0 0.00 M M 3.5 16 300 M M 0 8 19 280
9 63 44 54 -3 11 0 0.00 M M 2.1 12 200 M M 0 8 14 210
10 64 48 56 -1 9 0 0.00 M M 3.4 10 90 M M 5 14 200
11 61 50 56 -1 9 0 0.91 M M 10.6 23 290 M M 6 18 34 150
12 57 48 53 -3 12 0 0.45 M M 2.4 15 310 M M 6 13 18 300
13 62 45 54 -2 11 0 0.00 M M 2.3 10 220 M M 4 15 200
14 65 43 54 -2 11 0 0.00 M M 3.0 14 290 M M 0 8 16 290
15 65 45 55 -1 10 0 0.00 M M 3.0 10 300 M M 0 8 11 300
16 73 49 61 5 4 0 0.00 M M 3.8 12 30 M M 0 16 30
17 68 46 57 1 8 0 0.00 M M 4.0 8 340 M M 0 12 340
18 65 43 54 -2 11 0 0.00 M M 2.1 10 200 M M 0 8 14 200
19 68 42 55 -1 10 0 0.00 M M 2.4 12 300 M M 0 8 14 290
20 70 46 58 2 7 0 0.00 M M 2.8 13 300 M M 0 8 14 280
21 75 44 60 4 5 0 0.00 M M 2.8 10 300 M M 0 8 12 310
22 70 46 58 2 7 0 0.00 M M 1.3 7 300 M M 0 8 8 300
23 69 47 58 2 7 0 0.00 M M 1.3 8 300 M M 2 128 10 210
24 78 46 62 6 3 0 0.00 M M 2.5 9 300 M M 0 128 10 300
25 82 51 67 11 0 2 0.00 M M 3.1 9 290 M M 0 8 11 320
26 81 50 66 10 0 1 0.00 M M 1.2 7 300 M M 0 9 270
27 64 53 59 3 6 0 0.51 M M 2.7 8 360 M M 5 18 11 140
28 64 55 60 4 5 0 0.03 M M 3.4 10 180 M M 5 18 14 150
29 61 56 59 3 6 0 T M M 3.7 10 120 M M 10 15 120
30 60 57 59 3 6 0 0.04 M M 3.0 7 180 M M 10 18 9 210
31 62 58 60 3 5 0 1.15 M M 7.6 18 170 M M 10 1 28 160
================================================================================
SM 2072 1528 211 3 3.19 M 101.3 M 95
================================================================================
AV 66.8 49.3 3.3 FASTST M M 3 MAX(MPH)
MISC ----> 23 290 34 150
================================================================================
NOTES:
# LAST OF SEVERAL OCCURRENCES
COLUMN 17 PEAK WIND IN M.P.H.
PRELIMINARY LOCAL CLIMATOLOGICAL DATA (WS FORM: F-6) , PAGE 2
STATION: LONG BEACH AIRPORT CA
MONTH: DECEMBER
YEAR: 2022
LATITUDE: 33 49 N
LONGITUDE: 118 9 W
[TEMPERATURE DATA] [PRECIPITATION DATA] SYMBOLS USED IN COLUMN 16
AVERAGE MONTHLY: 58.1 TOTAL FOR MONTH: 3.19 1 = FOG OR MIST
DPTR FM NORMAL: 1.4 DPTR FM NORMAL: 1.04 2 = FOG REDUCING VISIBILITY
HIGHEST: 82 ON 25 GRTST 24HR 1.15 ON 31-31 TO 1/4 MILE OR LESS
LOWEST: 42 ON 19 3 = THUNDER
SNOW, ICE PELLETS, HAIL 4 = ICE PELLETS
TOTAL MONTH: M 5 = HAIL
GRTST 24HR M ON M 6 = FREEZING RAIN OR DRIZZLE
GRTST DEPTH: M ON M 7 = DUSTSTORM OR SANDSTORM:
VSBY 1/2 MILE OR LESS
8 = SMOKE OR HAZE
[NO. OF DAYS WITH] [WEATHER - DAYS WITH] 9 = BLOWING SNOW
X = TORNADO
MAX 32 OR BELOW: 0 0.01 INCH OR MORE: 8
MAX 90 OR ABOVE: 0 0.10 INCH OR MORE: 4
MIN 32 OR BELOW: 0 0.50 INCH OR MORE: 3
MIN 0 OR BELOW: 0 1.00 INCH OR MORE: 1
[HDD (BASE 65) ]
TOTAL THIS MO. 211 CLEAR (SCALE 0-3) 19
DPTR FM NORMAL -50 PTCLDY (SCALE 4-7) 7
TOTAL FM JUL 1 327 CLOUDY (SCALE 8-10) 5
DPTR FM NORMAL -75
[CDD (BASE 65) ]
TOTAL THIS MO. 3
DPTR FM NORMAL 1 [PRESSURE DATA]
TOTAL FM JAN 1 1625 HIGHEST SLP 30.32 ON 8
DPTR FM NORMAL 459 LOWEST SLP 29.73 ON 31
[REMARKS]
#FINAL-12-22#