000
CXUS56 KLOX 011255
CF6LGB
PRELIMINARY LOCAL CLIMATOLOGICAL DATA (WS FORM: F-6)
STATION: LONG BEACH AIRPORT CA
MONTH: FEBRUARY
YEAR: 2022
LATITUDE: 33 49 N
LONGITUDE: 118 9 W
TEMPERATURE IN F: :PCPN: SNOW: WIND :SUNSHINE: SKY :PK WND
================================================================================
1 2 3 4 5 6A 6B 7 8 9 10 11 12 13 14 15 16 17 18
12Z AVG MX 2MIN
DY MAX MIN AVG DEP HDD CDD WTR SNW DPTH SPD SPD DIR MIN PSBL S-S WX SPD DR
================================================================================
1 62 49 56 -1 9 0 0.00 M M 2.5 10 210 M M 3 18 13 200
2 67 44 56 -1 9 0 0.00 M M 2.6 13 100 M M 0 18 16 110
3 67 42 55 -2 10 0 0.00 M M 4.1 13 300 M M 0 14 300
4 71 42 57 0 8 0 0.00 M M 3.7 17 100 M M 0 22 90
5 73 42 58 1 7 0 0.00 M M 4.6 14 290 M M 0 16 300
6 78 41 60 3 5 0 0.00 M M 3.0 12 310 M M 0 13 310
7 80 48 64 7 1 0 0.00 M M 5.2 16 290 M M 0 19 290
8 82 46 64 7 1 0 0.00 M M 3.8 14 300 M M 0 17 290
9 86 48 67 10 0 2 0.00 M M 3.9 12 300 M M 0 14 310
10 88 53 71 14 0 6 0.00 M M 4.6 17 290 M M 0 21 290
11 81 50 66 9 0 1 0.00 M M 2.5 12 200 M M 0 15 210
12 89 50 70 13 0 5 0.00 M M 3.4 13 280 M M 0 16 290
13 87 51 69 12 0 4 0.00 M M 4.7 18 290 M M 0 20 290
14 71 48 60 3 5 0 0.00 M M 3.2 14 300 M M 0 1 16 310
15 62 47 55 -3 10 0 0.04 M M 7.7 22 10 M M 7 3 29 280
16 63 42 53 -5 12 0 0.00 M M 4.6 13 200 M M 0 17 150
17 73 45 59 1 6 0 0.00 M M 5.7 17 80 M M 0 8 22 90
18 75 44 60 2 5 0 0.00 M M 4.4 16 290 M M 0 20 280
19 76 45 61 3 4 0 0.00 M M 4.4 16 290 M M 0 19 290
20 63 49 56 -2 9 0 0.00 M M 4.2 15 200 M M 3 8 20 200
21 62 53 58 0 7 0 0.00 M M 5.1 17 280 M M 7 8 22 290
22 60 47 54 -4 11 0 0.02 M M 9.7 24 290 M M 7 30 260
23 58 45 52 -6 13 0 0.02 M M 10.6 22 300 M M 4 28 300
24 62 39 51 -7 14 0 0.00 M M 5.5 18 290 M M 0 22 290
25 65 40 53 -5 12 0 0.00 M M 3.2 15 290 M M 0 17 290
26 72 40 56 -2 9 0 0.00 M M 4.1 18 290 M M 0 22 280
27 77 47 62 4 3 0 0.00 M M 4.7 15 290 M M 0 18 280
28 82 47 65 7 0 0 0.00 M M 3.4 12 200 M M 0 15 200
================================================================================
SM 2032 1284 170 18 0.08 M 129.1 M 31
================================================================================
AV 72.6 45.9 4.6 FASTST M M 1 MAX(MPH)
MISC ----> 24 290 30 260
================================================================================
NOTES:
# LAST OF SEVERAL OCCURRENCES
COLUMN 17 PEAK WIND IN M.P.H.
PRELIMINARY LOCAL CLIMATOLOGICAL DATA (WS FORM: F-6) , PAGE 2
STATION: LONG BEACH AIRPORT CA
MONTH: FEBRUARY
YEAR: 2022
LATITUDE: 33 49 N
LONGITUDE: 118 9 W
[TEMPERATURE DATA] [PRECIPITATION DATA] SYMBOLS USED IN COLUMN 16
AVERAGE MONTHLY: 59.2 TOTAL FOR MONTH: 0.08 1 = FOG OR MIST
DPTR FM NORMAL: 1.6 DPTR FM NORMAL: -2.94 2 = FOG REDUCING VISIBILITY
HIGHEST: 89 ON 12 GRTST 24HR 0.04 ON 15-15 TO 1/4 MILE OR LESS
LOWEST: 39 ON 24 3 = THUNDER
SNOW, ICE PELLETS, HAIL 4 = ICE PELLETS
TOTAL MONTH: M 5 = HAIL
GRTST 24HR M ON M 6 = FREEZING RAIN OR DRIZZLE
GRTST DEPTH: M ON M 7 = DUSTSTORM OR SANDSTORM:
VSBY 1/2 MILE OR LESS
8 = SMOKE OR HAZE
[NO. OF DAYS WITH] [WEATHER - DAYS WITH] 9 = BLOWING SNOW
X = TORNADO
MAX 32 OR BELOW: 0 0.01 INCH OR MORE: 3
MAX 90 OR ABOVE: 0 0.10 INCH OR MORE: 0
MIN 32 OR BELOW: 0 0.50 INCH OR MORE: 0
MIN 0 OR BELOW: 0 1.00 INCH OR MORE: 0
[HDD (BASE 65) ]
TOTAL THIS MO. 170 CLEAR (SCALE 0-3) 22
DPTR FM NORMAL -43 PTCLDY (SCALE 4-7) 6
TOTAL FM JUL 1 801 CLOUDY (SCALE 8-10) 0
DPTR FM NORMAL -60
[CDD (BASE 65) ]
TOTAL THIS MO. 18
DPTR FM NORMAL 12 [PRESSURE DATA]
TOTAL FM JAN 1 18 HIGHEST SLP 30.38 ON 4
DPTR FM NORMAL 14 LOWEST SLP 29.74 ON 15
[REMARKS]
#FINAL-02-22#