000
CXUS54 KFWD 161604
CF6LHB
PRELIMINARY LOCAL CLIMATOLOGICAL DATA (WS FORM: F-6)
STATION: HEARNE
MONTH: JANUARY
YEAR: 2024
LATITUDE: 30 52 N
LONGITUDE: 96 36 W
TEMPERATURE IN F: :PCPN: SNOW: WIND :SUNSHINE: SKY :PK WND
================================================================================
1 2 3 4 5 6A 6B 7 8 9 10 11 12 13 14 15 16 17 18
12Z AVG MX 2MIN
DY MAX MIN AVG DEP HDD CDD WTR SNW DPTH SPD SPD DIR MIN PSBL S-S WX SPD DR
================================================================================
1 56 36 46 M 19 0 0.00 M M 6.2 13 310 M M 4 20 340
2 57 32 45 M 20 0 1.23 M M 4.3 13 60 M M 5 3 21 30
3 51 36 44 M 21 0 0.00 M M 4.6 12 360 M M 9 12 M M
4 62 33 48 M 17 0 0.01 M M 4.6 12 120 M M 7 12 18 120
5 59 42 51 M 14 0 0.55 M M 4.1 10 340 M M 6 16 130
6 56 34 45 M 20 0 0.02 M M 2.4 10 320 M M 0 1 M M
7 63 32 48 M 17 0 0.00 M M 5.4 15 160 M M 1 21 160
8 76 50 63 M 2 0 0.03 M M 11.1 30 290 M M 9 39 290
9 56 32 44 M 21 0 0.00 M M 13.7 23 290 M M 0 35 290
10 68 32 50 M 15 0 0.00 M M 7.3 22 200 M M 0 29 200
11 73 46 60 M 5 0 0.00 M M 9.7 22 190 M M 7 12 30 190
12 67 32 50 M 15 0 0.00 M M 12.1 24 270 M M 2 35 310
13 65 29 47 M 18 0 0.00 M M 5.8 17 180 M M 0 22 180
14 35 19 27 M 38 0 0.00 M M 12.3 15 350 M M 10 1 22 350
15 23 19 21 M 44 0 M M M 11.7 16 340 M M 8 1 24 350
16 31 18 25 M 40 0 0.00 M M 11.7 18 340 M M 0 24 350
17 47 14 31 M 34 0 0.00 M M 6.0 14 160 M M 2 20 160
18 73 40 57 M 8 0 0.00 M M 6.0 13 230 M M 3 1 18 260
19 51 29 40 M 25 0 0.00 M M 12.8 22 360 M M 0 31 340
20 44 24 34 M 31 0 0.00 M M 4.8 10 20 M M 2 M M
21 43 37 40 M 25 0 0.00 M M 7.1 10 120 M M 10 16 90
22 57 39 48 M 17 0 2.51 M M 4.5 13 120 M M 10 1 18 120
23 60 53 57 M 8 0 0.88 M M 2.6 9 310 M M 10 13 M M
24 56 52 54 M 11 0 1.31 M M 3.8 13 290 M M 10 1 M M
25 55 52 54 M 11 0 0.15 M M 4.3 10 300 M M 10 1 M M
26 59 51 55 M 10 0 0.02 M M 3.2 9 10 M M 10 12 M M
27 58 39 49 M 16 0 0.00 M M 9.4 20 320 M M 6 1 23 320
28 62 36 49 M 16 0 0.00 M M 3.5 12 320 M M 0 1 M M
29 72 34 53 M 12 0 0.00 M M 1.2 8 250 M M 0 M M
30 74 41 58 M 7 0 0.00 M M 1.9 8 250 M M 0 M M
31 76 40 58 M 7 0 0.00 M M 1.2 7 170 M M 0 M M
================================================================================
SM 1785 1103 564 0 6.71 M 199.4 M 141
================================================================================
AV 57.6 35.6 6.4 FASTST M M 5 MAX(MPH)
MISC ----> 30 290 39 290
================================================================================
NOTES:
# LAST OF SEVERAL OCCURRENCES
COLUMN 17 PEAK WIND IN M.P.H.
PRELIMINARY LOCAL CLIMATOLOGICAL DATA (WS FORM: F-6) , PAGE 2
STATION: HEARNE
MONTH: JANUARY
YEAR: 2024
LATITUDE: 30 52 N
LONGITUDE: 96 36 W
[TEMPERATURE DATA] [PRECIPITATION DATA] SYMBOLS USED IN COLUMN 16
AVERAGE MONTHLY: 46.6 TOTAL FOR MONTH: 6.71 1 = FOG OR MIST
DPTR FM NORMAL: 0.0 DPTR FM NORMAL: M 2 = FOG REDUCING VISIBILITY
HIGHEST: 76 ON 31, 8 GRTST 24HR 2.51 ON 22-22 TO 1/4 MILE OR LESS
LOWEST: 14 ON 17 3 = THUNDER
SNOW, ICE PELLETS, HAIL 4 = ICE PELLETS
TOTAL MONTH: M 5 = HAIL
GRTST 24HR M ON M 6 = FREEZING RAIN OR DRIZZLE
GRTST DEPTH: M ON M 7 = DUSTSTORM OR SANDSTORM:
VSBY 1/2 MILE OR LESS
8 = SMOKE OR HAZE
[NO. OF DAYS WITH] [WEATHER - DAYS WITH] 9 = BLOWING SNOW
X = TORNADO
MAX 32 OR BELOW: 2 0.01 INCH OR MORE: 10
MAX 90 OR ABOVE: 0 0.10 INCH OR MORE: 6
MIN 32 OR BELOW: 12 0.50 INCH OR MORE: 5
MIN 0 OR BELOW: 0 1.00 INCH OR MORE: 3
[HDD (BASE 65) ]
TOTAL THIS MO. 564 CLEAR (SCALE 0-3) 15
DPTR FM NORMAL M PTCLDY (SCALE 4-7) 6
TOTAL FM JUL 1 1170 CLOUDY (SCALE 8-10) 10
DPTR FM NORMAL M
[CDD (BASE 65) ]
TOTAL THIS MO. 0
DPTR FM NORMAL M [PRESSURE DATA]
TOTAL FM JAN 1 0 HIGHEST SLP M ON M
DPTR FM NORMAL M LOWEST SLP M ON M
[REMARKS]
#FINAL-01-24#