000
CXUS55 KBOU 280900
CF6LIC
PRELIMINARY LOCAL CLIMATOLOGICAL DATA (WS FORM: F-6)
STATION: LIMON CO
MONTH: MARCH
YEAR: 2024
LATITUDE: 39 10 N
LONGITUDE: 103 42 W
TEMPERATURE IN F: :PCPN: SNOW: WIND :SUNSHINE: SKY :PK WND
================================================================================
1 2 3 4 5 6A 6B 7 8 9 10 11 12 13 14 15 16 17 18
12Z AVG MX 2MIN
DY MAX MIN AVG DEP HDD CDD WTR SNW DPTH SPD SPD DIR MIN PSBL S-S WX SPD DR
================================================================================
1 67 17 42 10 23 0 0.00 M M 7.7 18 160 M M 0 25 160
2 69 22 46 14 19 0 0.00 M M 12.5 30 220 M M 0 44 230
3 60 30 45 12 20 0 0.00 M M 16.5 30 350 M M 2 40 210
4 50 19 35 2 30 0 0.00 M M 11.1 23 160 M M 0 33 150
5 47 21 34 1 31 0 0.00 M M 13.4 23 160 M M 2 30 160
6 60 16 38 4 27 0 0.00 M M 6.5 22 210 M M 3 28 220
7 40 26 33 -1 32 0 0.07 M M 11.5 20 340 M M 8 1 27 340
8 30 13 22 -12 43 0 T M M 11.1 21 350 M M 8 1 28 350
9 52 13 33 -2 32 0 0.00 M M 4.3 10 200 M M 0 16 310
10 66 13 40 5 25 0 0.00 M M 7.8 21 170 M M 0 25 180
11 66 16 41 5 24 0 0.00 M M 6.9 17 90 M M 0 23 80
12 63 26 45 9 20 0 0.00 M M 5.3 16 160 M M 2 22 320
13 54 31 43 7 22 0 0.00 M M 13.0 23 50 M M 7 33 50
14 41 33 37 0 28 0 0.16 M M 14.2 25 30 M M 10 1 36 20
15 40 29 35 -2 30 0 T M M 11.2 23 200 M M 9 12 31 200
16 54 22 38 0 27 0 0.00 M M 9.7 22 360 M M 3 29 360
17 49 27 38 0 27 0 0.00 M M 9.2 22 10 M M 7 29 350
18 59 16 38 0 27 0 0.00 M M 4.5 14 300 M M 0 21 330
19 66 23 45 6 20 0 0.00 M M 6.2 22 10 M M 0 27 360
20 63 27 45 6 20 0 0.00 M M 8.0 22 160 M M 1 28 150
21 68 22 45 6 20 0 0.00 M M 7.5 29 350 M M 1 38 350
22 59 27 43 3 22 0 0.00 M M 12.0 22 170 M M 0 30 180
23 69 27 48 8 17 0 0.00 M M 12.0 25 160 M M 1 36 160
24 58 21 40 0 25 0 0.01 M M 15.4 38 10 M M 3 168 49 10
25 27 11 19 -21 46 0 T M M 23.1 40 340 M M 8 1 53 340
26 48 5 27 -13 38 0 T M M 5.6 21 160 M M 2 8 29 160
27 54 12 33 -8 32 0 0.00 M M 3.9 15 310 M M 1 22 300
================================================================================
SM 1479 565 727 0 0.24 M 270.1 M 78
================================================================================
AV 54.8 20.9 10.0 FASTST M M 3 MAX(MPH)
MISC ----> 40 340 53 340
================================================================================
NOTES:
# LAST OF SEVERAL OCCURRENCES
COLUMN 17 PEAK WIND IN M.P.H.
PRELIMINARY LOCAL CLIMATOLOGICAL DATA (WS FORM: F-6) , PAGE 2
STATION: LIMON CO
MONTH: MARCH
YEAR: 2024
LATITUDE: 39 10 N
LONGITUDE: 103 42 W
[TEMPERATURE DATA] [PRECIPITATION DATA] SYMBOLS USED IN COLUMN 16
AVERAGE MONTHLY: 37.9 TOTAL FOR MONTH: 0.24 1 = FOG OR MIST
DPTR FM NORMAL: 1.2 DPTR FM NORMAL: -0.43 2 = FOG REDUCING VISIBILITY
HIGHEST: 69 ON 2,23 GRTST 24HR 0.16 ON 14-14 TO 1/4 MILE OR LESS
LOWEST: 5 ON 26 3 = THUNDER
SNOW, ICE PELLETS, HAIL 4 = ICE PELLETS
TOTAL MONTH: M 5 = HAIL
GRTST 24HR M ON M 6 = FREEZING RAIN OR DRIZZLE
GRTST DEPTH: M ON M 7 = DUSTSTORM OR SANDSTORM:
VSBY 1/2 MILE OR LESS
8 = SMOKE OR HAZE
[NO. OF DAYS WITH] [WEATHER - DAYS WITH] 9 = BLOWING SNOW
X = TORNADO
MAX 32 OR BELOW: 2 0.01 INCH OR MORE: 3
MAX 90 OR ABOVE: 0 0.10 INCH OR MORE: 1
MIN 32 OR BELOW: 26 0.50 INCH OR MORE: 0
MIN 0 OR BELOW: 0 1.00 INCH OR MORE: 0
[HDD (BASE 65) ]
TOTAL THIS MO. 727 CLEAR (SCALE 0-3) 20
DPTR FM NORMAL -37 PTCLDY (SCALE 4-7) 4
TOTAL FM JUL 1 5269 CLOUDY (SCALE 8-10) 3
DPTR FM NORMAL -607
[CDD (BASE 65) ]
TOTAL THIS MO. 0
DPTR FM NORMAL 0 [PRESSURE DATA]
TOTAL FM JAN 1 0 HIGHEST SLP M ON M
DPTR FM NORMAL 0 LOWEST SLP 29.15 ON 24
[REMARKS]