000
CXUS55 KBOU 010813
CF6LIC
PRELIMINARY LOCAL CLIMATOLOGICAL DATA (WS FORM: F-6)
STATION: LIMON CO
MONTH: APRIL
YEAR: 2020
LATITUDE: 39 10 N
LONGITUDE: 103 42 W
TEMPERATURE IN F: :PCPN: SNOW: WIND :SUNSHINE: SKY :PK WND
================================================================================
1 2 3 4 5 6A 6B 7 8 9 10 11 12 13 14 15 16 17 18
12Z AVG MX 2MIN
DY MAX MIN AVG DEP HDD CDD WTR SNW DPTH SPD SPD DIR MIN PSBL S-S WX SPD DR
================================================================================
1 65 30 48 M 17 0 0.00 M M 7.5 24 10 M M 0 31 10
2 37 16 27 M 38 0 0.04 M M 19.0 25 360 M M 10 1 32 350
3 43 13 28 M 37 0 0.03 M M 9.8 21 130 M M 7 1 27 130
4 56 15 36 M 29 0 0.00 M M 11.6 22 140 M M 1 29 140
5 71 21 46 M 19 0 0.00 M M 7.8 25 190 M M 1 45 230
6 73 31 52 M 13 0 0.00 M M 9.7 22 240 M M 0 31 270
7 75 28 52 M 13 0 0.00 M M 9.2 26 10 M M 0 34 360
8 69 34 52 M 13 0 0.00 M M 8.2 22 330 M M 0 27 320
9 58 27 43 M 22 0 0.00 M M 7.1 17 180 M M 2 29 160
10 69 32 51 M 14 0 T M M 8.4 32 320 M M 4 3 46 310
11 70 32 51 M 14 0 0.00 M M 9.7 36 20 M M 1 45 20
12 36 18 27 M 38 0 T M M 19.3 36 340 M M 10 168 48 350
13 29 17 23 M 42 0 0.12 M M 9.1 20 150 M M 10 18 25 160
14 43 2 23 M 42 0 0.01 M M 5.7 21 310 M M 5 128 30 290
15 53 15 34 M 31 0 0.00 M M 6.5 21 20 M M 4 26 30
16 35 21 28 M 37 0 0.01 M M 14.7 28 10 M M 10 16 35 10
17 55 11 33 M 32 0 0.00 M M 6.2 17 350 M M 2 24 300
18 61 20 41 M 24 0 0.00 M M 7.4 29 340 M M 3 38 340
19 62 30 46 M 19 0 T M M 7.1 20 330 M M 5 26 330
20 65 27 46 M 19 0 0.00 M M 6.5 16 330 M M 3 26 310
21 65 29 47 M 18 0 0.25 M M 9.5 25 170 M M 6 13 36 160
22 68 32 50 M 15 0 0.00 M M 11.5 25 10 M M 2 34 10
23 68 30 49 M 16 0 0.08 M M 10.1 30 340 M M 3 39 340
24 58 33 46 M 19 0 0.03 M M 17.5 36 340 M M 4 46 340
25 63 29 46 M 19 0 T M M 7.1 17 320 M M 5 24 320
26 75 37 56 M 9 0 0.00 M M 7.7 29 340 M M 2 37 350
27 77 37 57 M 8 0 0.00 M M 7.1 20 350 M M 0 26 240
28 72 35 54 M 11 0 0.00 M M 15.3 31 360 M M 0 40 10
29 70 31 51 M 14 0 0.00 M M 7.7 17 350 M M 0 25 350
30 84 30 57 M 8 0 0.00 0.0 0 5.8 20 350 M M 0 27 340
================================================================================
SM 1825 763 650 0 0.57 0.0 289.8 M 100
================================================================================
AV 60.8 25.4 9.7 FASTST M M 3 MAX(MPH)
MISC ----> # 36 20 # 48 350
================================================================================
NOTES:
# LAST OF SEVERAL OCCURRENCES
COLUMN 17 PEAK WIND IN M.P.H.
PRELIMINARY LOCAL CLIMATOLOGICAL DATA (WS FORM: F-6) , PAGE 2
STATION: LIMON CO
MONTH: APRIL
YEAR: 2020
LATITUDE: 39 10 N
LONGITUDE: 103 42 W
[TEMPERATURE DATA] [PRECIPITATION DATA] SYMBOLS USED IN COLUMN 16
AVERAGE MONTHLY: 43.1 TOTAL FOR MONTH: 0.57 1 = FOG OR MIST
DPTR FM NORMAL: -1.1 DPTR FM NORMAL: -0.82 2 = FOG REDUCING VISIBILITY
HIGHEST: 84 ON 30 GRTST 24HR 0.25 ON 21-21 TO 1/4 MILE OR LESS
LOWEST: 2 ON 14 3 = THUNDER
SNOW, ICE PELLETS, HAIL 4 = ICE PELLETS
TOTAL MONTH: 0.0 INCH 5 = HAIL
GRTST 24HR 0.0 6 = FREEZING RAIN OR DRIZZLE
GRTST DEPTH: 0 7 = DUSTSTORM OR SANDSTORM:
VSBY 1/2 MILE OR LESS
8 = SMOKE OR HAZE
[NO. OF DAYS WITH] [WEATHER - DAYS WITH] 9 = BLOWING SNOW
X = TORNADO
MAX 32 OR BELOW: 1 0.01 INCH OR MORE: 8
MAX 90 OR ABOVE: 0 0.10 INCH OR MORE: 2
MIN 32 OR BELOW: 25 0.50 INCH OR MORE: 0
MIN 0 OR BELOW: 0 1.00 INCH OR MORE: 0
[HDD (BASE 65) ]
TOTAL THIS MO. 650 CLEAR (SCALE 0-3) 17
DPTR FM NORMAL M PTCLDY (SCALE 4-7) 9
TOTAL FM JUL 1 6571 CLOUDY (SCALE 8-10) 4
DPTR FM NORMAL M
[CDD (BASE 65) ]
TOTAL THIS MO. 0
DPTR FM NORMAL M [PRESSURE DATA]
TOTAL FM JAN 1 0 HIGHEST SLP 30.34 ON 16
DPTR FM NORMAL M LOWEST SLP 29.41 ON 11
[REMARKS]
#FINAL-04-20#