000
CXHW51 PHFO 011616
CLMLIH
CLIMATE REPORT
NATIONAL WEATHER SERVICE HONOLULU HI
616 AM HST SAT JUL 01 2023
...................................
...THE LIHUE HI CLIMATE SUMMARY FOR THE MONTH OF JUNE 2023...
CLIMATE NORMAL PERIOD 1991 TO 2020
CLIMATE RECORD PERIOD 1950 TO 2023
WEATHER OBSERVED NORMAL DEPART LAST YEAR`S
VALUE DATE(S) VALUE FROM VALUE DATE(S)
NORMAL
................................................................
TEMPERATURE (F)
RECORD
HIGH 89 06/15/1969
LOW 61 06/03/1987
HIGHEST 87 06/22 83 4 86 06/30
06/27
LOWEST 68 06/04 73 -5 66 06/03
06/05
06/06
AVG. MAXIMUM 83.2 83.3 -0.1 80.2
AVG. MINIMUM 73.5 73.4 0.1 70.4
MEAN 78.3 78.3 0.0 75.3
DAYS MAX >= 93 0 0
DAYS MAX >= 90 0 0
DAYS MAX <= 80 3 22
DAYS MIN >= 72 22 MM
DAYS MIN <= 60 0 MM
DAYS MIN <= 55 0 MM
PRECIPITATION (INCHES)
RECORD
MAXIMUM 5.79 2019
MINIMUM 0.32 2007
TOTALS 1.02 1.79 -0.77 0.47
DAILY AVG. 0.03 0.06 -0.03 0.02
DAYS >= .01 16 17.8 -1.8 12
DAYS >= .10 4 5.0 -1.0 0
DAYS >= .50 0 0.5 -0.5 0
DAYS >= 1.00 0 0.2 -0.2 0
GREATEST
24 HR. TOTAL 0.29 06/16 TO 06/16 0.11
SNOWFALL (INCHES)
RECORDS
TOTAL MM
TOTALS MM MM MM MM
SINCE 7/1 MM 0.0 MM MM
SNOWDEPTH AVG. MM MM
DAYS >= 1.0 MM MM MM MM
GREATEST
SNOW DEPTH MM MM MM
24 HR TOTAL MM MM
DEGREE DAYS
HEATING TOTAL 0 0 0 0
SINCE 7/1 0 0 0 MM
COOLING TOTAL 406 400 6 297
SINCE 1/1 1905 1710 195 MM
................................................................
WIND (MPH)
AVERAGE WIND SPEED 13.0
HIGHEST WIND SPEED/DIRECTION 29/060 DATE 06/25
HIGHEST GUST SPEED/DIRECTION 35/040 DATE 06/22
SKY COVER
POSSIBLE SUNSHINE (PERCENT) MM
AVERAGE SKY COVER 0.58
NUMBER OF DAYS FAIR 4
NUMBER OF DAYS PC 18
NUMBER OF DAYS CLOUDY 8
AVERAGE RH (PERCENT) 77
WEATHER CONDITIONS. NUMBER OF DAYS WITH
THUNDERSTORM 0 MIXED PRECIP 0
HEAVY RAIN 1 RAIN 6
LIGHT RAIN 15 FREEZING RAIN 0
LT FREEZING RAIN 0 HAIL 0
HEAVY SNOW 0 SNOW 0
LIGHT SNOW 0 SLEET 0
FOG 13 FOG W/VIS <= 1/4 MILE 0
HAZE 8
- INDICATES NEGATIVE NUMBERS.
R INDICATES RECORD WAS SET OR TIED.
MM INDICATES DATA IS MISSING.
T INDICATES TRACE AMOUNT.
$$