000
CXUS54 KLZK 011230
CF6LIT
PRELIMINARY LOCAL CLIMATOLOGICAL DATA (WS FORM: F-6)
STATION: LITTLE ROCK ADAMS FIELD
MONTH: JANUARY
YEAR: 2021
LATITUDE: 34 43 N
LONGITUDE: 92 14 W
TEMPERATURE IN F: :PCPN: SNOW: WIND :SUNSHINE: SKY :PK WND
================================================================================
1 2 3 4 5 6A 6B 7 8 9 10 11 12 13 14 15 16 17 18
12Z AVG MX 2MIN
DY MAX MIN AVG DEP HDD CDD WTR SNW DPTH SPD SPD DIR MIN PSBL S-S WX SPD DR
================================================================================
1 45 36 41 0 24 0 0.44 0.0 0 8.4 26 230 M M 10 1 35 230
2 42 32 37 -4 28 0 0.02 0.0 0 5.2 16 260 M M 8 1 23 270
3 57 27 42 1 23 0 0.00 0.0 0 4.6 15 130 M M 1 20 140
4 63 32 48 7 17 0 0.00 0.0 0 5.1 13 310 M M 2 1 16 320
5 55 34 45 4 20 0 0.00 0.0 0 6.3 14 320 M M 2 18 320
6 49 31 40 -1 25 0 0.11 0.0 0 7.4 17 60 M M 10 22 60
7 42 38 40 -1 25 0 0.64 0.0 0 12.9 22 10 M M 10 1 30 20
8 41 33 37 -4 28 0 0.00 0.0 0 10.2 17 340 M M 8 22 360
9 44 28 36 -5 29 0 0.00 0.0 0 5.8 14 360 M M 8 17 10
10 38 27 33 -8 32 0 0.00 0.0 0 6.0 10 40 M M 10 19 40
11 44 25 35 -6 30 0 T T 0 5.1 15 350 M M 7 1 18 340
12 51 22 37 -4 28 0 0.00 0.0 0 3.2 9 220 M M 0 1 12 330
13 56 25 41 0 24 0 0.00 0.0 0 7.5 18 220 M M 2 22 220
14 61 36 49 8 16 0 0.00 0.0 0 11.0 25 290 M M 4 35 280
15 47 34 41 0 24 0 0.00 0.0 0 15.0 30 290 M M 5 38 290
16 51 33 42 1 23 0 0.00 0.0 0 8.1 21 290 M M 6 27 280
17 56 28 42 1 23 0 0.00 0.0 0 9.0 28 270 M M 4 34 280
18 61 28 45 4 20 0 0.00 0.0 0 7.9 20 210 M M 4 26 200
19 62 42 52 11 13 0 0.00 0.0 0 5.2 14 360 M M 7 22 10
20 49 33 41 0 24 0 0.14 0.0 0 4.8 15 190 M M 9 1 18 210
21 53 43 48 7 17 0 0.01 0.0 0 3.9 9 340 M M 10 1 14 210
22 54 37 46 5 19 0 0.00 0.0 0 7.6 18 50 M M 5 25 30
23 46 32 39 -2 26 0 0.00 0.0 0 8.2 15 60 M M 8 18 50
24 55 40 48 7 17 0 0.80 0.0 0 3.5 17 110 M M 10 138 21 120
25 75 51 63 22 2 0 0.20 0.0 0 10.9 22 220 M M 7 123 28 220
26 59 42 51 10 14 0 0.00 0.0 0 7.8 17 60 M M 3 21 50
27 42 35 39 -2 26 0 0.04 0.0 0 10.7 20 360 M M 9 1 27 10
28 42 30 36 -5 29 0 0.00 0.0 0 7.4 15 50 M M 7 19 30
29 52 30 41 -1 24 0 0.00 0.0 0 5.8 13 120 M M 7 16 120
30 60 46 53 11 12 0 0.09 0.0 0 11.1 21 170 M M 8 1 28 190
31 57 40 49 7 16 0 0.00 0.0 0 13.7 24 320 M M 7 1 31 320
================================================================================
SM 1609 1050 678 0 2.49 T 239.3 M 198
================================================================================
AV 51.9 33.9 7.7 FASTST M M 6 MAX(MPH)
MISC ----> 30 290 38 290
================================================================================
NOTES:
# LAST OF SEVERAL OCCURRENCES
COLUMN 17 PEAK WIND IN M.P.H.
PRELIMINARY LOCAL CLIMATOLOGICAL DATA (WS FORM: F-6) , PAGE 2
STATION: LITTLE ROCK ADAMS FIELD
MONTH: JANUARY
YEAR: 2021
LATITUDE: 34 43 N
LONGITUDE: 92 14 W
[TEMPERATURE DATA] [PRECIPITATION DATA] SYMBOLS USED IN COLUMN 16
AVERAGE MONTHLY: 42.9 TOTAL FOR MONTH: 2.49 1 = FOG OR MIST
DPTR FM NORMAL: 2.1 DPTR FM NORMAL: -1.06 2 = FOG REDUCING VISIBILITY
HIGHEST: 75 ON 25 GRTST 24HR 1.92 ON 24-25 TO 1/4 MILE OR LESS
LOWEST: 22 ON 12 3 = THUNDER
SNOW, ICE PELLETS, HAIL 4 = ICE PELLETS
TOTAL MONTH: T 5 = HAIL
GRTST 24HR T ON 11-11 6 = FREEZING RAIN OR DRIZZLE
GRTST DEPTH: 0 7 = DUSTSTORM OR SANDSTORM:
VSBY 1/2 MILE OR LESS
8 = SMOKE OR HAZE
[NO. OF DAYS WITH] [WEATHER - DAYS WITH] 9 = BLOWING SNOW
X = TORNADO
MAX 32 OR BELOW: 0 0.01 INCH OR MORE: 10
MAX 90 OR ABOVE: 0 0.10 INCH OR MORE: 6
MIN 32 OR BELOW: 14 0.50 INCH OR MORE: 2
MIN 0 OR BELOW: 0 1.00 INCH OR MORE: 0
[HDD (BASE 65) ]
TOTAL THIS MO. 678 CLEAR (SCALE 0-3) 6
DPTR FM NORMAL -71 PTCLDY (SCALE 4-7) 13
TOTAL FM JUL 1 1829 CLOUDY (SCALE 8-10) 12
DPTR FM NORMAL -110
[CDD (BASE 65) ]
TOTAL THIS MO. 0
DPTR FM NORMAL -1 [PRESSURE DATA]
TOTAL FM JAN 1 0 HIGHEST SLP 30.72 ON 28
DPTR FM NORMAL -1 LOWEST SLP 29.54 ON 25
[REMARKS]
#FINAL-01-21#