000
CXUS55 KPIH 012234
CF6LLJ
PRELIMINARY LOCAL CLIMATOLOGICAL DATA (WS FORM: F-6)
STATION: CHALLIS
MONTH: JULY
YEAR: 2022
LATITUDE: 44 31 N
LONGITUDE: 114 13 W
TEMPERATURE IN F: :PCPN: SNOW: WIND :SUNSHINE: SKY :PK WND
================================================================================
1 2 3 4 5 6A 6B 7 8 9 10 11 12 13 14 15 16 17 18
12Z AVG MX 2MIN
DY MAX MIN AVG DEP HDD CDD WTR SNW DPTH SPD SPD DIR MIN PSBL S-S WX SPD DR
================================================================================
1 90 48 69 3 0 4 0.00 M M 5.4 21 230 M M 0 29 280
2 87 50 69 3 0 4 T M M 4.4 23 280 M M 0 33 150
3 81 57 69 3 0 4 0.19 M M 6.9 20 270 M M 4 13 29 210
4 81 55 68 1 0 3 0.00 M M 7.4 32 210 M M 3 44 210
5 84 52 68 1 0 3 T M M 3.3 16 320 M M 3 22 310
6 86 53 70 3 0 5 T M M 5.5 22 300 M M 1 3 31 290
7 79 53 66 -2 0 1 T M M 2.3 12 240 M M 1 3 16 130
8 93 51 72 4 0 7 T M M 5.3 24 160 M M 0 37 170
9 90 53 72 4 0 7 T M M 6.1 38 180 M M 1 58 160
10 86 51 69 1 0 4 0.00 M M 7.0 21 240 M M 1 37 280
11 89 49 69 0 0 4 0.00 M M 4.5 12 10 M M 0 17 350
12 96 52 74 5 0 9 0.00 M M 2.9 15 290 M M 0 22 300
13 93 52 73 4 0 8 0.00 M M 7.4 31 270 M M 0 44 270
14 97 51 74 4 0 9 0.00 M M 5.2 20 230 M M 0 30 220
15 97 57 77 7 0 12 0.01 M M 7.2 25 220 M M 0 3 34 260
16 96 51 74 4 0 9 T M M 3.6 25 170 M M 0 40 160
17 91 55 73 3 0 8 0.00 M M 4.8 24 200 M M 1 42 190
18 88 57 73 3 0 8 0.00 M M 10.9 33 220 M M 0 44 230
19 93 45 69 -1 0 4 0.00 M M 4.6 20 270 M M 0 27 280
20 95 51 73 2 0 8 0.00 M M 6.5 18 250 M M 0 30 250
21 95 51 73 2 0 8 0.00 M M 5.0 17 260 M M 0 29 300
22 94 51 73 2 0 8 0.00 M M 8.3 28 270 M M 0 41 280
23 91 50 71 0 0 6 0.00 M M 5.7 18 240 M M 0 23 240
24 89 50 70 -1 0 5 0.00 M M 6.5 20 40 M M 0 27 20
25 91 53 72 1 0 7 0.00 M M 4.4 13 310 M M 0 16 300
26 95 55 75 4 0 10 0.00 M M 4.7 12 310 M M 0 15 80
27 95 58 77 6 0 12 0.00 M M 3.8 14 20 M M 0 8 22 10
28 95 58 77 6 0 12 T M M 3.2 21 300 M M 1 8 28 300
29 94 57 76 5 0 11 T M M 4.8 30 210 M M 1 3 38 210
30 95 54 75 4 0 10 0.00 M M 4.1 15 70 M M 0 22 60
31 95 53 74 3 0 9 T M M 2.9 22 230 M M 0 33 270
================================================================================
SM 2821 1633 0 219 0.20 M 164.6 M 17
================================================================================
AV 91.0 52.7 5.3 FASTST M M 1 MAX(MPH)
MISC ----> 38 180 58 160
================================================================================
NOTES:
# LAST OF SEVERAL OCCURRENCES
COLUMN 17 PEAK WIND IN M.P.H.
PRELIMINARY LOCAL CLIMATOLOGICAL DATA (WS FORM: F-6) , PAGE 2
STATION: CHALLIS
MONTH: JULY
YEAR: 2022
LATITUDE: 44 31 N
LONGITUDE: 114 13 W
[TEMPERATURE DATA] [PRECIPITATION DATA] SYMBOLS USED IN COLUMN 16
AVERAGE MONTHLY: 71.8 TOTAL FOR MONTH: 0.20 1 = FOG OR MIST
DPTR FM NORMAL: 2.5 DPTR FM NORMAL: -0.22 2 = FOG REDUCING VISIBILITY
HIGHEST: 97 ON 15,14 GRTST 24HR 0.19 ON 2- 3 TO 1/4 MILE OR LESS
LOWEST: 45 ON 19 3 = THUNDER
SNOW, ICE PELLETS, HAIL 4 = ICE PELLETS
TOTAL MONTH: M 5 = HAIL
GRTST 24HR M ON M 6 = FREEZING RAIN OR DRIZZLE
GRTST DEPTH: M ON M 7 = DUSTSTORM OR SANDSTORM:
VSBY 1/2 MILE OR LESS
8 = SMOKE OR HAZE
[NO. OF DAYS WITH] [WEATHER - DAYS WITH] 9 = BLOWING SNOW
X = TORNADO
MAX 32 OR BELOW: 0 0.01 INCH OR MORE: 2
MAX 90 OR ABOVE: 21 0.10 INCH OR MORE: 1
MIN 32 OR BELOW: 0 0.50 INCH OR MORE: 0
MIN 0 OR BELOW: 0 1.00 INCH OR MORE: 0
[HDD (BASE 65) ]
TOTAL THIS MO. 0 CLEAR (SCALE 0-3) 30
DPTR FM NORMAL -19 PTCLDY (SCALE 4-7) 1
TOTAL FM JUL 1 0 CLOUDY (SCALE 8-10) 0
DPTR FM NORMAL -16
[CDD (BASE 65) ]
TOTAL THIS MO. 219
DPTR FM NORMAL 67 [PRESSURE DATA]
TOTAL FM JAN 1 245 HIGHEST SLP 30.19 ON 11
DPTR FM NORMAL 57 LOWEST SLP 29.60 ON 2
[REMARKS]
#FINAL-07-22#