000
CXUS55 KPIH 011100
CF6LLJ
PRELIMINARY LOCAL CLIMATOLOGICAL DATA (WS FORM: F-6)
STATION: CHALLIS
MONTH: JULY
YEAR: 2021
LATITUDE: 44 31 N
LONGITUDE: 114 13 W
TEMPERATURE IN F: :PCPN: SNOW: WIND :SUNSHINE: SKY :PK WND
================================================================================
1 2 3 4 5 6A 6B 7 8 9 10 11 12 13 14 15 16 17 18
12Z AVG MX 2MIN
DY MAX MIN AVG DEP HDD CDD WTR SNW DPTH SPD SPD DIR MIN PSBL S-S WX SPD DR
================================================================================
1 93 59 76 10 0 11 0.00 M M 6.9 31 280 M M 0 44 230
2 90 57 74 8 0 9 0.04 M M 3.9 37 280 M M 1 3 50 280
3 97 57 77 11 0 12 0.04 M M 7.9 24 190 M M 2 3 34 170
4 86 61 74 7 0 9 0.21 M M 6.3 35 300 M M 4 13 47 300
5 91 60 76 9 0 11 0.01 M M 4.6 16 320 M M 2 3 22 320
6 96 56 76 9 0 11 0.00 M M 3.9 13 310 M M 0 21 140
7 96 62 79 11 0 14 T M M 7.2 31 270 M M 0 3 48 280
8 94 52 73 5 0 8 0.00 M M 5.9 20 300 M M 0 8 31 290
9 93 52 73 5 0 8 0.00 M M 6.3 21 350 M M 0 28 360
10 95 50 73 5 0 8 0.00 M M 2.0 9 330 M M 0 8 13 330
11 98 57 78 9 0 13 0.00 M M 5.8 21 300 M M 1 8 29 300
12 97 55 76 7 0 11 0.00 M M 4.6 14 30 M M 1 8 19 310
13 91 56 74 5 0 9 0.00 M M 5.5 15 30 M M 2 8 21 40
14 93 56 75 5 0 10 0.00 M M 3.1 10 270 M M 0 14 320
15 97 56 77 7 0 12 0.00 M M 5.0 20 260 M M 1 8 30 270
16 94 56 75 5 0 10 0.00 M M 5.9 26 230 M M 1 8 36 220
17 96 53 75 5 0 10 0.00 M M 3.5 20 260 M M 0 29 210
18 95 57 76 6 0 11 0.00 M M 3.0 16 300 M M 0 24 150
19 81 61 71 1 0 6 0.11 M M 4.1 15 240 M M 6 1 19 240
20 83 59 71 0 0 6 0.12 M M 3.7 23 310 M M 4 138 32 310
21 89 56 73 2 0 8 T M M 3.7 43 230 M M 0 13 61 230
22 92 55 74 3 0 9 0.00 M M 6.6 23 270 M M 0 37 280
23 92 52 72 1 0 7 0.00 M M 4.2 18 260 M M 2 8 27 240
24 94 50 72 1 0 7 0.00 M M 3.2 12 320 M M 5 8 14 350
25 94 53 74 3 0 9 0.00 M M 4.6 21 350 M M 4 8 28 340
26 95 53 74 3 0 9 0.00 M M 3.5 13 320 M M 1 8 17 330
27 88 58 73 2 0 8 0.00 M M 3.0 15 180 M M 4 8 21 180
28 79 58 69 -2 0 4 0.05 M M 1.6 14 240 M M 2 19 240
29 89 58 74 3 0 9 T M M 3.7 26 340 M M 1 3 39 350
30 96 58 77 6 0 12 0.00 M M 4.3 22 170 M M 0 31 170
31 78 63 71 0 0 6 0.08 M M 3.2 10 150 M M 5 1 16 150
================================================================================
SM 2842 1746 0 287 0.66 M 140.7 M 49
================================================================================
AV 91.7 56.3 4.5 FASTST M M 2 MAX(MPH)
MISC ----> 43 230 61 230
================================================================================
NOTES:
# LAST OF SEVERAL OCCURRENCES
COLUMN 17 PEAK WIND IN M.P.H.
PRELIMINARY LOCAL CLIMATOLOGICAL DATA (WS FORM: F-6) , PAGE 2
STATION: CHALLIS
MONTH: JULY
YEAR: 2021
LATITUDE: 44 31 N
LONGITUDE: 114 13 W
[TEMPERATURE DATA] [PRECIPITATION DATA] SYMBOLS USED IN COLUMN 16
AVERAGE MONTHLY: 74.0 TOTAL FOR MONTH: 0.66 1 = FOG OR MIST
DPTR FM NORMAL: 4.7 DPTR FM NORMAL: 0.24 2 = FOG REDUCING VISIBILITY
HIGHEST: 98 ON 11 GRTST 24HR 0.22 ON 4- 5 TO 1/4 MILE OR LESS
LOWEST: 50 ON 24,10 3 = THUNDER
SNOW, ICE PELLETS, HAIL 4 = ICE PELLETS
TOTAL MONTH: M 5 = HAIL
GRTST 24HR M ON M 6 = FREEZING RAIN OR DRIZZLE
GRTST DEPTH: M ON M 7 = DUSTSTORM OR SANDSTORM:
VSBY 1/2 MILE OR LESS
8 = SMOKE OR HAZE
[NO. OF DAYS WITH] [WEATHER - DAYS WITH] 9 = BLOWING SNOW
X = TORNADO
MAX 32 OR BELOW: 0 0.01 INCH OR MORE: 8
MAX 90 OR ABOVE: 23 0.10 INCH OR MORE: 3
MIN 32 OR BELOW: 0 0.50 INCH OR MORE: 0
MIN 0 OR BELOW: 0 1.00 INCH OR MORE: 0
[HDD (BASE 65) ]
TOTAL THIS MO. 0 CLEAR (SCALE 0-3) 24
DPTR FM NORMAL -19 PTCLDY (SCALE 4-7) 7
TOTAL FM JUL 1 0 CLOUDY (SCALE 8-10) 0
DPTR FM NORMAL -16
[CDD (BASE 65) ]
TOTAL THIS MO. 287
DPTR FM NORMAL 135 [PRESSURE DATA]
TOTAL FM JAN 1 472 HIGHEST SLP 30.15 ON 10
DPTR FM NORMAL 284 LOWEST SLP 29.62 ON 15
[REMARKS]
#FINAL-07-21#