000
CXUS53 KMKX 010910
CF6LNR
PRELIMINARY LOCAL CLIMATOLOGICAL DATA (WS FORM: F-6)
STATION: LONE ROCK WI
MONTH: APRIL
YEAR: 2020
LATITUDE: 43 12 N
LONGITUDE: 90 11 W
TEMPERATURE IN F: :PCPN: SNOW: WIND :SUNSHINE: SKY :PK WND
================================================================================
1 2 3 4 5 6A 6B 7 8 9 10 11 12 13 14 15 16 17 18
12Z AVG MX 2MIN
DY MAX MIN AVG DEP HDD CDD WTR SNW DPTH SPD SPD DIR MIN PSBL S-S WX SPD DR
================================================================================
1 55 29 42 1 23 0 0.00 0.0 0 5.4 16 90 M M 3 20 100
2 62 39 51 9 14 0 0.00 0.0 0 8.7 16 130 M M 3 23 100
3 62 32 47 5 18 0 0.09 M 0 9.4 20 280 M M 10 1 29 290
4 51 29 40 -3 25 0 0.00 0.0 0 8.6 18 320 M M 4 25 320
5 59 26 43 0 22 0 0.00 0.0 0 3.3 13 130 M M 1 20 180
6 54 39 47 3 18 0 0.03 M 0 6.9 18 200 M M 6 18 23 190
7 67 44 56 12 9 0 T M 0 6.4 18 210 M M 7 128 24 200
8 53 42 48 4 17 0 0.28 M 0 7.2 23 290 M M 8 12 32 300
9 43 31 37 -8 28 0 T M 0 14.8 31 280 M M 3 8 46 300
10 49 31 40 -5 25 0 0.00 0.0 0 7.0 17 270 M M 2 26 260
11 57 34 46 0 19 0 0.06 M 0 4.9 13 110 M M 7 1 20 190
12 52 33 43 -3 22 0 0.34 M 0 10.0 25 330 M M 10 1 35 350
13 40 29 35 -11 30 0 T M 0 16.4 30 290 M M 6 38 290
14 35 24 30 -17 35 0 T M 0 12.2 24 270 M M 5 8 35 240
15 38 20 29 -18 36 0 0.00 0.0 0 6.4 20 280 M M 4 1 27 280
16 44 23 34 -14 31 0 0.00 0.0 0 6.7 21 270 M M 0 27 320
17 49 29 39 -9 26 0 0.00 0.0 0 4.3 17 300 M M 7 25 260
18 61 26 44 -5 21 0 T M 0 10.9 28 200 M M 2 8 38 220
19 57 31 44 -5 21 0 0.00 0.0 0 8.9 20 320 M M 1 28 300
20 64 26 45 -4 20 0 0.04 M 0 11.3 30 300 M M 2 45 310
21 50 31 41 -9 24 0 0.00 0.0 0 9.9 24 280 M M 2 35 290
22 71 39 55 5 10 0 0.22 M 0 11.6 18 80 M M 7 1 26 160
23 52 39 46 -5 19 0 0.00 0.0 0 7.2 13 50 M M 10 1 17 80
24 56 40 48 -3 17 0 0.03 M 0 5.2 13 70 M M 6 1 17 110
25 61 39 50 -1 15 0 0.00 0.0 0 5.1 17 80 M M 0 24 80
26 68 32 50 -2 15 0 0.00 0.0 0 3.1 12 110 M M 2 16 110
27 67 46 57 5 8 0 0.23 M 0 6.1 16 190 M M 4 1 24 200
28 69 44 57 5 8 0 0.01 M 0 7.8 21 290 M M 6 12 30 190
29 55 47 51 -2 14 0 0.01 M 0 13.9 25 20 M M 9 1 45 330
30 68 39 54 1 11 0 0.00 0.0 0 10.6 23 360 M M 0 35 340
================================================================================
SM 1669 1013 601 0 1.34 0.0 250.2 M 137
================================================================================
AV 55.6 33.8 8.3 FASTST M M 5 MAX(MPH)
MISC ----> # 31 280 # 46 300
================================================================================
NOTES:
# LAST OF SEVERAL OCCURRENCES
COLUMN 17 PEAK WIND IN M.P.H.
PRELIMINARY LOCAL CLIMATOLOGICAL DATA (WS FORM: F-6) , PAGE 2
STATION: LONE ROCK WI
MONTH: APRIL
YEAR: 2020
LATITUDE: 43 12 N
LONGITUDE: 90 11 W
[TEMPERATURE DATA] [PRECIPITATION DATA] SYMBOLS USED IN COLUMN 16
AVERAGE MONTHLY: 44.7 TOTAL FOR MONTH: 1.34 1 = FOG OR MIST
DPTR FM NORMAL: -2.7 DPTR FM NORMAL: -2.20 2 = FOG REDUCING VISIBILITY
HIGHEST: 71 ON 22 GRTST 24HR 0.34 ON 12-12 TO 1/4 MILE OR LESS
LOWEST: 20 ON 15 3 = THUNDER
SNOW, ICE PELLETS, HAIL 4 = ICE PELLETS
TOTAL MONTH: 0.0 INCH 5 = HAIL
GRTST 24HR 0.0 6 = FREEZING RAIN OR DRIZZLE
GRTST DEPTH: 0 7 = DUSTSTORM OR SANDSTORM:
VSBY 1/2 MILE OR LESS
8 = SMOKE OR HAZE
[NO. OF DAYS WITH] [WEATHER - DAYS WITH] 9 = BLOWING SNOW
X = TORNADO
MAX 32 OR BELOW: 0 0.01 INCH OR MORE: 11
MAX 90 OR ABOVE: 0 0.10 INCH OR MORE: 4
MIN 32 OR BELOW: 16 0.50 INCH OR MORE: 0
MIN 0 OR BELOW: 0 1.00 INCH OR MORE: 0
[HDD (BASE 65) ]
TOTAL THIS MO. 601 CLEAR (SCALE 0-3) 13
DPTR FM NORMAL 73 PTCLDY (SCALE 4-7) 13
TOTAL FM JUL 1 6559 CLOUDY (SCALE 8-10) 4
DPTR FM NORMAL -460
[CDD (BASE 65) ]
TOTAL THIS MO. 0
DPTR FM NORMAL -2 [PRESSURE DATA]
TOTAL FM JAN 1 0 HIGHEST SLP 30.32 ON 16
DPTR FM NORMAL -2 LOWEST SLP 29.48 ON 20
[REMARKS]
#FINAL-04-20#