000
CXUS53 KLMK 010710
CF6LOU
PRELIMINARY LOCAL CLIMATOLOGICAL DATA (WS FORM: F-6)
STATION: LOUISVILLE BOWMAN KY
MONTH: MAY
YEAR: 2022
LATITUDE: 38 13 N
LONGITUDE: 85 39 W
TEMPERATURE IN F: :PCPN: SNOW: WIND :SUNSHINE: SKY :PK WND
================================================================================
1 2 3 4 5 6A 6B 7 8 9 10 11 12 13 14 15 16 17 18
12Z AVG MX 2MIN
DY MAX MIN AVG DEP HDD CDD WTR SNW DPTH SPD SPD DIR MIN PSBL S-S WX SPD DR
================================================================================
1 78 58 68 5 0 3 0.02 M M 11.1 28 220 M M 2 3 39 220
2 76 48 62 -1 3 0 0.00 M M 3.8 10 130 M M 0 15 210
3 81 63 72 8 0 7 0.38 M M 13.8 28 210 M M 7 13 42 240
4 65 56 61 -3 4 0 0.00 M M 6.1 14 290 M M 9 19 290
5 70 54 62 -2 3 0 0.08 M M 6.3 14 100 M M 7 1 18 110
6 75 58 67 3 0 2 0.23 M M 7.5 16 260 M M 7 1238 22 200
7 63 53 58 -7 7 0 0.05 M M 7.3 16 20 M M 10 1 26 20
8 72 50 61 -4 4 0 0.00 M M 8.0 17 90 M M 1 24 70
9 81 55 68 3 0 3 0.00 M M 8.8 16 140 M M 0 25 130
10 85 63 74 8 0 9 0.00 M M 6.3 15 210 M M 2 21 190
11 89 67 78 12 0 13 0.00 M M 2.8 13 50 M M 6 16 50
12 87 56 72 6 0 7 0.00 M M 5.8 15 100 M M 0 1 21 100
13 87 63 75 9 0 10 0.00 M M 5.7 13 90 M M 1 16 130
14 84 63 74 7 0 9 0.59 M M 4.9 18 120 M M 3 38 27 230
15 87 60 74 7 0 9 0.01 M M 2.7 16 240 M M 0 13 26 280
16 79 61 70 3 0 5 0.38 M M 6.0 15 280 M M 4 13 24 220
17 84 54 69 1 0 4 0.00 M M 4.6 18 280 M M 0 26 250
18 79 62 71 3 0 6 0.38 M M 5.5 18 180 M M 4 13 25 180
19 85 59 72 4 0 7 0.04 M M 5.7 18 140 M M 3 123 22 130
20 89 72 81 13 0 16 0.00 M M 14.6 28 210 M M 1 40 180
21 89 69 79 10 0 14 0.16 M M 11.2 36 280 M M 2 138 60 290
22 71 62 67 -2 0 2 0.06 M M 5.9 14 360 M M 9 18 21 20
23 66 56 61 -8 4 0 0.00 M M 8.8 17 30 M M 9 23 30
24 74 54 64 -6 1 0 T M M 7.7 18 90 M M 4 24 90
25 86 65 76 6 0 11 0.49 M M 10.8 30 180 M M 5 138 47 180
26 74 63 69 -1 0 4 0.73 M M 9.0 17 230 M M 7 13 26 230
27 72 60 66 -4 0 1 0.13 M M 9.2 21 250 M M 8 1 28 240
28 75 55 65 -6 0 0 T M M 4.4 14 210 M M 5 20 310
29 84 56 70 -1 0 5 0.00 M M 6.3 17 140 M M 0 1 24 170
30 89 65 77 6 0 12 0.00 M M 8.5 21 160 M M 2 31 170
31 89 69 79 7 0 14 0.00 M M 6.7 16 200 M M 1 21 180
================================================================================
SM 2465 1849 26 173 3.73 M 225.8 M 119
================================================================================
AV 79.5 59.6 7.3 FASTST M M 4 MAX(MPH)
MISC ----> 36 280 60 290
================================================================================
NOTES:
# LAST OF SEVERAL OCCURRENCES
COLUMN 17 PEAK WIND IN M.P.H.
PRELIMINARY LOCAL CLIMATOLOGICAL DATA (WS FORM: F-6) , PAGE 2
STATION: LOUISVILLE BOWMAN KY
MONTH: MAY
YEAR: 2022
LATITUDE: 38 13 N
LONGITUDE: 85 39 W
[TEMPERATURE DATA] [PRECIPITATION DATA] SYMBOLS USED IN COLUMN 16
AVERAGE MONTHLY: 69.6 TOTAL FOR MONTH: 3.73 1 = FOG OR MIST
DPTR FM NORMAL: 2.4 DPTR FM NORMAL: -1.43 2 = FOG REDUCING VISIBILITY
HIGHEST: 89 ON 31,30 GRTST 24HR 0.88 ON 25-26 TO 1/4 MILE OR LESS
LOWEST: 48 ON 2 3 = THUNDER
SNOW, ICE PELLETS, HAIL 4 = ICE PELLETS
TOTAL MONTH: M 5 = HAIL
GRTST 24HR M ON M 6 = FREEZING RAIN OR DRIZZLE
GRTST DEPTH: M ON M 7 = DUSTSTORM OR SANDSTORM:
VSBY 1/2 MILE OR LESS
8 = SMOKE OR HAZE
[NO. OF DAYS WITH] [WEATHER - DAYS WITH] 9 = BLOWING SNOW
X = TORNADO
MAX 32 OR BELOW: 0 0.01 INCH OR MORE: 15
MAX 90 OR ABOVE: 0 0.10 INCH OR MORE: 9
MIN 32 OR BELOW: 0 0.50 INCH OR MORE: 2
MIN 0 OR BELOW: 0 1.00 INCH OR MORE: 0
[HDD (BASE 65) ]
TOTAL THIS MO. 26 CLEAR (SCALE 0-3) 16
DPTR FM NORMAL -44 PTCLDY (SCALE 4-7) 11
TOTAL FM JUL 1 3781 CLOUDY (SCALE 8-10) 4
DPTR FM NORMAL -366
[CDD (BASE 65) ]
TOTAL THIS MO. 173
DPTR FM NORMAL 33 [PRESSURE DATA]
TOTAL FM JAN 1 206 HIGHEST SLP M ON M
DPTR FM NORMAL 23 LOWEST SLP 29.50 ON 6
[REMARKS]
#FINAL-05-22#