000
CXUS53 KARX 011000
CF6LSE
PRELIMINARY LOCAL CLIMATOLOGICAL DATA (WS FORM: F-6)
STATION: LA CROSSE WI
MONTH: FEBRUARY
YEAR: 2022
LATITUDE: 43 52 N
LONGITUDE: 91 15 W
TEMPERATURE IN F: :PCPN: SNOW: WIND :SUNSHINE: SKY :PK WND
================================================================================
1 2 3 4 5 6A 6B 7 8 9 10 11 12 13 14 15 16 17 18
12Z AVG MX 2MIN
DY MAX MIN AVG DEP HDD CDD WTR SNW DPTH SPD SPD DIR MIN PSBL S-S WX SPD DR
================================================================================
1 37 10 24 5 41 0 0.00 0.0 8 14.0 30 180 M M 2 38 190
2 12 3 8 -12 57 0 0.00 0.0 7 12.2 18 340 M M 0 24 340
3 9 -9 0 -20 65 0 0.00 0.0 7 7.0 14 330 M M 0 18 340
4 12 -11 1 -19 64 0 T T 7 5.3 15 310 M M 6 8 21 320
5 22 -5 9 -11 56 0 0.00 0.0 7 11.6 23 170 M M 5 30 170
6 34 15 25 5 40 0 T T 7 9.5 20 300 M M 8 8 26 310
7 22 0 11 -10 54 0 0.00 0.0 7 6.1 14 310 M M 5 20 320
8 38 14 26 5 39 0 0.00 0.0 6 7.8 16 170 M M 1 21 160
9 39 28 34 13 31 0 T T 6 14.4 24 320 M M 10 32 320
10 41 20 31 9 34 0 0.05 0.4 4 14.6 29 210 M M 9 18 44 200
11 42 8 25 3 40 0 0.02 T 4 17.2 29 330 M M 10 1 36 330
12 10 0 5 -17 60 0 T T 4 7.5 17 340 M M 4 8 20 320
13 14 -4 5 -17 60 0 0.01 0.2 4 6.8 14 180 M M 5 8 17 170
14 23 9 16 -7 49 0 T 0.1 4 5.1 15 170 M M 4 8 19 160
15 37 9 23 0 42 0 0.00 0.0 4 9.7 23 140 M M 0 34 150
16 44 24 34 10 31 0 0.00 0.0 3 12.4 22 340 M M 1 8 29 190
17 24 -1 12 -12 53 0 0.00 0.0 3 12.4 21 350 M M 1 27 350
18 39 -2 19 -5 46 0 0.05 T 3 17.2 45 290 M M 6 1 62 290
19 21 2 12 -13 53 0 0.00 0.0 3 12.4 28 320 M M 1 8 38 320
20 49 21 35 10 30 0 0.00 0.0 3 9.7 25 180 M M 0 43 170
21 36 20 28 2 37 0 T 0.0 2 12.2 20 60 M M 8 168 29 80
22 21 7 14 -12 51 0 0.10 1.6 2 14.3 22 310 M M 10 18 31 310
23 17 2 10 -16 55 0 0.00 0.0 3 10.1 17 310 M M 1 22 320
24 25 3 14 -13 51 0 0.10 1.3 3 6.3 14 50 M M 7 18 17 50
25 26 4 15 -12 50 0 0.01 0.3 4 6.7 12 300 M M 3 1 15 220
26 32 5 19 -9 46 0 0.00 0.0 4 10.0 20 210 M M 0 24 220
27 40 14 27 -1 38 0 0.00 0.0 4 3.8 12 270 M M 0 15 270
28 48 23 36 7 29 0 0.00 0.0 4 5.7 13 200 M M 1 17 190
================================================================================
SM 814 209 1302 0 0.34 3.9 282.0 M 108
================================================================================
AV 29.1 7.5 10.1 FASTST M M 4 MAX(MPH)
MISC ----> 45 290 62 290
================================================================================
NOTES:
# LAST OF SEVERAL OCCURRENCES
COLUMN 17 PEAK WIND IN M.P.H.
PRELIMINARY LOCAL CLIMATOLOGICAL DATA (WS FORM: F-6) , PAGE 2
STATION: LA CROSSE WI
MONTH: FEBRUARY
YEAR: 2022
LATITUDE: 43 52 N
LONGITUDE: 91 15 W
[TEMPERATURE DATA] [PRECIPITATION DATA] SYMBOLS USED IN COLUMN 16
AVERAGE MONTHLY: 18.3 TOTAL FOR MONTH: 0.34 1 = FOG OR MIST
DPTR FM NORMAL: -5.0 DPTR FM NORMAL: -0.85 2 = FOG REDUCING VISIBILITY
HIGHEST: 49 ON 20 GRTST 24HR 0.11 ON 24-25 TO 1/4 MILE OR LESS
LOWEST: -11 ON 4 3 = THUNDER
SNOW, ICE PELLETS, HAIL 4 = ICE PELLETS
TOTAL MONTH: 3.9 INCHES 5 = HAIL
GRTST 24HR 1.6 ON 22-22 6 = FREEZING RAIN OR DRIZZLE
GRTST DEPTH: 8 ON 1 7 = DUSTSTORM OR SANDSTORM:
VSBY 1/2 MILE OR LESS
8 = SMOKE OR HAZE
[NO. OF DAYS WITH] [WEATHER - DAYS WITH] 9 = BLOWING SNOW
X = TORNADO
MAX 32 OR BELOW: 15 0.01 INCH OR MORE: 7
MAX 90 OR ABOVE: 0 0.10 INCH OR MORE: 2
MIN 32 OR BELOW: 28 0.50 INCH OR MORE: 0
MIN 0 OR BELOW: 8 1.00 INCH OR MORE: 0
[HDD (BASE 65) ]
TOTAL THIS MO. 1302 CLEAR (SCALE 0-3) 13
DPTR FM NORMAL 136 PTCLDY (SCALE 4-7) 10
TOTAL FM JUL 1 5103 CLOUDY (SCALE 8-10) 5
DPTR FM NORMAL -87
[CDD (BASE 65) ]
TOTAL THIS MO. 0
DPTR FM NORMAL 0 [PRESSURE DATA]
TOTAL FM JAN 1 0 HIGHEST SLP 30.77 ON 3
DPTR FM NORMAL 0 LOWEST SLP 29.34 ON 11
[REMARKS]
#FINAL-02-22#