000
CXUS55 KBYZ 011127
CLMLVM
CLIMATE REPORT
NATIONAL WEATHER SERVICE BILLINGS MT
527 AM MDT TUE AUG 01 2023
...................................
...THE LIVINGSTON MT CLIMATE SUMMARY FOR THE MONTH OF JULY 2023...
CLIMATE NORMAL PERIOD 1991 TO 2020
CLIMATE RECORD PERIOD 1948 TO 2023
WEATHER OBSERVED NORMAL DEPART
VALUE DATE(S) VALUE FROM
NORMAL
................................................
TEMPERATURE (F)
HIGHEST 98 07/22
LOWEST 40 07/19
AVG. MAXIMUM 86.1 85.7 0.4
AVG. MINIMUM 50.0 50.2 -0.2
MEAN 68.0 67.9 0.1
DAYS MAX >= 90 10
DAYS MAX <= 32 0
DAYS MIN <= 32 0
DAYS MIN <= 0 0
PRECIPITATION (INCHES)
TOTALS 1.00 1.31 -0.31
DAYS >= .01 9
DAYS >= .10 3
DAYS >= .50 0
DAYS >= 1.00 0
GREATEST
24 HR. TOTAL 0.41 07/04 TO 07/04
DEGREE DAYS
HEATING TOTAL 36 39 -3
SINCE 7/1 36 37 -1
COOLING TOTAL 136 130 6
SINCE 1/1 140 153 -13
................................................
WIND (MPH)
AVERAGE WIND SPEED 8.8
HIGHEST WIND SPEED/DIRECTION 37/200 DATE 07/01
HIGHEST GUST SPEED/DIRECTION 65/270 DATE 07/10
AVERAGE RH (PERCENT) 54
WEATHER CONDITIONS. NUMBER OF DAYS WITH
THUNDERSTORM 15 MIXED PRECIP 0
HEAVY RAIN 2 RAIN 3
LIGHT RAIN 15 FREEZING RAIN 0
LT FREEZING RAIN 0 HAIL 0
HEAVY SNOW 0 SNOW 0
LIGHT SNOW 0 SLEET 0
FOG 4 FOG W/VIS <= 1/4 MILE 0
HAZE 2
- INDICATES NEGATIVE NUMBERS.
R INDICATES RECORD WAS SET OR TIED.
MM INDICATES DATA IS MISSING.
T INDICATES TRACE AMOUNT.
$$