000
CXUS53 KDMX 010920
CF6LWD
PRELIMINARY LOCAL CLIMATOLOGICAL DATA (WS FORM: F-6)
STATION: LAMONI IA
MONTH: SEPTEMBER
YEAR: 2020
LATITUDE: 40 37 N
LONGITUDE: 93 56 W
TEMPERATURE IN F: :PCPN: SNOW: WIND :SUNSHINE: SKY :PK WND
================================================================================
1 2 3 4 5 6A 6B 7 8 9 10 11 12 13 14 15 16 17 18
12Z AVG MX 2MIN
DY MAX MIN AVG DEP HDD CDD WTR SNW DPTH SPD SPD DIR MIN PSBL S-S WX SPD DR
================================================================================
1 69 58 64 -7 1 0 0.33 0.0 0 6.3 15 40 M M 9 13 22 40
2 86 60 73 3 0 8 0.00 0.0 0 6.8 13 210 M M 0 1 20 210
3 82 57 70 0 0 5 0.00 0.0 0 10.7 20 320 M M 0 28 310
4 81 54 68 -2 0 3 0.00 0.0 0 6.2 13 190 M M 0 18 180
5 87 58 73 4 0 8 0.00 0.0 0 6.7 14 180 M M 0 20 170
6 91 73 82 13 0 17 T 0.0 0 16.0 37 210 M M 1 47 200
7 78 55 67 -2 0 2 0.21 0.0 0 11.7 28 50 M M 5 13 44 80
8 55 47 51 -17 14 0 0.18 0.0 0 17.0 28 40 M M 10 1 38 40
9 52 47 50 -18 15 0 0.10 0.0 0 12.2 20 20 M M 8 1 28 60
10 54 48 51 -17 14 0 1.06 0.0 0 9.0 16 30 M M 10 1 24 20
11 62 54 58 -9 7 0 1.33 0.0 0 4.1 9 30 M M 8 1 14 50
12 72 54 63 -4 2 0 0.01 0.0 0 5.3 15 310 M M 6 1 22 300
13 78 49 64 -2 1 0 0.00 0.0 0 3.2 10 330 M M 1 1 16 30
14 76 53 65 -1 0 0 0.00 0.0 0 3.3 9 150 M M 0 1 13 180
15 78 57 68 3 0 3 0.00 0.0 0 7.4 15 200 M M 0 20 210
16 84 58 71 6 0 6 0.00 0.0 0 8.4 18 360 M M 0 24 360
17 71 50 61 -4 4 0 0.00 0.0 0 7.4 16 40 M M 0 23 50
18 70 45 58 -6 7 0 0.00 0.0 0 5.1 13 30 M M 0 18 40
19 67 49 58 -6 7 0 0.00 0.0 0 7.4 16 160 M M 0 27 180
20 71 49 60 -3 5 0 0.00 0.0 0 8.5 17 150 M M 0 27 180
21 77 51 64 1 1 0 0.00 0.0 0 8.4 14 170 M M 0 20 210
22 77 55 66 4 0 1 0.00 0.0 0 5.7 14 140 M M 0 20 180
23 77 56 67 5 0 2 0.00 0.0 0 5.7 15 220 M M 4 12 21 220
24 80 59 70 8 0 5 0.00 0.0 0 9.6 17 200 M M 0 26 200
25 84 59 72 11 0 7 0.00 0.0 0 11.4 22 190 M M 0 33 170
26 87 62 75 14 0 10 0.00 0.0 0 12.6 25 200 M M 1 36 210
27 71 51 61 1 4 0 0.25 0.0 0 7.4 16 330 M M 8 1 23 320
28 63 47 55 -5 10 0 0.01 0.0 0 11.4 23 300 M M 6 35 340
29 69 42 56 -4 9 0 0.00 0.0 0 9.1 17 260 M M 3 26 230
30 71 47 59 0 6 0 0.00 0.0 0 12.4 30 340 M M 1 44 330
================================================================================
SM 2220 1604 107 77 3.48 0.0 256.4 M 81
================================================================================
AV 74.0 53.5 8.5 FASTST M M 3 MAX(MPH)
MISC ----> # 37 210 # 47 200
================================================================================
NOTES:
# LAST OF SEVERAL OCCURRENCES
COLUMN 17 PEAK WIND IN M.P.H.
PRELIMINARY LOCAL CLIMATOLOGICAL DATA (WS FORM: F-6) , PAGE 2
STATION: LAMONI IA
MONTH: SEPTEMBER
YEAR: 2020
LATITUDE: 40 37 N
LONGITUDE: 93 56 W
[TEMPERATURE DATA] [PRECIPITATION DATA] SYMBOLS USED IN COLUMN 16
AVERAGE MONTHLY: 63.7 TOTAL FOR MONTH: 3.48 1 = FOG OR MIST
DPTR FM NORMAL: -1.4 DPTR FM NORMAL: 0.00 2 = FOG REDUCING VISIBILITY
HIGHEST: 91 ON 6 GRTST 24HR 1.33 ON 11-11 TO 1/4 MILE OR LESS
LOWEST: 42 ON 29 3 = THUNDER
SNOW, ICE PELLETS, HAIL 4 = ICE PELLETS
TOTAL MONTH: 0.0 INCH 5 = HAIL
GRTST 24HR 0.0 6 = FREEZING RAIN OR DRIZZLE
GRTST DEPTH: 0 7 = DUSTSTORM OR SANDSTORM:
VSBY 1/2 MILE OR LESS
8 = SMOKE OR HAZE
[NO. OF DAYS WITH] [WEATHER - DAYS WITH] 9 = BLOWING SNOW
X = TORNADO
MAX 32 OR BELOW: 0 0.01 INCH OR MORE: 9
MAX 90 OR ABOVE: 1 0.10 INCH OR MORE: 7
MIN 32 OR BELOW: 0 0.50 INCH OR MORE: 2
MIN 0 OR BELOW: 0 1.00 INCH OR MORE: 2
[HDD (BASE 65) ]
TOTAL THIS MO. 107 CLEAR (SCALE 0-3) 20
DPTR FM NORMAL 15 PTCLDY (SCALE 4-7) 6
TOTAL FM JUL 1 112 CLOUDY (SCALE 8-10) 4
DPTR FM NORMAL 12
[CDD (BASE 65) ]
TOTAL THIS MO. 77
DPTR FM NORMAL -18 [PRESSURE DATA]
TOTAL FM JAN 1 1088 HIGHEST SLP 30.37 ON 18
DPTR FM NORMAL 155 LOWEST SLP 29.56 ON 26
[REMARKS]
#FINAL-09-20#