000
CXUS53 KDMX 010920
CF6LWD
PRELIMINARY LOCAL CLIMATOLOGICAL DATA (WS FORM: F-6)
STATION: LAMONI IA
MONTH: MARCH
YEAR: 2020
LATITUDE: 40 37 N
LONGITUDE: 93 56 W
TEMPERATURE IN F: :PCPN: SNOW: WIND :SUNSHINE: SKY :PK WND
================================================================================
1 2 3 4 5 6A 6B 7 8 9 10 11 12 13 14 15 16 17 18
12Z AVG MX 2MIN
DY MAX MIN AVG DEP HDD CDD WTR SNW DPTH SPD SPD DIR MIN PSBL S-S WX SPD DR
================================================================================
1 65 36 51 18 14 0 0.00 0.0 0 12.0 22 360 M M 0 33 350
2 47 27 37 3 28 0 0.00 0.0 0 7.0 15 10 M M 3 21 360
3 57 33 45 11 20 0 T 0.0 0 13.8 29 250 M M 2 42 250
4 56 30 43 8 22 0 T 0.0 0 9.2 24 260 M M 1 33 260
5 53 35 44 9 21 0 0.00 0.0 0 21.2 39 310 M M 2 51 300
6 50 24 37 1 28 0 0.00 0.0 0 8.0 21 350 M M 0 27 350
7 66 34 50 14 15 0 0.00 0.0 0 14.8 26 210 M M 0 36 190
8 70 44 57 21 8 0 0.01 0.0 0 19.5 31 200 M M 0 3 43 190
9 55 32 44 7 21 0 0.66 0.0 0 10.8 24 190 M M 10 13 36 170
10 44 29 37 -1 28 0 0.00 0.0 0 6.4 17 300 M M 8 1 23 310
11 61 36 49 11 16 0 0.00 0.0 0 5.3 13 200 M M 5 1 21 170
12 63 35 49 11 16 0 0.09 0.0 0 13.0 29 350 M M 4 1 38 340
13 48 27 38 -1 27 0 0.04 M 0 6.2 16 40 M M 3 1 27 50
14 35 31 33 -6 32 0 0.48 M M 11.5 21 50 M M 10 1 27 60
15 35 31 33 -7 32 0 0.00 0.0 M 6.5 13 40 M M 10 18 100
16 45 34 40 0 25 0 0.01 0.0 0 3.9 10 330 M M 10 1 13 300
17 50 34 42 1 23 0 0.00 0.0 0 8.5 15 150 M M 6 1 23 140
18 53 43 48 7 17 0 0.37 0.0 0 5.2 13 140 M M 10 1 20 130
19 70 42 56 14 9 0 0.35 0.0 0 11.4 25 10 M M 7 123 37 20
20 42 25 34 -8 31 0 T 0.0 0 16.4 30 360 M M 6 41 340
21 44 24 34 -8 31 0 0.00 0.0 0 4.8 13 140 M M 2 17 130
22 36 32 34 -9 31 0 0.15 M 0 7.5 13 150 M M 9 1 20 120
23 47 35 41 -2 24 0 0.00 0.0 0 4.0 10 150 M M 10 1 14 160
24 55 38 47 3 18 0 T 0.0 0 7.8 14 70 M M 6 1 20 80
25 61 42 52 8 13 0 0.00 0.0 0 10.4 18 180 M M 6 12 27 170
26 57 46 52 8 13 0 0.00 0.0 0 11.8 23 50 M M 8 34 50
27 50 44 47 2 18 0 0.01 0.0 0 7.6 17 60 M M 10 123 26 60
28 75 40 58 13 7 0 0.03 0.0 0 18.6 43 210 M M 7 123 62 220
29 60 39 50 4 15 0 0.00 0.0 0 21.4 36 290 M M 3 48 290
30 66 33 50 4 15 0 0.00 0.0 0 4.6 14 20 M M 0 20 30
31 64 36 50 4 15 0 0.00 0.0 0 6.0 13 40 M M 0 18 300
================================================================================
SM 1680 1071 633 0 2.20 0.0 315.1 M 158
================================================================================
AV 54.2 34.6 10.2 FASTST M M 5 MAX(MPH)
MISC ----> # 43 210 # 62 220
================================================================================
NOTES:
# LAST OF SEVERAL OCCURRENCES
COLUMN 17 PEAK WIND IN M.P.H.
PRELIMINARY LOCAL CLIMATOLOGICAL DATA (WS FORM: F-6) , PAGE 2
STATION: LAMONI IA
MONTH: MARCH
YEAR: 2020
LATITUDE: 40 37 N
LONGITUDE: 93 56 W
[TEMPERATURE DATA] [PRECIPITATION DATA] SYMBOLS USED IN COLUMN 16
AVERAGE MONTHLY: 44.4 TOTAL FOR MONTH: 2.20 1 = FOG OR MIST
DPTR FM NORMAL: 4.3 DPTR FM NORMAL: -0.08 2 = FOG REDUCING VISIBILITY
HIGHEST: 75 ON 28 GRTST 24HR 0.66 ON 9- 9 TO 1/4 MILE OR LESS
LOWEST: 24 ON 21, 6 3 = THUNDER
SNOW, ICE PELLETS, HAIL 4 = ICE PELLETS
TOTAL MONTH: 0.0 INCH 5 = HAIL
GRTST 24HR 0.0 6 = FREEZING RAIN OR DRIZZLE
GRTST DEPTH: 0 7 = DUSTSTORM OR SANDSTORM:
VSBY 1/2 MILE OR LESS
8 = SMOKE OR HAZE
[NO. OF DAYS WITH] [WEATHER - DAYS WITH] 9 = BLOWING SNOW
X = TORNADO
MAX 32 OR BELOW: 0 0.01 INCH OR MORE: 11
MAX 90 OR ABOVE: 0 0.10 INCH OR MORE: 5
MIN 32 OR BELOW: 11 0.50 INCH OR MORE: 1
MIN 0 OR BELOW: 0 1.00 INCH OR MORE: 0
[HDD (BASE 65) ]
TOTAL THIS MO. 633 CLEAR (SCALE 0-3) 12
DPTR FM NORMAL -139 PTCLDY (SCALE 4-7) 11
TOTAL FM JUL 1 5165 CLOUDY (SCALE 8-10) 8
DPTR FM NORMAL -324
[CDD (BASE 65) ]
TOTAL THIS MO. 0
DPTR FM NORMAL -1 [PRESSURE DATA]
TOTAL FM JAN 1 0 HIGHEST SLP 30.66 ON 15
DPTR FM NORMAL -1 LOWEST SLP 29.32 ON 28
[REMARKS]
#FINAL-03-20#