000
CXUS56 KTFX 011210
CF6LWT
PRELIMINARY LOCAL CLIMATOLOGICAL DATA (WS FORM: F-6)
STATION: LEWISTOWN MT
MONTH: NOVEMBER
YEAR: 2021
LATITUDE: 47 2 N
LONGITUDE: 109 28 W
TEMPERATURE IN F: :PCPN: SNOW: WIND :SUNSHINE: SKY :PK WND
================================================================================
1 2 3 4 5 6A 6B 7 8 9 10 11 12 13 14 15 16 17 18
12Z AVG MX 2MIN
DY MAX MIN AVG DEP HDD CDD WTR SNW DPTH SPD SPD DIR MIN PSBL S-S WX SPD DR
================================================================================
1 41 11 26 -11 39 0 0.00 0.0 0 4.8 10 130 M M 0 16 130
2 56 17 37 0 28 0 0.00 0.0 0 5.0 12 290 M M 0 17 260
3 58 25 42 6 23 0 0.00 0.0 0 5.6 13 260 M M 0 16 250
4 69 38 54 18 11 0 T 0.0 0 12.4 25 230 M M 2 36 240
5 59 38 49 13 16 0 0.00 0.0 0 16.5 30 240 M M 1 42 270
6 55 35 45 10 20 0 T 0.0 0 5.8 17 300 M M 4 24 290
7 47 20 34 -1 31 0 T T 0 11.5 24 270 M M 2 34 300
8 47 18 33 -2 32 0 0.00 0.0 0 9.3 24 230 M M 0 31 220
9 54 19 37 3 28 0 0.00 0.0 0 10.2 24 220 M M 4 32 230
10 44 22 33 -1 32 0 T T 0 18.3 38 290 M M 6 54 280
11 39 14 27 -7 38 0 0.00 0.0 0 5.6 16 320 M M 5 26 340
12 57 18 38 5 27 0 0.03 0.0 0 14.9 32 230 M M 4 44 240
13 56 34 45 12 20 0 0.00 0.0 0 16.8 33 300 M M 3 49 280
14 61 34 48 15 17 0 0.13 0.0 0 15.2 30 260 M M 4 1 43 260
15 65 46 56 24 9 0 0.00 0.0 0 21.2 44 230 M M 0 63 230
16 58 23 41 9 24 0 T T 0 24.9 43 270 M M 5 1 61 300
17 32 12 22 -10 43 0 T T T 12.2 24 300 M M 4 1 36 310
18 50 13 32 1 33 0 T 0.0 0 11.6 28 250 M M 4 36 240
19 51 30 41 10 24 0 0.07 0.0 0 9.2 26 250 M M 10 1 33 250
20 46 24 35 4 30 0 0.00 0.0 0 9.0 20 300 M M 2 28 310
21 50 22 36 6 29 0 0.00 0.0 0 10.4 28 300 M M 2 39 300
22 66 37 52 22 13 0 0.00 0.0 0 14.9 25 260 M M 1 34 260
23 50 24 37 7 28 0 0.19 1.0 0 9.0 26 300 M M 4 1 37 300
24 27 12 20 -9 45 0 0.01 0.5 2 6.1 16 300 M M 6 1 23 320
25 51 26 39 10 26 0 T 0.0 1 20.2 35 240 M M 3 44 250
26 57 34 46 17 19 0 0.00 0.0 0 21.0 39 260 M M 4 55 260
27 49 31 40 12 25 0 0.00 0.0 0 9.0 21 240 M M 3 27 240
28 64 41 53 25 12 0 0.00 0.0 0 27.8 44 240 M M 1 59 240
29 56 28 42 14 23 0 0.02 0.0 0 9.6 26 230 M M 4 38 300
30 54 29 42 14 23 0 0.00 0.0 0 20.0 36 250 M M 3 49 240
================================================================================
SM 1569 775 768 0 0.45 1.5 388.0 M 91
================================================================================
AV 52.3 25.8 12.9 FASTST M M 3 MAX(MPH)
MISC ----> # 44 230 63 230
================================================================================
NOTES:
# LAST OF SEVERAL OCCURRENCES
COLUMN 17 PEAK WIND IN M.P.H.
PRELIMINARY LOCAL CLIMATOLOGICAL DATA (WS FORM: F-6) , PAGE 2
STATION: LEWISTOWN MT
MONTH: NOVEMBER
YEAR: 2021
LATITUDE: 47 2 N
LONGITUDE: 109 28 W
[TEMPERATURE DATA] [PRECIPITATION DATA] SYMBOLS USED IN COLUMN 16
AVERAGE MONTHLY: 39.1 TOTAL FOR MONTH: 0.45 1 = FOG OR MIST
DPTR FM NORMAL: 7.0 DPTR FM NORMAL: -0.22 2 = FOG REDUCING VISIBILITY
HIGHEST: 69 ON 4 GRTST 24HR 0.20 ON 23-24 TO 1/4 MILE OR LESS
LOWEST: 11 ON 1 3 = THUNDER
SNOW, ICE PELLETS, HAIL 4 = ICE PELLETS
TOTAL MONTH: 1.5 INCHES 5 = HAIL
GRTST 24HR 1.0 ON 23-23 6 = FREEZING RAIN OR DRIZZLE
GRTST DEPTH: 2 ON 24 7 = DUSTSTORM OR SANDSTORM:
VSBY 1/2 MILE OR LESS
8 = SMOKE OR HAZE
[NO. OF DAYS WITH] [WEATHER - DAYS WITH] 9 = BLOWING SNOW
X = TORNADO
MAX 32 OR BELOW: 2 0.01 INCH OR MORE: 6
MAX 90 OR ABOVE: 0 0.10 INCH OR MORE: 2
MIN 32 OR BELOW: 21 0.50 INCH OR MORE: 0
MIN 0 OR BELOW: 0 1.00 INCH OR MORE: 0
[HDD (BASE 65) ]
TOTAL THIS MO. 768 CLEAR (SCALE 0-3) 15
DPTR FM NORMAL -218 PTCLDY (SCALE 4-7) 14
TOTAL FM JUL 1 1629 CLOUDY (SCALE 8-10) 1
DPTR FM NORMAL -461
[CDD (BASE 65) ]
TOTAL THIS MO. 0
DPTR FM NORMAL 0 [PRESSURE DATA]
TOTAL FM JAN 1 461 HIGHEST SLP 30.46 ON 1
DPTR FM NORMAL 232 LOWEST SLP 29.28 ON 15
[REMARKS]
#FINAL-11-21#