000
CXUS56 KTFX 020747
CF6LWT
PRELIMINARY LOCAL CLIMATOLOGICAL DATA (WS FORM: F-6)
STATION: LEWISTOWN MT
MONTH: OCTOBER
YEAR: 2023
LATITUDE: 47 2 N
LONGITUDE: 109 28 W
TEMPERATURE IN F: :PCPN: SNOW: WIND :SUNSHINE: SKY :PK WND
================================================================================
1 2 3 4 5 6A 6B 7 8 9 10 11 12 13 14 15 16 17 18
12Z AVG MX 2MIN
DY MAX MIN AVG DEP HDD CDD WTR SNW DPTH SPD SPD DIR MIN PSBL S-S WX SPD DR
================================================================================
1 46 42 44 -6 21 0 0.08 M M 8.2 18 250 M M 10 1 24 280
2 65 33 49 -1 16 0 0.18 M M 5.4 12 260 M M 6 12 16 260
3 54 41 48 -1 17 0 0.03 M M 8.1 16 300 M M 10 1 28 320
4 58 39 49 0 16 0 0.12 M M 9.1 22 300 M M 7 1 36 300
5 54 40 47 -1 18 0 0.01 M M 6.8 16 300 M M 9 23 310
6 61 29 45 -3 20 0 0.00 M M 4.1 12 300 M M 2 16 290
7 71 36 54 7 11 0 0.00 M M 5.6 10 130 M M 0 14 300
8 78 37 58 11 7 0 0.00 M M 5.5 10 120 M M 0 13 310
9 79 41 60 14 5 0 0.00 M M 6.5 12 120 M M 0 19 260
10 78 43 61 15 4 0 T M M 7.4 30 220 M M 2 3 40 220
11 57 39 48 2 17 0 0.03 M M 5.7 15 300 M M 6 1 22 300
12 46 40 43 -2 22 0 0.12 M M 7.3 14 300 M M 10 1 20 300
13 48 32 40 -5 25 0 0.00 M M 11.0 17 90 M M 8 23 90
14 61 30 46 2 19 0 0.00 M M 6.3 15 250 M M 0 20 280
15 66 35 51 7 14 0 0.00 M M 7.0 15 260 M M 2 26 240
16 75 40 58 15 7 0 0.00 M M 6.2 9 110 M M 0 12 120
17 66 41 54 11 11 0 T M M 14.0 39 300 M M 4 57 300
18 71 36 54 12 11 0 0.00 M M 10.5 25 270 M M 0 34 260
19 78 50 64 22 1 0 0.00 M M 13.4 24 250 M M 0 32 300
20 76 43 60 18 5 0 0.00 M M 9.0 17 220 M M 0 22 230
21 66 37 52 11 13 0 0.00 M M 7.7 16 110 M M 0 21 110
22 55 37 46 5 19 0 0.01 M M 5.5 14 110 M M 2 18 110
23 43 35 39 -1 26 0 0.12 M M 7.0 18 230 M M 9 12 24 230
24 43 20 32 -8 33 0 0.27 M M 7.5 20 230 M M 9 12 26 300
25 20 6 13 -27 52 0 0.34 M M 5.0 14 90 M M 9 1 17 90
26 12 -5 4 -35 61 0 0.10 M M 4.8 10 290 M M 9 12 10 300
27 14 -5 5 -34 60 0 T M M 6.4 13 230 M M M 1 14 230
28 24 -10 7 -31 58 0 T M M 7.3 M 300 M M M 31 300
29 28 13 21 -17 44 0 T M M 7.0 16 300 M M M 24 290
30 34 12 23 -15 42 0 0.00 M M 10.3 20 300 M M M 30 310
31 44 20 32 -5 33 0 0.00 M M 4.3 10 180 M M M 11 170
================================================================================
SM 1671 927 708 0 1.41 M 229.9 M 114
================================================================================
AV 53.9 29.9 7.4 FASTST M M 4 MAX(MPH)
MISC ----> 39 300 57 300
================================================================================
NOTES:
# LAST OF SEVERAL OCCURRENCES
COLUMN 17 PEAK WIND IN M.P.H.
PRELIMINARY LOCAL CLIMATOLOGICAL DATA (WS FORM: F-6) , PAGE 2
STATION: LEWISTOWN MT
MONTH: OCTOBER
YEAR: 2023
LATITUDE: 47 2 N
LONGITUDE: 109 28 W
[TEMPERATURE DATA] [PRECIPITATION DATA] SYMBOLS USED IN COLUMN 16
AVERAGE MONTHLY: 41.9 TOTAL FOR MONTH: 1.41 1 = FOG OR MIST
DPTR FM NORMAL: -1.5 DPTR FM NORMAL: 0.14 2 = FOG REDUCING VISIBILITY
HIGHEST: 79 ON 9 GRTST 24HR 0.61 ON 24-25 TO 1/4 MILE OR LESS
LOWEST: -10 ON 28 3 = THUNDER
SNOW, ICE PELLETS, HAIL 4 = ICE PELLETS
TOTAL MONTH: M 5 = HAIL
GRTST 24HR M ON M 6 = FREEZING RAIN OR DRIZZLE
GRTST DEPTH: M ON M 7 = DUSTSTORM OR SANDSTORM:
VSBY 1/2 MILE OR LESS
8 = SMOKE OR HAZE
[NO. OF DAYS WITH] [WEATHER - DAYS WITH] 9 = BLOWING SNOW
X = TORNADO
MAX 32 OR BELOW: 5 0.01 INCH OR MORE: 12
MAX 90 OR ABOVE: 0 0.10 INCH OR MORE: 7
MIN 32 OR BELOW: 11 0.50 INCH OR MORE: 0
MIN 0 OR BELOW: 3 1.00 INCH OR MORE: 0
[HDD (BASE 65) ]
TOTAL THIS MO. 708 CLEAR (SCALE 0-3) 13
DPTR FM NORMAL 38 PTCLDY (SCALE 4-7) 5
TOTAL FM JUL 1 985 CLOUDY (SCALE 8-10) 13
DPTR FM NORMAL -120
[CDD (BASE 65) ]
TOTAL THIS MO. 0
DPTR FM NORMAL -1 [PRESSURE DATA]
TOTAL FM JAN 1 229 HIGHEST SLP M ON M
DPTR FM NORMAL 0 LOWEST SLP 29.38 ON 11
[REMARKS]
#FINAL-10-23#