000
CXUS53 KILX 010900
CF6LWV
PRELIMINARY LOCAL CLIMATOLOGICAL DATA (WS FORM: F-6)
STATION: LAWRENCEVILLE IL AIRPORT
MONTH: SEPTEMBER
YEAR: 2022
LATITUDE: 38 45 N
LONGITUDE: 87 36 W
TEMPERATURE IN F: :PCPN: SNOW: WIND :SUNSHINE: SKY :PK WND
================================================================================
1 2 3 4 5 6A 6B 7 8 9 10 11 12 13 14 15 16 17 18
12Z AVG MX 2MIN
DY MAX MIN AVG DEP HDD CDD WTR SNW DPTH SPD SPD DIR MIN PSBL S-S WX SPD DR
================================================================================
1 86 59 73 -1 0 8 0.00 M M 2.1 12 150 M M 0 17 160
2 87 63 75 2 0 10 0.00 M M 3.5 9 90 M M 0 13 180
3 83 69 76 3 0 11 0.13 M M 5.9 15 50 M M 5 138 21 40
4 81 68 75 2 0 10 0.01 M M 5.6 10 80 M M 7 17 100
5 83 69 76 3 0 11 0.04 M M 5.9 12 20 M M 7 13 15 50
6 81 66 74 2 0 9 T M M 5.0 12 40 M M 6 1 16 30
7 85 63 74 2 0 9 0.00 M M 6.7 17 340 M M 1 1 22 350
8 84 59 72 0 0 7 0.00 M M 4.4 13 60 M M 0 21 70
9 86 56 71 -1 0 6 0.00 M M 4.1 12 130 M M 1 17 80
10 88 64 76 5 0 11 0.05 M M 3.6 14 120 M M 4 19 120
11 79 59 69 -2 0 4 0.64 M M 8.1 25 290 M M 8 13 34 290
12 79 52 66 -5 0 1 0.00 M M 9.2 23 280 M M 3 32 280
13 80 55 68 -2 0 3 0.00 M M 5.1 17 320 M M 3 26 320
14 84 54 69 -1 0 4 0.00 M M 2.0 9 120 M M 0 18 13 130
15 85 56 71 1 0 6 0.00 M M 3.0 9 100 M M 0 1 14 90
16 86 56 71 2 0 6 0.00 M M 5.4 13 210 M M 1 1 18 220
17 88 64 76 7 0 11 0.00 M M 5.8 17 200 M M 3 22 210
18 89 61 75 6 0 10 0.00 M M 7.2 18 200 M M 1 24 210
19 88 69 79 11 0 14 0.61 M M 6.0 21 190 M M 5 13 29 190
20 95 68 82 14 0 17 0.00 M M 4.7 12 240 M M 0 1 19 220
21 97 70 84 16 0 19 0.00 M M 8.6 18 320 M M 1 25 230
22 74 50 62 -5 3 0 0.00 M M 11.6 20 350 M M 2 27 360
23 66 47 57 -10 8 0 0.01 M M 5.5 14 100 M M 3 18 130
24 84 57 71 5 0 6 0.01 M M 6.1 14 250 M M 3 21 260
25 79 58 69 3 0 4 T M M 11.1 29 300 M M 2 3 36 290
26 72 48 60 -6 5 0 0.00 M M 10.4 25 300 M M 0 37 310
27 72 42 57 -8 8 0 0.00 M M 9.2 26 310 M M 0 35 300
28 67 39 53 -12 12 0 0.00 M M 6.9 17 30 M M 1 8 24 20
29 71 41 56 -9 9 0 0.00 M M 6.9 15 40 M M 0 19 30
30 73 45 59 -5 6 0 0.00 M M 8.2 16 20 M M 0 23 30
================================================================================
SM 2452 1727 51 197 1.50 M 187.8 M 67
================================================================================
AV 81.7 57.6 6.3 FASTST M M 2 MAX(MPH)
MISC ----> 29 300 37 310
================================================================================
NOTES:
# LAST OF SEVERAL OCCURRENCES
COLUMN 17 PEAK WIND IN M.P.H.
PRELIMINARY LOCAL CLIMATOLOGICAL DATA (WS FORM: F-6) , PAGE 2
STATION: LAWRENCEVILLE IL AIRPORT
MONTH: SEPTEMBER
YEAR: 2022
LATITUDE: 38 45 N
LONGITUDE: 87 36 W
[TEMPERATURE DATA] [PRECIPITATION DATA] SYMBOLS USED IN COLUMN 16
AVERAGE MONTHLY: 69.6 TOTAL FOR MONTH: 1.50 1 = FOG OR MIST
DPTR FM NORMAL: 0.4 DPTR FM NORMAL: -1.44 2 = FOG REDUCING VISIBILITY
HIGHEST: 97 ON 21 GRTST 24HR 0.64 ON 10-11 TO 1/4 MILE OR LESS
LOWEST: 39 ON 28 3 = THUNDER
SNOW, ICE PELLETS, HAIL 4 = ICE PELLETS
TOTAL MONTH: M 5 = HAIL
GRTST 24HR M ON M 6 = FREEZING RAIN OR DRIZZLE
GRTST DEPTH: M ON M 7 = DUSTSTORM OR SANDSTORM:
VSBY 1/2 MILE OR LESS
8 = SMOKE OR HAZE
[NO. OF DAYS WITH] [WEATHER - DAYS WITH] 9 = BLOWING SNOW
X = TORNADO
MAX 32 OR BELOW: 0 0.01 INCH OR MORE: 8
MAX 90 OR ABOVE: 2 0.10 INCH OR MORE: 3
MIN 32 OR BELOW: 0 0.50 INCH OR MORE: 2
MIN 0 OR BELOW: 0 1.00 INCH OR MORE: 0
[HDD (BASE 65) ]
TOTAL THIS MO. 51 CLEAR (SCALE 0-3) 21
DPTR FM NORMAL 12 PTCLDY (SCALE 4-7) 9
TOTAL FM JUL 1 51 CLOUDY (SCALE 8-10) 0
DPTR FM NORMAL 12
[CDD (BASE 65) ]
TOTAL THIS MO. 197
DPTR FM NORMAL 30 [PRESSURE DATA]
TOTAL FM JAN 1 1534 HIGHEST SLP 30.48 ON 29
DPTR FM NORMAL 191 LOWEST SLP 29.78 ON 25
[REMARKS]
#FINAL-09-22#