000
CXUS51 KRNK 011335
CF6LYH
PRELIMINARY LOCAL CLIMATOLOGICAL DATA (WS FORM: F-6)
STATION: LYNCHBURG VA
MONTH: JANUARY
YEAR: 2021
LATITUDE: 37 19 N
LONGITUDE: 79 12 W
TEMPERATURE IN F: :PCPN: SNOW: WIND :SUNSHINE: SKY :PK WND
================================================================================
1 2 3 4 5 6A 6B 7 8 9 10 11 12 13 14 15 16 17 18
12Z AVG MX 2MIN
DY MAX MIN AVG DEP HDD CDD WTR SNW DPTH SPD SPD DIR MIN PSBL S-S WX SPD DR
================================================================================
1 46 34 40 5 25 0 0.73 0.0 0 8.5 16 40 M M 10 1 20 30
2 63 36 50 15 15 0 0.00 0.0 0 5.3 14 40 M M 4 12 27 240
3 51 34 43 8 22 0 0.29 0.0 0 5.9 15 20 M M 8 1 25 80
4 47 28 38 3 27 0 0.00 0.0 0 2.3 8 300 M M 5 13 280
5 52 29 41 6 24 0 0.00 0.0 0 2.3 12 300 M M 4 17 320
6 51 28 40 5 25 0 0.00 0.0 0 3.8 12 300 M M 6 18 290
7 48 24 36 1 29 0 0.00 0.0 0 1.2 8 40 M M 0 12 10
8 44 35 40 5 25 0 0.00 0.0 0 3.4 10 40 M M 9 14 30
9 50 32 41 6 24 0 0.00 0.0 0 4.9 13 10 M M 1 24 330
10 52 23 38 3 27 0 0.00 0.0 0 1.6 9 200 M M 0 13 200
11 44 25 35 0 30 0 T 0.0 0 1.8 8 210 M M 5 10 210
12 54 25 40 5 25 0 0.00 0.0 0 1.8 9 10 M M 1 12 13 360
13 53 21 37 2 28 0 0.00 0.0 0 2.4 13 200 M M 0 18 210
14 55 21 38 3 27 0 0.00 0.0 0 2.4 9 210 M M 0 14 240
15 48 27 38 3 27 0 0.12 0.0 0 1.8 10 190 M M 6 12 14 290
16 42 26 34 -1 31 0 0.09 T 0 3.2 13 270 M M 7 12 19 250
17 48 28 38 3 27 0 0.00 0.0 0 5.9 14 210 M M 7 20 220
18 42 30 36 1 29 0 0.00 0.0 0 5.5 15 300 M M 8 23 310
19 55 26 41 6 24 0 0.00 0.0 0 3.3 16 280 M M 3 23 270
20 49 26 38 3 27 0 0.00 0.0 0 6.1 16 300 M M 1 30 310
21 54 26 40 5 25 0 0.00 0.0 0 5.8 17 230 M M 3 26 230
22 55 33 44 9 21 0 0.00 0.0 0 7.1 18 260 M M 0 29 280
23 46 23 35 0 30 0 0.00 0.0 0 3.4 13 290 M M 0 19 20
24 43 19 31 -4 34 0 T 0.0 0 3.6 14 200 M M 6 17 200
25 40 34 37 2 28 0 1.02 0.0 0 4.5 14 20 M M 9 1 19 10
26 43 34 39 4 26 0 0.73 0.0 0 5.1 13 30 M M 10 12 16 40
27 52 33 43 7 22 0 0.04 0.1 T 5.1 21 50 M M 4 12 26 30
28 39 24 32 -4 33 0 0.22 2.0 T 6.3 16 360 M M 4 1 28 330
29 37 15 26 -10 39 0 0.00 0.0 T 2.0 13 260 M M 0 20 200
30 40 16 28 -8 37 0 0.02 0.5 1 2.4 13 170 M M 1 1 15 170
31 32 30 31 -5 34 0 0.55 4.7 5 6.7 16 40 M M 10 1246 20 30
================================================================================
SM 1475 845 847 0 3.81 7.3 125.4 M 132
================================================================================
AV 47.6 27.3 4.0 FASTST M M 4 MAX(MPH)
MISC ----> 21 50 30 310
================================================================================
NOTES:
# LAST OF SEVERAL OCCURRENCES
COLUMN 17 PEAK WIND IN M.P.H.
PRELIMINARY LOCAL CLIMATOLOGICAL DATA (WS FORM: F-6) , PAGE 2
STATION: LYNCHBURG VA
MONTH: JANUARY
YEAR: 2021
LATITUDE: 37 19 N
LONGITUDE: 79 12 W
[TEMPERATURE DATA] [PRECIPITATION DATA] SYMBOLS USED IN COLUMN 16
AVERAGE MONTHLY: 37.4 TOTAL FOR MONTH: 3.81 1 = FOG OR MIST
DPTR FM NORMAL: 2.3 DPTR FM NORMAL: 0.67 2 = FOG REDUCING VISIBILITY
HIGHEST: 63 ON 2 GRTST 24HR 1.76 ON 25-26 TO 1/4 MILE OR LESS
LOWEST: 15 ON 29 3 = THUNDER
SNOW, ICE PELLETS, HAIL 4 = ICE PELLETS
TOTAL MONTH: 7.3 INCHES 5 = HAIL
GRTST 24HR 4.7 ON 31-31 6 = FREEZING RAIN OR DRIZZLE
GRTST DEPTH: 5 ON 31 7 = DUSTSTORM OR SANDSTORM:
VSBY 1/2 MILE OR LESS
8 = SMOKE OR HAZE
[NO. OF DAYS WITH] [WEATHER - DAYS WITH] 9 = BLOWING SNOW
X = TORNADO
MAX 32 OR BELOW: 1 0.01 INCH OR MORE: 10
MAX 90 OR ABOVE: 0 0.10 INCH OR MORE: 7
MIN 32 OR BELOW: 23 0.50 INCH OR MORE: 4
MIN 0 OR BELOW: 0 1.00 INCH OR MORE: 1
[HDD (BASE 65) ]
TOTAL THIS MO. 847 CLEAR (SCALE 0-3) 13
DPTR FM NORMAL -80 PTCLDY (SCALE 4-7) 12
TOTAL FM JUL 1 2178 CLOUDY (SCALE 8-10) 6
DPTR FM NORMAL -492
[CDD (BASE 65) ]
TOTAL THIS MO. 0
DPTR FM NORMAL 0 [PRESSURE DATA]
TOTAL FM JAN 1 0 HIGHEST SLP 30.43 ON 1
DPTR FM NORMAL 0 LOWEST SLP 29.56 ON 16
[REMARKS]
#FINAL-01-21#